172.69.179.199 - - [15/Jun/2026:06:06:59 +0300] "GET / HTTP/1.1" 200 128095 "-" "Mozilla/5.0 (Windows NT 10.0; Win64; x64) AppleWebKit/537.36"
172.69.109.222 - - [15/Jun/2026:06:07:01 +0300] "GET /antalya HTTP/1.1" 200 112799 "-" "Mozilla/5.0 (X11; Linux x86_64) AppleWebKit/537.36 (KHTML, like Gecko) Ubuntu Chromium/62.0.3202.94 Chrome/62.0.3202.94 Safari/537.36"
172.69.109.222 - - [15/Jun/2026:06:07:01 +0300] "GET /kilis HTTP/1.1" 200 63083 "-" "Mozilla/5.0 (X11; Linux x86_64) AppleWebKit/537.36 (KHTML, like Gecko) Ubuntu Chromium/62.0.3202.94 Chrome/62.0.3202.94 Safari/537.36"
172.71.182.132 - - [15/Jun/2026:06:07:01 +0300] "GET /yerel HTTP/1.1" 200 110296 "-" "Mozilla/5.0 (X11; Linux x86_64) AppleWebKit/537.36 (KHTML, like Gecko) Ubuntu Chromium/62.0.3202.94 Chrome/62.0.3202.94 Safari/537.36"
172.69.109.222 - - [15/Jun/2026:06:07:04 +0300] "GET /gaziantep HTTP/1.1" 200 111151 "-" "Mozilla/5.0 (X11; Linux x86_64) AppleWebKit/537.36 (KHTML, like Gecko) Ubuntu Chromium/62.0.3202.94 Chrome/62.0.3202.94 Safari/537.36"
172.71.99.68 - - [15/Jun/2026:06:07:05 +0300] "GET /mersin HTTP/1.1" 200 109903 "-" "Mozilla/5.0 (X11; Linux x86_64) AppleWebKit/537.36 (KHTML, like Gecko) Ubuntu Chromium/62.0.3202.94 Chrome/62.0.3202.94 Safari/537.36"
172.71.102.173 - - [15/Jun/2026:06:07:05 +0300] "GET /saglik HTTP/1.1" 200 107259 "-" "Mozilla/5.0 (X11; Linux x86_64) AppleWebKit/537.36 (KHTML, like Gecko) Ubuntu Chromium/62.0.3202.94 Chrome/62.0.3202.94 Safari/537.36"
172.71.131.54 - - [15/Jun/2026:06:07:05 +0300] "GET /haber/hatayda-tek-katli-evin-catisinda-cikan-yangin-sonduruldu-22007 HTTP/1.1" 200 127354 "-" "Mozilla/5.0 (compatible; Barkrowler/0.9; +https://babbar.tech/crawler)"
162.158.210.202 - - [15/Jun/2026:06:07:06 +0300] "GET /isparta HTTP/1.1" 200 113777 "-" "Mozilla/5.0 (X11; Linux x86_64) AppleWebKit/537.36 (KHTML, like Gecko) Ubuntu Chromium/62.0.3202.94 Chrome/62.0.3202.94 Safari/537.36"
141.101.68.59 - - [15/Jun/2026:06:07:09 +0300] "GET /galeri/istanbul-6?page=6 HTTP/1.1" 200 70260 "-" "Mozilla/5.0 (compatible; Barkrowler/0.9; +https://babbar.tech/crawler)"
172.68.242.10 - - [15/Jun/2026:06:07:11 +0300] "GET /haber/kazim-karabekirde-covid-19-denetimleri-yapildi-4399 HTTP/1.1" 500 3971 "https://haberosmaniye.com/haber/abdli-bakandan-turkiye-yorumu-4398" "Mozilla/5.0 (Linux; Android 7.0;) AppleWebKit/537.36 (HTML, like Gecko) Mobile Safari/537.36 (compatible; PetalBot;+https://webmaster.petalsearch.com/site/petalbot)"
104.23.197.177 - - [15/Jun/2026:06:07:13 +0300] "GET /amp/kahramanmarasta-esnaflar-icin-gecici-carsi-kuralari-cekildi-22076 HTTP/1.1" 200 59412 "-" "Mozilla/5.0 AppleWebKit/537.36 (KHTML, like Gecko; compatible; ClaudeBot/1.0; +claudebot@anthropic.com)"
104.23.197.177 - - [15/Jun/2026:06:07:13 +0300] "GET /amp/kahramanmarasta-depremzede-kadinlar-icin-seramik-kursu-ve-kurs-merkezi-acildi-21998 HTTP/1.1" 200 60927 "-" "Mozilla/5.0 AppleWebKit/537.36 (KHTML, like Gecko; compatible; ClaudeBot/1.0; +claudebot@anthropic.com)"
172.70.218.197 - - [15/Jun/2026:06:07:19 +0300] "GET /wp-content/plugins/cp-multi-view-calendar/upload.php HTTP/1.1" 302 2805 "-" "Mozilla/5.0 (Windows NT 10.0; Win64; x64) AppleWebKit/537.36"
172.70.218.197 - - [15/Jun/2026:06:07:20 +0300] "GET /404 HTTP/1.1" 302 3417 "-" "Mozilla/5.0 (Windows NT 10.0; Win64; x64) AppleWebKit/537.36"
141.101.97.9 - - [15/Jun/2026:06:07:21 +0300] "GET /amp/duzicinde-cimento-ve-hazir-beton-tesisi-projesi-icin-halk-toplantisi-26600 HTTP/1.1" 200 59881 "-" "Mozilla/5.0 (compatible; Barkrowler/0.9; +https://babbar.tech/crawler)"
172.70.218.197 - - [15/Jun/2026:06:07:21 +0300] "GET / HTTP/1.1" 200 128000 "-" "Mozilla/5.0 (Windows NT 10.0; Win64; x64) AppleWebKit/537.36"
172.71.126.90 - - [15/Jun/2026:06:07:25 +0300] "GET /galeri/istanbul-6?page=12 HTTP/1.1" 200 70223 "-" "Mozilla/5.0 (compatible; Barkrowler/0.9; +https://babbar.tech/crawler)"
172.69.179.199 - - [15/Jun/2026:06:07:29 +0300] "GET /wp-content/plugins/cp-contact-form-with-paypal/upload.php HTTP/1.1" 302 2805 "-" "Mozilla/5.0 (Windows NT 10.0; Win64; x64) AppleWebKit/537.36"
172.69.179.199 - - [15/Jun/2026:06:07:29 +0300] "GET /404 HTTP/1.1" 302 3413 "-" "Mozilla/5.0 (Windows NT 10.0; Win64; x64) AppleWebKit/537.36"
172.69.179.199 - - [15/Jun/2026:06:07:30 +0300] "GET / HTTP/1.1" 200 128064 "-" "Mozilla/5.0 (Windows NT 10.0; Win64; x64) AppleWebKit/537.36"
172.71.232.151 - - [15/Jun/2026:06:07:36 +0300] "GET /amp/bakan-osman-askin-baktan-toprakkaleye-spor-yatirimi-mujdesi-26709 HTTP/1.1" 200 60880 "-" "Mozilla/5.0 (compatible; Barkrowler/0.9; +https://babbar.tech/crawler)"
172.68.103.68 - - [15/Jun/2026:06:07:38 +0300] "GET /haber/iki-otomobil-kafa-kafaya-carpisti-1-olu-2-yarali-6328 HTTP/1.1" 200 129141 "-" "Mozilla/5.0 (compatible; Googlebot/2.1; +http://www.google.com/bot.html)"
104.22.105.51 - - [15/Jun/2026:06:07:39 +0300] "GET /haber/iletisim-baskani-altun-ab-yapinca-demokratik-bizse-baskici-oyle-mi-4297 HTTP/1.1" 500 3975 "-" "meta-externalagent/1.1 (+https://developers.facebook.com/docs/sharing/webmasters/crawler)"
172.71.126.90 - - [15/Jun/2026:06:07:40 +0300] "GET /osmaniye?page=32 HTTP/1.1" 200 111779 "-" "Mozilla/5.0 (compatible; Barkrowler/0.9; +https://babbar.tech/crawler)"
172.69.94.211 - - [15/Jun/2026:06:07:41 +0300] "GET /wp-content/plugins/simple-download-monitor/upload.php HTTP/1.1" 302 2805 "-" "Mozilla/5.0 (Windows NT 10.0; Win64; x64) AppleWebKit/537.36"
172.69.94.211 - - [15/Jun/2026:06:07:41 +0300] "GET /404 HTTP/1.1" 302 3413 "-" "Mozilla/5.0 (Windows NT 10.0; Win64; x64) AppleWebKit/537.36"
172.69.17.153 - - [15/Jun/2026:06:07:42 +0300] "GET /images/haberler/2024/11/anne-adaylarina-ozel-egitim-osmaniye-gebe-okulunda-doguma-hazirlik-1730960326.jpg HTTP/1.1" 200 35981 "-" "Mozilla/5.0 (Macintosh; Intel Mac OS X 10_15_7) AppleWebKit/605.1.15 (KHTML, like Gecko) Version/17.4 Safari/605.1.15 (Applebot/0.1; +http://www.apple.com/go/applebot)"
172.69.94.211 - - [15/Jun/2026:06:07:43 +0300] "GET / HTTP/1.1" 200 127960 "-" "Mozilla/5.0 (Windows NT 10.0; Win64; x64) AppleWebKit/537.36"
172.69.179.199 - - [15/Jun/2026:06:07:47 +0300] "GET /wp-content/plugins/wp-easycart/upload.php HTTP/1.1" 302 2805 "-" "Mozilla/5.0 (Windows NT 10.0; Win64; x64) AppleWebKit/537.36"
172.69.179.199 - - [15/Jun/2026:06:07:47 +0300] "GET /404 HTTP/1.1" 302 3411 "-" "Mozilla/5.0 (Windows NT 10.0; Win64; x64) AppleWebKit/537.36"
104.23.211.202 - - [15/Jun/2026:06:07:47 +0300] "GET /haber/osmaniye-il-genel-meclisinde-gizlice-guven-tazeledi-26788 HTTP/1.1" 200 129162 "-" "Mozilla/5.0 (compatible; SemrushBot/7~bl; +http://www.semrush.com/bot.html)"
172.69.179.199 - - [15/Jun/2026:06:07:48 +0300] "GET / HTTP/1.1" 200 128086 "-" "Mozilla/5.0 (Windows NT 10.0; Win64; x64) AppleWebKit/537.36"
172.71.152.53 - - [15/Jun/2026:06:07:49 +0300] "GET /haber/kayseri-kocasinana-yeni-makyaj-3603 HTTP/1.1" 500 3967 "https://www.haberosmaniye.com/editorler/admin-1?page=129" "Mozilla/5.0 (Linux; Android 7.0;) AppleWebKit/537.36 (HTML, like Gecko) Mobile Safari/537.36 (compatible; PetalBot;+https://webmaster.petalsearch.com/site/petalbot)"
162.158.152.195 - - [15/Jun/2026:06:07:51 +0300] "GET /haber/Mersinde-ureticilere-sulama-tankeri-dagitildi-21495 HTTP/1.1" 200 127821 "-" "Mozilla/5.0 (compatible; SemrushBot/7~bl; +http://www.semrush.com/bot.html)"
108.162.245.31 - - [15/Jun/2026:06:07:51 +0300] "GET /haber/osmaniyede-104-kurtulus-yili-icin-dolu-dolu-program-26076 HTTP/1.1" 200 129956 "-" "Mozilla/5.0 (Macintosh; Intel Mac OS X 10_15_7) AppleWebKit/605.1.15 (KHTML, like Gecko) Version/17.4 Safari/605.1.15 (Applebot/0.1; +http://www.apple.com/go/applebot)"
172.71.232.151 - - [15/Jun/2026:06:07:51 +0300] "GET /haber/antalyada-falezden-otomobil-dustugu-ihbari-uzerine-calisma-baslatildi-22001 HTTP/1.1" 200 128673 "-" "Mozilla/5.0 (compatible; Barkrowler/0.9; +https://babbar.tech/crawler)"
104.23.225.88 - - [15/Jun/2026:06:07:56 +0300] "GET /osmaniye?page=19 HTTP/1.1" 200 111550 "-" "Mozilla/5.0 (compatible; Barkrowler/0.9; +https://babbar.tech/crawler)"
172.69.179.199 - - [15/Jun/2026:06:08:04 +0300] "GET /wp-content/plugins/easy-media-gallery/upload.php HTTP/1.1" 302 2805 "-" "Mozilla/5.0 (Windows NT 10.0; Win64; x64) AppleWebKit/537.36"
172.69.179.199 - - [15/Jun/2026:06:08:04 +0300] "GET /404 HTTP/1.1" 302 3417 "-" "Mozilla/5.0 (Windows NT 10.0; Win64; x64) AppleWebKit/537.36"
172.69.179.199 - - [15/Jun/2026:06:08:05 +0300] "GET / HTTP/1.1" 200 128001 "-" "Mozilla/5.0 (Windows NT 10.0; Win64; x64) AppleWebKit/537.36"
172.69.223.180 - - [15/Jun/2026:06:08:07 +0300] "GET /haber/osmaniyede-emekli-emniyet-muduru-iyi-partiye-katildi-26543 HTTP/1.1" 200 128650 "-" "Mozilla/5.0 (compatible; Barkrowler/0.9; +https://babbar.tech/crawler)"
104.23.225.88 - - [15/Jun/2026:06:08:11 +0300] "GET /osmaniye?page=82 HTTP/1.1" 200 111214 "-" "Mozilla/5.0 (compatible; Barkrowler/0.9; +https://babbar.tech/crawler)"
172.68.245.143 - - [15/Jun/2026:06:08:12 +0300] "GET /haber/Alanyada-deniz-kiyisinda-erkek-cesedi-bulundu-18990 HTTP/1.1" 200 127432 "-" "Mozilla/5.0 (compatible; SemrushBot/7~bl; +http://www.semrush.com/bot.html)"
172.69.87.207 - - [15/Jun/2026:06:08:18 +0300] "GET /wp-content/plugins/yop-poll/upload.php HTTP/1.1" 302 2805 "-" "Mozilla/5.0 (Windows NT 10.0; Win64; x64) AppleWebKit/537.36"
172.69.87.207 - - [15/Jun/2026:06:08:19 +0300] "GET /404 HTTP/1.1" 302 3413 "-" "Mozilla/5.0 (Windows NT 10.0; Win64; x64) AppleWebKit/537.36"
172.69.87.207 - - [15/Jun/2026:06:08:19 +0300] "GET / HTTP/1.1" 200 127988 "-" "Mozilla/5.0 (Windows NT 10.0; Win64; x64) AppleWebKit/537.36"
172.71.195.41 - - [15/Jun/2026:06:08:21 +0300] "GET /haber/bahceli-ozele-menfur-saldiri-tum-boyutlariyla-ortaya-cikarilmali-23690 HTTP/1.1" 200 130506 "-" "Mozilla/5.0 (compatible; SemrushBot/7~bl; +http://www.semrush.com/bot.html)"
172.68.151.154 - - [15/Jun/2026:06:08:22 +0300] "GET /haber/kadirlide-yagistan-zarar-goren-ciftciler-icin-sahada-inceleme-26511 HTTP/1.1" 200 129547 "-" "Mozilla/5.0 (compatible; Barkrowler/0.9; +https://babbar.tech/crawler)"
162.159.120.151 - - [15/Jun/2026:06:08:26 +0300] "GET /makale/bugun-senin-gunun-konus-cocuk-575 HTTP/1.1" 200 139921 "-" "Mozilla/5.0 AppleWebKit/537.36 (KHTML, like Gecko; compatible; bingbot/2.0; +http://www.bing.com/bingbot.htm) Chrome/116.0.1938.76 Safari/537.36"
172.71.126.90 - - [15/Jun/2026:06:08:27 +0300] "GET /osmaniye?page=31 HTTP/1.1" 200 112105 "-" "Mozilla/5.0 (compatible; Barkrowler/0.9; +https://babbar.tech/crawler)"
104.22.105.51 - - [15/Jun/2026:06:08:31 +0300] "GET /haber/Yuregir-Kaymakami-Mehmet-Aksu-itfaiye-personeliyle-bir-araya-geldi-18852 HTTP/1.1" 200 127739 "-" "Mozilla/5.0 (compatible; SemrushBot/7~bl; +http://www.semrush.com/bot.html)"
108.162.216.39 - - [15/Jun/2026:06:08:32 +0300] "GET /images/haberler/2025/06/vali-erdinc-yilmazdan-sehit-ailesine-anlamli-ziyaret-1748870810.jpg HTTP/1.1" 200 160578 "-" "Mozilla/5.0 (Macintosh; Intel Mac OS X 10_15_7) AppleWebKit/605.1.15 (KHTML, like Gecko) Version/17.4 Safari/605.1.15 (Applebot/0.1; +http://www.apple.com/go/applebot)"
172.69.7.118 - - [15/Jun/2026:06:08:32 +0300] "GET /images/haberler/2024/08/gulsoy-27-agustosa-kadar-anahtar-teslimleri-surecek-1724161434.jpg HTTP/1.1" 200 51814 "-" "Mozilla/5.0 (Macintosh; Intel Mac OS X 10_15_7) AppleWebKit/605.1.15 (KHTML, like Gecko) Version/17.4 Safari/605.1.15 (Applebot/0.1; +http://www.apple.com/go/applebot)"
172.71.198.173 - - [15/Jun/2026:06:08:35 +0300] "GET /wp-content/plugins/formcraft/upload.php HTTP/1.1" 302 2805 "-" "Mozilla/5.0 (Windows NT 10.0; Win64; x64) AppleWebKit/537.36"
172.71.198.173 - - [15/Jun/2026:06:08:36 +0300] "GET /404 HTTP/1.1" 302 3411 "-" "Mozilla/5.0 (Windows NT 10.0; Win64; x64) AppleWebKit/537.36"
172.71.198.173 - - [15/Jun/2026:06:08:36 +0300] "GET / HTTP/1.1" 200 127995 "-" "Mozilla/5.0 (Windows NT 10.0; Win64; x64) AppleWebKit/537.36"
104.23.225.91 - - [15/Jun/2026:06:08:38 +0300] "GET /haber/kadirlide-taskin-alarmi-kaymakam-erdinc-dolu-koylerde-incelemede-26475 HTTP/1.1" 200 129485 "-" "Mozilla/5.0 (compatible; Barkrowler/0.9; +https://babbar.tech/crawler)"
172.71.150.248 - - [15/Jun/2026:06:08:39 +0300] "GET /images/haberler/1727020504-2140588227.jpg HTTP/1.1" 200 249183 "-" "Mozilla/5.0 (Macintosh; Intel Mac OS X 10_15_7) AppleWebKit/605.1.15 (KHTML, like Gecko) Version/17.4 Safari/605.1.15 (Applebot/0.1; +http://www.apple.com/go/applebot)"
172.71.195.41 - - [15/Jun/2026:06:08:42 +0300] "GET /haber/osmaniyede-80-evde-ilk-iftar-depremzedelere-anlamli-ziyaret-26568 HTTP/1.1" 200 130457 "-" "Mozilla/5.0 (compatible; SemrushBot/7~bl; +http://www.semrush.com/bot.html)"
104.23.229.49 - - [15/Jun/2026:06:08:42 +0300] "GET /osmaniye?page=34 HTTP/1.1" 200 111047 "-" "Mozilla/5.0 (compatible; Barkrowler/0.9; +https://babbar.tech/crawler)"
172.71.222.230 - - [15/Jun/2026:06:08:45 +0300] "GET /haber/saglik-ussunde-calismalar-yeniden-basladi-2047 HTTP/1.1" 500 3965 "-" "meta-externalagent/1.1 (+https://developers.facebook.com/docs/sharing/webmasters/crawler)"
172.71.124.217 - - [15/Jun/2026:06:08:48 +0300] "GET /haber/karacabeyde-yeni-pazaryeri-projesi-gelecege-hitap-edecek-4407 HTTP/1.1" 500 3971 "https://www.haberosmaniye.com/haber/kiliste-bag-evi-hirsizlari-jasattan-kacamadi-4406" "Mozilla/5.0 (Linux; Android 7.0;) AppleWebKit/537.36 (HTML, like Gecko) Mobile Safari/537.36 (compatible; PetalBot;+https://webmaster.petalsearch.com/site/petalbot)"
172.69.251.132 - - [15/Jun/2026:06:08:50 +0300] "GET / HTTP/1.1" 200 128068 "-" "axios/1.6.7"
172.71.131.53 - - [15/Jun/2026:06:08:53 +0300] "GET /haber/bozyazida-istiklal-marsini-guzel-okuma-yarismasi-duzenlendi-21937 HTTP/1.1" 200 128361 "-" "Mozilla/5.0 (compatible; Barkrowler/0.9; +https://babbar.tech/crawler)"
104.23.225.88 - - [15/Jun/2026:06:08:57 +0300] "GET /osmaniye?page=24 HTTP/1.1" 200 111947 "-" "Mozilla/5.0 (compatible; Barkrowler/0.9; +https://babbar.tech/crawler)"
172.70.47.111 - - [15/Jun/2026:06:08:58 +0300] "GET / HTTP/1.1" 200 126959 "-" "Mozilla/5.0 (X11; Linux x86_64; rv:140.0) Gecko/20100101 Firefox/140.0"
172.70.47.111 - - [15/Jun/2026:06:09:02 +0300] "GET /api/.env HTTP/1.1" 302 2781 "-" "meta-externalagent/1.1 (+https://developers.facebook.com/docs/sharing/webmasters/crawler)"
172.70.47.111 - - [15/Jun/2026:06:09:02 +0300] "GET /.aws/credentials HTTP/1.1" 302 2781 "-" "Mozilla/5.0 (compatible; Amazonbot/0.1; +https://developer.amazon.com/support/amazonbot)"
172.70.47.111 - - [15/Jun/2026:06:09:02 +0300] "GET /google-services.json HTTP/1.1" 302 3409 "-" "Mozilla/5.0 (compatible; Amazonbot/0.1; +https://developer.amazon.com/support/amazonbot)"
172.70.47.111 - - [15/Jun/2026:06:09:02 +0300] "GET /secrets.json HTTP/1.1" 302 3411 "-" "Mozilla/5.0 (compatible; Applebot/0.1; +http://www.apple.com/go/applebot)"
172.70.47.111 - - [15/Jun/2026:06:09:02 +0300] "GET /.env HTTP/1.1" 302 3405 "-" "Mozilla/5.0 (compatible; Applebot/0.1; +http://www.apple.com/go/applebot)"
172.71.222.230 - - [15/Jun/2026:06:09:02 +0300] "GET /makale/gule-gule-2022-gule-gule-pandemi-256 HTTP/1.1" 200 82864 "-" "Mozilla/5.0 (compatible; SemrushBot/7~bl; +http://www.semrush.com/bot.html)"
172.70.47.111 - - [15/Jun/2026:06:09:04 +0300] "GET /application.yml HTTP/1.1" 302 3407 "-" "Mozilla/5.0 (compatible; cohere-ai/1.0; +https://cohere.com)"
172.70.47.111 - - [15/Jun/2026:06:09:04 +0300] "GET /.env.example HTTP/1.1" 302 3405 "-" "Mozilla/5.0 (compatible; Claude-Web/1.0; +https://www.anthropic.com)"
162.158.6.148 - - [15/Jun/2026:06:09:04 +0300] "GET /rss/genel-0 HTTP/1.1" 200 273632 "-" "Mozilla/5.0 (Windows NT 10.0; Win64; x64) AppleWebKit/537.36 (KHTML, like Gecko) Chrome/122.0.0.0 Safari/537.36"
172.70.47.111 - - [15/Jun/2026:06:09:04 +0300] "GET /404 HTTP/1.1" 302 3389 "https://haberosmaniye.com/secrets.json" "Mozilla/5.0 (compatible; Applebot/0.1; +http://www.apple.com/go/applebot)"
172.70.47.111 - - [15/Jun/2026:06:09:04 +0300] "GET /404 HTTP/1.1" 302 3391 "https://haberosmaniye.com/google-services.json" "Mozilla/5.0 (compatible; Amazonbot/0.1; +https://developer.amazon.com/support/amazonbot)"
172.70.47.111 - - [15/Jun/2026:06:09:04 +0300] "GET /404 HTTP/1.1" 302 3385 "https://haberosmaniye.com/api/.env" "meta-externalagent/1.1 (+https://developers.facebook.com/docs/sharing/webmasters/crawler)"
172.70.47.111 - - [15/Jun/2026:06:09:04 +0300] "GET /404 HTTP/1.1" 302 3383 "https://haberosmaniye.com/.aws/credentials" "Mozilla/5.0 (compatible; Amazonbot/0.1; +https://developer.amazon.com/support/amazonbot)"
172.70.47.111 - - [15/Jun/2026:06:09:04 +0300] "GET /404 HTTP/1.1" 302 3393 "https://haberosmaniye.com/.env" "Mozilla/5.0 (compatible; Applebot/0.1; +http://www.apple.com/go/applebot)"
104.22.105.51 - - [15/Jun/2026:06:09:06 +0300] "GET /haber/antalyada-sahipsiz-kopeklerin-saldirdigi-75-yasindaki-avukat-belediye-hakkinda-suc-duyurusunda-bulundu-10683 HTTP/1.1" 200 132571 "-" "Mozilla/5.0 (compatible; SemrushBot/7~bl; +http://www.semrush.com/bot.html)"
172.70.47.111 - - [15/Jun/2026:06:09:06 +0300] "GET /404 HTTP/1.1" 302 3383 "https://haberosmaniye.com/.env.example" "Mozilla/5.0 (compatible; Claude-Web/1.0; +https://www.anthropic.com)"
172.70.47.111 - - [15/Jun/2026:06:09:07 +0300] "GET /404 HTTP/1.1" 302 3391 "https://haberosmaniye.com/application.yml" "Mozilla/5.0 (compatible; cohere-ai/1.0; +https://cohere.com)"
172.70.47.111 - - [15/Jun/2026:06:09:06 +0300] "GET / HTTP/1.1" 200 127051 "https://haberosmaniye.com/404" "Mozilla/5.0 (compatible; Amazonbot/0.1; +https://developer.amazon.com/support/amazonbot)"
172.71.202.172 - - [15/Jun/2026:06:09:07 +0300] "GET /wp-content/plugins/wpdatatables/upload.php HTTP/1.1" 302 2805 "-" "Mozilla/5.0 (Windows NT 10.0; Win64; x64) AppleWebKit/537.36"
172.70.47.111 - - [15/Jun/2026:06:09:06 +0300] "GET / HTTP/1.1" 200 127017 "https://haberosmaniye.com/404" "meta-externalagent/1.1 (+https://developers.facebook.com/docs/sharing/webmasters/crawler)"
172.70.47.111 - - [15/Jun/2026:06:09:06 +0300] "GET / HTTP/1.1" 200 127035 "https://haberosmaniye.com/404" "Mozilla/5.0 (compatible; Applebot/0.1; +http://www.apple.com/go/applebot)"
172.70.47.111 - - [15/Jun/2026:06:09:06 +0300] "GET / HTTP/1.1" 200 126973 "https://haberosmaniye.com/404" "Mozilla/5.0 (compatible; Amazonbot/0.1; +https://developer.amazon.com/support/amazonbot)"
172.69.179.199 - - [15/Jun/2026:06:09:07 +0300] "GET /wp-content/plugins/inboundiomarketing/upload.php HTTP/1.1" 302 2805 "-" "Mozilla/5.0 (Windows NT 10.0; Win64; x64) AppleWebKit/537.36"
172.70.47.111 - - [15/Jun/2026:06:09:06 +0300] "GET / HTTP/1.1" 200 126971 "https://haberosmaniye.com/404" "Mozilla/5.0 (compatible; Applebot/0.1; +http://www.apple.com/go/applebot)"
172.69.179.199 - - [15/Jun/2026:06:09:07 +0300] "GET /404 HTTP/1.1" 302 3411 "-" "Mozilla/5.0 (Windows NT 10.0; Win64; x64) AppleWebKit/537.36"
172.71.202.172 - - [15/Jun/2026:06:09:08 +0300] "GET /404 HTTP/1.1" 302 3411 "-" "Mozilla/5.0 (Windows NT 10.0; Win64; x64) AppleWebKit/537.36"
172.69.179.199 - - [15/Jun/2026:06:09:08 +0300] "GET / HTTP/1.1" 200 128011 "-" "Mozilla/5.0 (Windows NT 10.0; Win64; x64) AppleWebKit/537.36"
172.71.202.172 - - [15/Jun/2026:06:09:08 +0300] "GET / HTTP/1.1" 200 128076 "-" "Mozilla/5.0 (Windows NT 10.0; Win64; x64) AppleWebKit/537.36"
172.71.126.106 - - [15/Jun/2026:06:09:09 +0300] "GET /haber/saganagin-etkili-oldugu-antalyada-belediye-ekipleri-onlem-aldi-21933 HTTP/1.1" 200 128074 "-" "Mozilla/5.0 (compatible; Barkrowler/0.9; +https://babbar.tech/crawler)"
172.70.47.111 - - [15/Jun/2026:06:09:09 +0300] "GET /backend/.env HTTP/1.1" 302 2781 "-" "Mozilla/5.0 (compatible; cohere-ai/1.0; +https://cohere.com)"
172.70.47.111 - - [15/Jun/2026:06:09:09 +0300] "GET /.env.local HTTP/1.1" 302 3407 "-" "Mozilla/5.0 (compatible; cohere-ai/1.0; +https://cohere.com)"
172.70.47.111 - - [15/Jun/2026:06:09:09 +0300] "GET / HTTP/1.1" 200 127053 "https://haberosmaniye.com/404" "Mozilla/5.0 (compatible; Claude-Web/1.0; +https://www.anthropic.com)"
172.70.47.111 - - [15/Jun/2026:06:09:09 +0300] "GET / HTTP/1.1" 200 126976 "https://haberosmaniye.com/404" "Mozilla/5.0 (compatible; cohere-ai/1.0; +https://cohere.com)"
172.70.47.111 - - [15/Jun/2026:06:09:11 +0300] "GET /secrets.yml HTTP/1.1" 302 3411 "-" "Mozilla/5.0 (compatible; Googlebot/2.1; +http://www.google.com/bot.html)"
172.70.47.111 - - [15/Jun/2026:06:09:12 +0300] "GET /app/.env HTTP/1.1" 302 2781 "-" "Mozilla/5.0 AppleWebKit/537.36 (KHTML, like Gecko); compatible; GPTBot/1.2; +https://openai.com/gptbot"
172.70.47.111 - - [15/Jun/2026:06:09:12 +0300] "GET /admin/.env HTTP/1.1" 302 2781 "-" "Mozilla/5.0 AppleWebKit/537.36 (KHTML, like Gecko); compatible; Perplexity-User/1.0; +https://perplexity.ai/perplexity-user"
172.70.47.111 - - [15/Jun/2026:06:09:12 +0300] "GET /404 HTTP/1.1" 302 3387 "https://haberosmaniye.com/secrets.yml" "Mozilla/5.0 (compatible; Googlebot/2.1; +http://www.google.com/bot.html)"
172.70.47.111 - - [15/Jun/2026:06:09:12 +0300] "GET /404 HTTP/1.1" 302 3389 "https://haberosmaniye.com/backend/.env" "Mozilla/5.0 (compatible; cohere-ai/1.0; +https://cohere.com)"
172.70.47.111 - - [15/Jun/2026:06:09:12 +0300] "GET /404 HTTP/1.1" 302 3389 "https://haberosmaniye.com/.env.local" "Mozilla/5.0 (compatible; cohere-ai/1.0; +https://cohere.com)"
172.70.47.111 - - [15/Jun/2026:06:09:12 +0300] "GET /.env.backup HTTP/1.1" 302 3409 "-" "Mozilla/5.0 AppleWebKit/537.36 (KHTML, like Gecko); compatible; OAI-SearchBot/1.0; +https://openai.com/searchbot"
172.70.47.111 - - [15/Jun/2026:06:09:12 +0300] "GET /.env.production HTTP/1.1" 302 3409 "-" "Mozilla/5.0 AppleWebKit/537.36 (KHTML, like Gecko); compatible; Perplexity-User/1.0; +https://perplexity.ai/perplexity-user"
172.71.122.139 - - [15/Jun/2026:06:09:13 +0300] "GET /osmaniye?page=50 HTTP/1.1" 200 110851 "-" "Mozilla/5.0 (compatible; Barkrowler/0.9; +https://babbar.tech/crawler)"
162.158.210.202 - - [15/Jun/2026:06:09:14 +0300] "GET /rss/genel-0 HTTP/1.1" 200 274832 "-" "Mozilla/5.0 (Windows NT 10.0; Win64; x64) Newsly-RSS-Bot"
172.70.47.111 - - [15/Jun/2026:06:09:17 +0300] "GET /application.properties HTTP/1.1" 302 3407 "-" "Mozilla/5.0 (compatible; Google-Extended/1.0; +http://www.google.com/bot.html)"
172.70.47.111 - - [15/Jun/2026:06:09:18 +0300] "GET /404 HTTP/1.1" 302 3393 "https://haberosmaniye.com/admin/.env" "Mozilla/5.0 AppleWebKit/537.36 (KHTML, like Gecko); compatible; Perplexity-User/1.0; +https://perplexity.ai/perplexity-user"
172.70.47.111 - - [15/Jun/2026:06:09:18 +0300] "GET /404 HTTP/1.1" 302 3393 "https://haberosmaniye.com/app/.env" "Mozilla/5.0 AppleWebKit/537.36 (KHTML, like Gecko); compatible; GPTBot/1.2; +https://openai.com/gptbot"
172.70.47.111 - - [15/Jun/2026:06:09:18 +0300] "GET /404 HTTP/1.1" 302 3393 "https://haberosmaniye.com/.env.production" "Mozilla/5.0 AppleWebKit/537.36 (KHTML, like Gecko); compatible; Perplexity-User/1.0; +https://perplexity.ai/perplexity-user"
172.70.47.111 - - [15/Jun/2026:06:09:18 +0300] "GET /404 HTTP/1.1" 302 3389 "https://haberosmaniye.com/.env.backup" "Mozilla/5.0 AppleWebKit/537.36 (KHTML, like Gecko); compatible; OAI-SearchBot/1.0; +https://openai.com/searchbot"
172.70.47.111 - - [15/Jun/2026:06:09:18 +0300] "GET / HTTP/1.1" 200 127059 "https://haberosmaniye.com/404" "Mozilla/5.0 (compatible; cohere-ai/1.0; +https://cohere.com)"
172.70.47.111 - - [15/Jun/2026:06:09:18 +0300] "GET / HTTP/1.1" 200 127022 "https://haberosmaniye.com/404" "Mozilla/5.0 (compatible; cohere-ai/1.0; +https://cohere.com)"
172.70.47.111 - - [15/Jun/2026:06:09:18 +0300] "GET / HTTP/1.1" 200 127054 "https://haberosmaniye.com/404" "Mozilla/5.0 (compatible; Googlebot/2.1; +http://www.google.com/bot.html)"
172.69.179.199 - - [15/Jun/2026:06:09:20 +0300] "GET /wp-content/plugins/wplms/upload.php HTTP/1.1" 302 2805 "-" "Mozilla/5.0 (Windows NT 10.0; Win64; x64) AppleWebKit/537.36"
172.69.179.199 - - [15/Jun/2026:06:09:20 +0300] "GET /404 HTTP/1.1" 302 3415 "-" "Mozilla/5.0 (Windows NT 10.0; Win64; x64) AppleWebKit/537.36"
162.158.217.26 - - [15/Jun/2026:06:09:21 +0300] "HEAD / HTTP/1.1" 200 2956 "-" "ADINT-Sensing-ActiveProbe/0.1"
172.70.47.111 - - [15/Jun/2026:06:09:21 +0300] "GET /config.env HTTP/1.1" 302 3407 "-" "anthropic-ai"
172.70.47.111 - - [15/Jun/2026:06:09:21 +0300] "GET /.env.development HTTP/1.1" 302 3403 "-" "Mozilla/5.0 (compatible; Claude-Web/1.0; +https://www.anthropic.com)"
172.70.47.111 - - [15/Jun/2026:06:09:21 +0300] "GET /.env.bak HTTP/1.1" 302 3411 "-" "meta-externalagent/1.1 (+https://developers.facebook.com/docs/sharing/webmasters/crawler)"
172.70.47.111 - - [15/Jun/2026:06:09:21 +0300] "GET / HTTP/1.1" 200 126968 "https://haberosmaniye.com/404" "Mozilla/5.0 AppleWebKit/537.36 (KHTML, like Gecko); compatible; OAI-SearchBot/1.0; +https://openai.com/searchbot"
172.70.47.111 - - [15/Jun/2026:06:09:21 +0300] "GET / HTTP/1.1" 200 126980 "https://haberosmaniye.com/404" "Mozilla/5.0 AppleWebKit/537.36 (KHTML, like Gecko); compatible; Perplexity-User/1.0; +https://perplexity.ai/perplexity-user"
172.69.179.199 - - [15/Jun/2026:06:09:21 +0300] "GET / HTTP/1.1" 200 128001 "-" "Mozilla/5.0 (Windows NT 10.0; Win64; x64) AppleWebKit/537.36"
172.70.47.111 - - [15/Jun/2026:06:09:21 +0300] "GET / HTTP/1.1" 200 10274 "https://haberosmaniye.com/404" "Mozilla/5.0 AppleWebKit/537.36 (KHTML, like Gecko); compatible; GPTBot/1.2; +https://openai.com/gptbot"
172.69.251.132 - - [15/Jun/2026:06:09:23 +0300] "GET / HTTP/1.1" 200 128082 "-" "axios/1.6.7"
104.23.166.125 - - [15/Jun/2026:06:09:24 +0300] "GET /firebase-messaging-sw.js HTTP/1.1" 302 3409 "-" "Mozilla/5.0 AppleWebKit/537.36 (KHTML, like Gecko); compatible; PerplexityBot/1.0; +https://perplexity.ai/perplexitybot"
172.69.222.109 - - [15/Jun/2026:06:09:24 +0300] "GET /haber/burdurda-bir-kisinin-yataginda-yanmis-halde-cesedi-bulundu-20843 HTTP/1.1" 200 128431 "-" "Mozilla/5.0 (compatible; Barkrowler/0.9; +https://babbar.tech/crawler)"
172.70.47.111 - - [15/Jun/2026:06:09:25 +0300] "GET /404 HTTP/1.1" 302 3389 "https://haberosmaniye.com/firebase-messaging-sw.js" "Mozilla/5.0 AppleWebKit/537.36 (KHTML, like Gecko); compatible; PerplexityBot/1.0; +https://perplexity.ai/perplexitybot"
172.70.47.111 - - [15/Jun/2026:06:09:28 +0300] "GET /config.json HTTP/1.1" 302 3407 "-" "Mozilla/5.0 AppleWebKit/537.36 (KHTML, like Gecko); compatible; ChatGPT-User/1.0; +https://openai.com/bot"
172.70.47.111 - - [15/Jun/2026:06:09:28 +0300] "GET /api/settings HTTP/1.1" 302 2781 "-" "Mozilla/5.0 (compatible; Claude-Web/1.0; +https://www.anthropic.com)"
162.159.113.16 - - [15/Jun/2026:06:09:29 +0300] "GET /config.js HTTP/1.1" 302 3415 "-" "anthropic-ai"
172.70.47.111 - - [15/Jun/2026:06:09:28 +0300] "GET /openapi.json HTTP/1.1" 302 3411 "-" "Mozilla/5.0 AppleWebKit/537.36 (KHTML, like Gecko); compatible; ChatGPT-User/1.0; +https://openai.com/bot"
172.70.47.111 - - [15/Jun/2026:06:09:28 +0300] "GET /settings.json HTTP/1.1" 302 3405 "-" "Mozilla/5.0 (compatible; Applebot/0.1; +http://www.apple.com/go/applebot)"
172.71.118.206 - - [15/Jun/2026:06:09:29 +0300] "GET /osmaniye?page=74 HTTP/1.1" 200 111923 "-" "Mozilla/5.0 (compatible; Barkrowler/0.9; +https://babbar.tech/crawler)"
172.70.47.111 - - [15/Jun/2026:06:09:32 +0300] "GET /api/config HTTP/1.1" 302 2781 "-" "CCBot/2.0 (https://commoncrawl.org/faq/)"
141.101.76.40 - - [15/Jun/2026:06:09:33 +0300] "GET /env.js HTTP/1.1" 302 3407 "-" "Mozilla/5.0 AppleWebKit/537.36 (KHTML, like Gecko); compatible; GPTBot/1.2; +https://openai.com/gptbot"
172.70.47.111 - - [15/Jun/2026:06:09:33 +0300] "GET /404 HTTP/1.1" 302 3391 "https://haberosmaniye.com/config.json" "Mozilla/5.0 AppleWebKit/537.36 (KHTML, like Gecko); compatible; ChatGPT-User/1.0; +https://openai.com/bot"
172.70.47.111 - - [15/Jun/2026:06:09:33 +0300] "GET /404 HTTP/1.1" 302 3389 "https://haberosmaniye.com/openapi.json" "Mozilla/5.0 AppleWebKit/537.36 (KHTML, like Gecko); compatible; ChatGPT-User/1.0; +https://openai.com/bot"
172.70.47.111 - - [15/Jun/2026:06:09:33 +0300] "GET /404 HTTP/1.1" 302 3393 "https://haberosmaniye.com/api/settings" "Mozilla/5.0 (compatible; Claude-Web/1.0; +https://www.anthropic.com)"
172.70.47.111 - - [15/Jun/2026:06:09:33 +0300] "GET /404 HTTP/1.1" 302 3385 "https://haberosmaniye.com/api/config" "CCBot/2.0 (https://commoncrawl.org/faq/)"
172.70.47.111 - - [15/Jun/2026:06:09:33 +0300] "GET /404 HTTP/1.1" 302 3389 "https://haberosmaniye.com/settings.json" "Mozilla/5.0 (compatible; Applebot/0.1; +http://www.apple.com/go/applebot)"
172.70.47.111 - - [15/Jun/2026:06:09:33 +0300] "GET /404 HTTP/1.1" 302 3387 "https://haberosmaniye.com/config.js" "anthropic-ai"
172.70.47.111 - - [15/Jun/2026:06:09:33 +0300] "GET / HTTP/1.1" 200 126955 "https://haberosmaniye.com/404" "Mozilla/5.0 AppleWebKit/537.36 (KHTML, like Gecko); compatible; PerplexityBot/1.0; +https://perplexity.ai/perplexitybot"
172.70.47.111 - - [15/Jun/2026:06:09:37 +0300] "GET /404 HTTP/1.1" 302 3391 "https://haberosmaniye.com/env.js" "Mozilla/5.0 AppleWebKit/537.36 (KHTML, like Gecko); compatible; GPTBot/1.2; +https://openai.com/gptbot"
172.70.47.111 - - [15/Jun/2026:06:09:38 +0300] "GET /api/v1/config HTTP/1.1" 302 2781 "-" "Mozilla/5.0 AppleWebKit/537.36 (KHTML, like Gecko); compatible; PerplexityBot/1.0; +https://perplexity.ai/perplexitybot"
172.70.47.111 - - [15/Jun/2026:06:09:37 +0300] "GET / HTTP/1.1" 200 127030 "https://haberosmaniye.com/404" "anthropic-ai"
172.70.47.111 - - [15/Jun/2026:06:09:37 +0300] "GET / HTTP/1.1" 200 126955 "https://haberosmaniye.com/404" "CCBot/2.0 (https://commoncrawl.org/faq/)"
172.70.47.111 - - [15/Jun/2026:06:09:37 +0300] "GET / HTTP/1.1" 200 126949 "https://haberosmaniye.com/404" "Mozilla/5.0 (compatible; Claude-Web/1.0; +https://www.anthropic.com)"
172.70.47.111 - - [15/Jun/2026:06:09:37 +0300] "GET / HTTP/1.1" 200 127041 "https://haberosmaniye.com/404" "Mozilla/5.0 AppleWebKit/537.36 (KHTML, like Gecko); compatible; ChatGPT-User/1.0; +https://openai.com/bot"
172.70.47.111 - - [15/Jun/2026:06:09:37 +0300] "GET / HTTP/1.1" 200 126953 "https://haberosmaniye.com/404" "Mozilla/5.0 AppleWebKit/537.36 (KHTML, like Gecko); compatible; ChatGPT-User/1.0; +https://openai.com/bot"
172.70.47.111 - - [15/Jun/2026:06:09:37 +0300] "GET / HTTP/1.1" 200 126965 "https://haberosmaniye.com/404" "Mozilla/5.0 (compatible; Applebot/0.1; +http://www.apple.com/go/applebot)"
172.69.94.211 - - [15/Jun/2026:06:09:39 +0300] "GET /wp-content/plugins/wp-symposium/upload.php HTTP/1.1" 302 2805 "-" "Mozilla/5.0 (Windows NT 10.0; Win64; x64) AppleWebKit/537.36"
172.69.94.211 - - [15/Jun/2026:06:09:39 +0300] "GET /404 HTTP/1.1" 302 3415 "-" "Mozilla/5.0 (Windows NT 10.0; Win64; x64) AppleWebKit/537.36"
172.71.131.53 - - [15/Jun/2026:06:09:40 +0300] "GET /haber/asker-sevinci-yasa-dondu-duzicinden-yola-cikan-aile-kazada-dagildi-26100 HTTP/1.1" 200 129684 "-" "Mozilla/5.0 (compatible; Barkrowler/0.9; +https://babbar.tech/crawler)"
172.71.235.109 - - [15/Jun/2026:06:09:40 +0300] "GET /haber/malatyada-baskan-gudere-meclisten-tam-yetki-1235 HTTP/1.1" 500 3971 "http://haberosmaniye.com/" "Mozilla/5.0 (Windows NT 10.0; Win64; x64) AppleWebKit/537.36 (KHTML, like Gecko) Chrome/135.0.0.0 Safari/537.36 Edg/135.0.0.0"
172.69.94.211 - - [15/Jun/2026:06:09:40 +0300] "GET / HTTP/1.1" 200 128068 "-" "Mozilla/5.0 (Windows NT 10.0; Win64; x64) AppleWebKit/537.36"
172.70.47.111 - - [15/Jun/2026:06:09:41 +0300] "GET /404 HTTP/1.1" 302 3383 "https://haberosmaniye.com/api/v1/config" "Mozilla/5.0 AppleWebKit/537.36 (KHTML, like Gecko); compatible; PerplexityBot/1.0; +https://perplexity.ai/perplexitybot"
172.70.47.111 - - [15/Jun/2026:06:09:41 +0300] "GET /api/v1/env HTTP/1.1" 302 2781 "-" "Mozilla/5.0 (compatible; Claude-Web/1.0; +https://www.anthropic.com)"
172.70.47.111 - - [15/Jun/2026:06:09:41 +0300] "GET /api/env HTTP/1.1" 302 2781 "-" "Mozilla/5.0 AppleWebKit/537.36 (KHTML, like Gecko); compatible; ClaudeBot/1.0; +mailto:support@anthropic.com"
172.70.47.111 - - [15/Jun/2026:06:09:41 +0300] "GET /__/firebase/init.json HTTP/1.1" 302 2781 "-" "Mozilla/5.0 AppleWebKit/537.36 (KHTML, like Gecko); compatible; ChatGPT-User/1.0; +https://openai.com/bot"
172.70.47.111 - - [15/Jun/2026:06:09:41 +0300] "GET /firebase-config.json HTTP/1.1" 302 3411 "-" "anthropic-ai"
172.70.47.111 - - [15/Jun/2026:06:09:41 +0300] "GET /env.json HTTP/1.1" 302 3411 "-" "meta-externalagent/1.1 (+https://developers.facebook.com/docs/sharing/webmasters/crawler)"
172.70.47.111 - - [15/Jun/2026:06:09:41 +0300] "GET /api/v1/settings HTTP/1.1" 302 2781 "-" "Mozilla/5.0 (compatible; Applebot/0.1; +http://www.apple.com/go/applebot)"
172.70.47.111 - - [15/Jun/2026:06:09:41 +0300] "GET / HTTP/1.1" 200 126969 "https://haberosmaniye.com/404" "Mozilla/5.0 AppleWebKit/537.36 (KHTML, like Gecko); compatible; GPTBot/1.2; +https://openai.com/gptbot"
172.71.130.92 - - [15/Jun/2026:06:09:44 +0300] "GET /osmaniye?page=160 HTTP/1.1" 200 110602 "-" "Mozilla/5.0 (compatible; Barkrowler/0.9; +https://babbar.tech/crawler)"
172.70.47.111 - - [15/Jun/2026:06:09:45 +0300] "GET /404 HTTP/1.1" 302 3389 "https://haberosmaniye.com/firebase-config.json" "anthropic-ai"
172.70.47.111 - - [15/Jun/2026:06:09:45 +0300] "GET /404 HTTP/1.1" 302 3385 "https://haberosmaniye.com/api/v1/env" "Mozilla/5.0 (compatible; Claude-Web/1.0; +https://www.anthropic.com)"
172.70.47.111 - - [15/Jun/2026:06:09:45 +0300] "GET /404 HTTP/1.1" 302 3389 "https://haberosmaniye.com/api/v1/settings" "Mozilla/5.0 (compatible; Applebot/0.1; +http://www.apple.com/go/applebot)"
172.70.47.111 - - [15/Jun/2026:06:09:45 +0300] "GET /404 HTTP/1.1" 302 3387 "https://haberosmaniye.com/api/env" "Mozilla/5.0 AppleWebKit/537.36 (KHTML, like Gecko); compatible; ClaudeBot/1.0; +mailto:support@anthropic.com"
172.70.47.111 - - [15/Jun/2026:06:09:45 +0300] "GET /404 HTTP/1.1" 302 3385 "https://haberosmaniye.com/env.json" "meta-externalagent/1.1 (+https://developers.facebook.com/docs/sharing/webmasters/crawler)"
172.70.47.111 - - [15/Jun/2026:06:09:45 +0300] "GET /404 HTTP/1.1" 302 3389 "https://haberosmaniye.com/__/firebase/init.json" "Mozilla/5.0 AppleWebKit/537.36 (KHTML, like Gecko); compatible; ChatGPT-User/1.0; +https://openai.com/bot"
172.70.47.111 - - [15/Jun/2026:06:09:45 +0300] "GET / HTTP/1.1" 200 126961 "https://haberosmaniye.com/404" "Mozilla/5.0 AppleWebKit/537.36 (KHTML, like Gecko); compatible; PerplexityBot/1.0; +https://perplexity.ai/perplexitybot"
172.70.47.111 - - [15/Jun/2026:06:09:45 +0300] "GET /bahce HTTP/1.1" 200 109422 "-" "Mozilla/5.0 (iPhone; CPU iPhone OS 18_5 like Mac OS X) AppleWebKit/605.1.15 (KHTML, like Gecko) Version/18.5 Mobile/15E148 Safari/604.1"
172.71.146.110 - - [15/Jun/2026:06:09:47 +0300] "GET /haber/robotikten-gokyuzu-gozlemine-bilim-soleni-osmaniyede-gerceklesti-26952 HTTP/1.1" 200 130183 "-" "Mozilla/5.0 (compatible; DotBot/1.2; +https://opensiteexplorer.org/dotbot; help@moz.com)"
172.70.147.205 - - [15/Jun/2026:06:09:47 +0300] "GET /haber/kadin-cinayetinin-yeni-adresi-mugla-2686 HTTP/1.1" 500 3969 "https://www.haberosmaniye.com/editorler/admin-1?page=175" "Mozilla/5.0 (Linux; Android 7.0;) AppleWebKit/537.36 (HTML, like Gecko) Mobile Safari/537.36 (compatible; PetalBot;+https://webmaster.petalsearch.com/site/petalbot)"
172.70.47.111 - - [15/Jun/2026:06:09:48 +0300] "GET / HTTP/1.1" 200 127058 "https://haberosmaniye.com/404" "anthropic-ai"
172.70.47.111 - - [15/Jun/2026:06:09:48 +0300] "GET /webtv HTTP/1.1" 200 68018 "-" "Mozilla/5.0 (Windows NT 10.0; Win64; x64) AppleWebKit/537.36 (KHTML, like Gecko) Chrome/148.0.0.0 Safari/537.36 Edg/148.0.0.0"
172.70.47.111 - - [15/Jun/2026:06:09:48 +0300] "GET / HTTP/1.1" 200 10274 "https://haberosmaniye.com/404" "meta-externalagent/1.1 (+https://developers.facebook.com/docs/sharing/webmasters/crawler)"
172.70.47.111 - - [15/Jun/2026:06:09:48 +0300] "GET / HTTP/1.1" 200 10274 "https://haberosmaniye.com/404" "Mozilla/5.0 AppleWebKit/537.36 (KHTML, like Gecko); compatible; ClaudeBot/1.0; +mailto:support@anthropic.com"
172.70.47.111 - - [15/Jun/2026:06:09:48 +0300] "GET / HTTP/1.1" 200 10274 "https://haberosmaniye.com/404" "Mozilla/5.0 (compatible; Applebot/0.1; +http://www.apple.com/go/applebot)"
172.70.47.111 - - [15/Jun/2026:06:09:48 +0300] "GET / HTTP/1.1" 200 10274 "https://haberosmaniye.com/404" "Mozilla/5.0 AppleWebKit/537.36 (KHTML, like Gecko); compatible; ChatGPT-User/1.0; +https://openai.com/bot"
172.70.47.111 - - [15/Jun/2026:06:09:48 +0300] "GET / HTTP/1.1" 200 10274 "https://haberosmaniye.com/404" "Mozilla/5.0 (compatible; Claude-Web/1.0; +https://www.anthropic.com)"
172.70.47.111 - - [15/Jun/2026:06:09:49 +0300] "GET /kadirli HTTP/1.1" 200 110092 "-" "Mozilla/5.0 (Macintosh; Intel Mac OS X 10_15_7) AppleWebKit/537.36 (KHTML, like Gecko) Chrome/149.0.0.0 Safari/537.36 Edg/149.0.0.0"
172.70.47.111 - - [15/Jun/2026:06:09:49 +0300] "GET /duzici HTTP/1.1" 200 110730 "-" "Mozilla/5.0 (Macintosh; Intel Mac OS X 10_15_7) AppleWebKit/537.36 (KHTML, like Gecko) Chrome/149.0.0.0 Safari/537.36"
172.69.251.132 - - [15/Jun/2026:06:09:52 +0300] "GET / HTTP/1.1" 200 128093 "-" "axios/1.6.7"
172.69.87.207 - - [15/Jun/2026:06:09:53 +0300] "GET /wp-content/plugins/monarch/upload.php HTTP/1.1" 302 2805 "-" "Mozilla/5.0 (Windows NT 10.0; Win64; x64) AppleWebKit/537.36"
172.70.39.216 - - [15/Jun/2026:06:09:53 +0300] "GET /haber/osmaniyede-4-dakika-arayla-iki-deprem-kisa-sureli-panik-25939 HTTP/1.1" 200 129328 "-" "meta-externalagent/1.1 (+https://developers.facebook.com/docs/sharing/webmasters/crawler)"
172.69.87.207 - - [15/Jun/2026:06:09:54 +0300] "GET /404 HTTP/1.1" 302 3419 "-" "Mozilla/5.0 (Windows NT 10.0; Win64; x64) AppleWebKit/537.36"
172.71.122.200 - - [15/Jun/2026:06:09:55 +0300] "GET /amp/bakan-osman-askin-bak-toprakkalede-vatandaslarla-iftar-yapti-26704 HTTP/1.1" 200 60209 "-" "Mozilla/5.0 (compatible; Barkrowler/0.9; +https://babbar.tech/crawler)"
172.69.87.207 - - [15/Jun/2026:06:09:55 +0300] "GET / HTTP/1.1" 200 128065 "-" "Mozilla/5.0 (Windows NT 10.0; Win64; x64) AppleWebKit/537.36"
172.70.47.111 - - [15/Jun/2026:06:09:57 +0300] "GET /fotogaleri HTTP/1.1" 200 69360 "-" "Mozilla/5.0 (iPad; CPU OS 19_0 like Mac OS X) AppleWebKit/605.1.15 (KHTML, like Gecko) Version/19.0 Mobile/15E148 Safari/604.1"
172.70.147.205 - - [15/Jun/2026:06:09:59 +0300] "GET /public/haber/sehit-polis-gozyaslariyla-son-yolculuguna-ugurlandi-25575 HTTP/1.1" 200 130584 "-" "Mozilla/5.0 (Windows NT 10.0; Win64; x64) AppleWebKit/537.36 (KHTML, like Gecko) Chrome/147.0.0.0 Safari/537.36"
172.68.174.116 - - [15/Jun/2026:06:09:59 +0300] "GET / HTTP/1.1" 200 128077 "-" "Mozilla/5.0 (X11; Ubuntu; Linux x86_64; rv:80.0) Gecko/20100101 Firefox/80.0"
172.68.151.79 - - [15/Jun/2026:06:10:00 +0300] "GET /osmaniye?page=112 HTTP/1.1" 200 111270 "-" "Mozilla/5.0 (compatible; Barkrowler/0.9; +https://babbar.tech/crawler)"
104.23.213.192 - - [15/Jun/2026:06:10:01 +0300] "GET /haber/ramazan-geldi-cocuklardan-evlerde-ramazan-kosesi-22940 HTTP/1.1" 200 129176 "-" "Mozilla/5.0 (Linux; Android 6.0.1; Nexus 5X Build/MMB29P) AppleWebKit/537.36 (KHTML, like Gecko) Chrome/148.0.7778.96 Mobile Safari/537.36 (compatible; Googlebot/2.1; +http://www.google.com/bot.html)"
172.71.152.53 - - [15/Jun/2026:06:10:02 +0300] "GET /etiketler/matematik-olimpiyati-haberleri HTTP/1.1" 200 60374 "-" "Mozilla/5.0 (Macintosh; Intel Mac OS X 10_15_7) AppleWebKit/537.36 (KHTML, like Gecko) Chrome/141.0.0.0 Safari/537.36"
172.71.198.172 - - [15/Jun/2026:06:10:05 +0300] "GET /wp-content/plugins/blaze/upload.php HTTP/1.1" 302 2805 "-" "Mozilla/5.0 (Windows NT 10.0; Win64; x64) AppleWebKit/537.36"
172.71.198.172 - - [15/Jun/2026:06:10:06 +0300] "GET /404 HTTP/1.1" 302 3411 "-" "Mozilla/5.0 (Windows NT 10.0; Win64; x64) AppleWebKit/537.36"
172.71.198.172 - - [15/Jun/2026:06:10:06 +0300] "GET / HTTP/1.1" 200 128085 "-" "Mozilla/5.0 (Windows NT 10.0; Win64; x64) AppleWebKit/537.36"
172.71.146.143 - - [15/Jun/2026:06:10:08 +0300] "GET /makale/oylayanlarin-oy-cekisleri-425 HTTP/1.1" 200 141829 "-" "Mozilla/5.0 AppleWebKit/537.36 (KHTML, like Gecko; compatible; bingbot/2.0; +http://www.bing.com/bingbot.htm) Chrome/116.0.1938.76 Safari/537.36"
172.68.151.154 - - [15/Jun/2026:06:10:10 +0300] "GET /haber/bahcede-huseyin-koctas-icin-huzunlu-veda-toreni-duzenlendi-25697 HTTP/1.1" 200 128746 "-" "Mozilla/5.0 (compatible; Barkrowler/0.9; +https://babbar.tech/crawler)"
104.23.225.88 - - [15/Jun/2026:06:10:15 +0300] "GET /osmaniye?page=10 HTTP/1.1" 200 111290 "-" "Mozilla/5.0 (compatible; Barkrowler/0.9; +https://babbar.tech/crawler)"
104.23.239.129 - - [15/Jun/2026:06:10:20 +0300] "GET /rss/genel-0 HTTP/1.1" 200 274879 "-" "Rome Client (http://tinyurl.com/64t5n) Ver: UNKNOWN"
172.69.251.132 - - [15/Jun/2026:06:10:25 +0300] "GET / HTTP/1.1" 200 128025 "-" "axios/1.6.7"
104.23.225.91 - - [15/Jun/2026:06:10:26 +0300] "GET /haber/antalyada-saganak-ve-yuksek-kesimlerde-kar-etkisini-surduruyor-22028 HTTP/1.1" 200 129579 "-" "Mozilla/5.0 (compatible; Barkrowler/0.9; +https://babbar.tech/crawler)"
172.69.94.211 - - [15/Jun/2026:06:10:28 +0300] "GET /wp-content/plugins/visual-form-builder/upload.php HTTP/1.1" 302 2805 "-" "Mozilla/5.0 (Windows NT 10.0; Win64; x64) AppleWebKit/537.36"
172.68.164.47 - - [15/Jun/2026:06:10:27 +0300] "GET /haber/ispartada-universite-ogrencileri-mezuniyet-toreninde-israile-pankartlarla-tepki-gosterdi-14626 HTTP/1.1" 200 129914 "https://www.google.com/" "Mozilla/5.0 (Windows NT 10.0; Win64; x64) AppleWebKit/537.36 (KHTML, like Gecko) Chrome/132.0.0.0 Safari/537.36"
172.69.94.211 - - [15/Jun/2026:06:10:28 +0300] "GET /404 HTTP/1.1" 302 3411 "-" "Mozilla/5.0 (Windows NT 10.0; Win64; x64) AppleWebKit/537.36"
172.69.94.211 - - [15/Jun/2026:06:10:28 +0300] "GET / HTTP/1.1" 200 128092 "-" "Mozilla/5.0 (Windows NT 10.0; Win64; x64) AppleWebKit/537.36"
104.22.105.51 - - [15/Jun/2026:06:10:30 +0300] "GET / HTTP/1.1" 200 128034 "-" "Mozilla/5.0 (compatible; Googlebot/2.1; +http://www.google.com/bot.html)"
172.70.47.111 - - [15/Jun/2026:06:10:30 +0300] "GET /login HTTP/1.1" 200 8261 "-" "Mozilla/5.0 AppleWebKit/537.36 (KHTML, like Gecko); compatible; ChatGPT-User/1.0; +https://openai.com/bot"
172.68.151.79 - - [15/Jun/2026:06:10:31 +0300] "GET /osmaniye?page=158 HTTP/1.1" 200 110647 "-" "Mozilla/5.0 (compatible; Barkrowler/0.9; +https://babbar.tech/crawler)"
172.70.47.111 - - [15/Jun/2026:06:10:34 +0300] "GET /sitemap.xml HTTP/1.1" 200 3580 "-" "Mozilla/5.0 AppleWebKit/537.36 (KHTML, like Gecko); compatible; Perplexity-User/1.0; +https://perplexity.ai/perplexity-user"
104.23.197.176 - - [15/Jun/2026:06:10:36 +0300] "GET /sitemap.xml HTTP/1.1" 200 3600 "-" "Mozilla/5.0 AppleWebKit/537.36 (KHTML, like Gecko; compatible; ClaudeBot/1.0; +claudebot@anthropic.com)"
172.71.214.119 - - [15/Jun/2026:06:10:39 +0300] "GET /haber/16-nisan-2021-osmaniyede-vefat-edenler-3278 HTTP/1.1" 500 3971 "https://haberosmaniye.com/haber/16-nisan-2021-osmaniyede-vefat-edenler-3278" "Mozilla/5.0 (Macintosh; Intel Mac OS X 10_15_7) AppleWebKit/537.36 (KHTML, like Gecko) Chrome/120.0.0.0 Safari/537.36"
172.70.47.111 - - [15/Jun/2026:06:10:41 +0300] "GET /_nuxt/builds/latest.json HTTP/1.1" 302 2781 "-" "meta-externalagent/1.1 (+https://developers.facebook.com/docs/sharing/webmasters/crawler)"
172.70.47.111 - - [15/Jun/2026:06:10:41 +0300] "GET /.vite/manifest.json HTTP/1.1" 302 2781 "-" "Mozilla/5.0 AppleWebKit/537.36 (KHTML, like Gecko); compatible; OAI-SearchBot/1.0; +https://openai.com/searchbot"
172.70.47.111 - - [15/Jun/2026:06:10:41 +0300] "GET /build/manifest.json HTTP/1.1" 302 2781 "-" "Mozilla/5.0 AppleWebKit/537.36 (KHTML, like Gecko); compatible; OAI-SearchBot/1.0; +https://openai.com/searchbot"
172.70.47.111 - - [15/Jun/2026:06:10:41 +0300] "GET /asset-manifest.json HTTP/1.1" 302 3405 "-" "Mozilla/5.0 AppleWebKit/537.36 (KHTML, like Gecko); compatible; GPTBot/1.2; +https://openai.com/gptbot"
172.70.47.111 - - [15/Jun/2026:06:10:41 +0300] "GET /.next/required-server-files.json HTTP/1.1" 302 2781 "-" "CCBot/2.0 (https://commoncrawl.org/faq/)"
172.70.47.111 - - [15/Jun/2026:06:10:41 +0300] "GET /loadable-stats.json HTTP/1.1" 302 3411 "-" "Mozilla/5.0 (compatible; Googlebot/2.1; +http://www.google.com/bot.html)"
172.70.47.111 - - [15/Jun/2026:06:10:41 +0300] "GET /stats.json HTTP/1.1" 302 3403 "-" "Mozilla/5.0 (compatible; Claude-Web/1.0; +https://www.anthropic.com)"
172.71.122.200 - - [15/Jun/2026:06:10:41 +0300] "GET /haber/osmaniyede-cuma-namazinda-bu-hutbe-okunacak-17-ekim-2025-25337 HTTP/1.1" 200 131672 "-" "Mozilla/5.0 (compatible; Barkrowler/0.9; +https://babbar.tech/crawler)"
172.71.198.172 - - [15/Jun/2026:06:10:42 +0300] "GET /wp-content/plugins/adning/upload.php HTTP/1.1" 302 2805 "-" "Mozilla/5.0 (Windows NT 10.0; Win64; x64) AppleWebKit/537.36"
172.71.198.172 - - [15/Jun/2026:06:10:43 +0300] "GET /404 HTTP/1.1" 302 3409 "-" "Mozilla/5.0 (Windows NT 10.0; Win64; x64) AppleWebKit/537.36"
172.71.198.172 - - [15/Jun/2026:06:10:44 +0300] "GET / HTTP/1.1" 200 128009 "-" "Mozilla/5.0 (Windows NT 10.0; Win64; x64) AppleWebKit/537.36"
172.71.118.207 - - [15/Jun/2026:06:10:46 +0300] "GET /osmaniye?page=152 HTTP/1.1" 200 110765 "-" "Mozilla/5.0 (compatible; Barkrowler/0.9; +https://babbar.tech/crawler)"
172.71.152.53 - - [15/Jun/2026:06:10:46 +0300] "GET /haber/jandarma-ekiplerinin-koy-cocuklari-ile-bulusmasi-8415 HTTP/1.1" 200 129188 "https://www.haberosmaniye.com/haber/2023-yili-kurtulus-kosusuna-kayitlar-basladi-8416" "Mozilla/5.0 (Linux; Android 7.0;) AppleWebKit/537.36 (HTML, like Gecko) Mobile Safari/537.36 (compatible; PetalBot;+https://webmaster.petalsearch.com/site/petalbot)"
172.70.47.111 - - [15/Jun/2026:06:10:47 +0300] "GET /404 HTTP/1.1" 302 3385 "https://haberosmaniye.com/_nuxt/builds/latest.json" "meta-externalagent/1.1 (+https://developers.facebook.com/docs/sharing/webmasters/crawler)"
172.70.47.111 - - [15/Jun/2026:06:10:47 +0300] "GET /404 HTTP/1.1" 302 3389 "https://haberosmaniye.com/asset-manifest.json" "Mozilla/5.0 AppleWebKit/537.36 (KHTML, like Gecko); compatible; GPTBot/1.2; +https://openai.com/gptbot"
172.70.47.111 - - [15/Jun/2026:06:10:47 +0300] "GET /404 HTTP/1.1" 302 3389 "https://haberosmaniye.com/.vite/manifest.json" "Mozilla/5.0 AppleWebKit/537.36 (KHTML, like Gecko); compatible; OAI-SearchBot/1.0; +https://openai.com/searchbot"
172.70.47.111 - - [15/Jun/2026:06:10:47 +0300] "GET /404 HTTP/1.1" 302 3385 "https://haberosmaniye.com/loadable-stats.json" "Mozilla/5.0 (compatible; Googlebot/2.1; +http://www.google.com/bot.html)"
172.70.47.111 - - [15/Jun/2026:06:10:47 +0300] "GET /404 HTTP/1.1" 302 3387 "https://haberosmaniye.com/stats.json" "Mozilla/5.0 (compatible; Claude-Web/1.0; +https://www.anthropic.com)"
172.70.47.111 - - [15/Jun/2026:06:10:47 +0300] "GET /404 HTTP/1.1" 302 3387 "https://haberosmaniye.com/.next/required-server-files.json" "CCBot/2.0 (https://commoncrawl.org/faq/)"
172.70.47.111 - - [15/Jun/2026:06:10:47 +0300] "GET /404 HTTP/1.1" 302 3387 "https://haberosmaniye.com/build/manifest.json" "Mozilla/5.0 AppleWebKit/537.36 (KHTML, like Gecko); compatible; OAI-SearchBot/1.0; +https://openai.com/searchbot"
162.158.41.83 - - [15/Jun/2026:06:10:50 +0300] "GET /haber/2026-osmaniye-butcesi-kabul-edildi-ibrahim-cenet-mudurluklere-rekor-yatirim-25694 HTTP/1.1" 200 132101 "-" "Mozilla/5.0 AppleWebKit/537.36 (KHTML, like Gecko; compatible; bingbot/2.0; +http://www.bing.com/bingbot.htm) Chrome/116.0.1938.76 Safari/537.36"
104.22.105.51 - - [15/Jun/2026:06:10:51 +0300] "GET /haber/arinc-ulastirdan-umit-ozdaga-destek-bu-surec-ikinci-ergenekon-22458 HTTP/1.1" 200 132771 "-" "Mozilla/5.0 (compatible; SemrushBot/7~bl; +http://www.semrush.com/bot.html)"
172.70.215.29 - - [15/Jun/2026:06:10:53 +0300] "GET /public/images/detay/515286921_17927880375065416_300441064786390018_n.jpg HTTP/1.1" 200 2419 "-" "Mozilla/5.0 AppleWebKit/537.36 (KHTML, like Gecko; compatible; ReyilBot/0.1"
172.70.215.29 - - [15/Jun/2026:06:10:53 +0300] "GET /public/images/detay/515286921_17927880375065416_300441064786390018_n.jpg HTTP/2.0" 200 92839 "-" "Mozilla/5.0 AppleWebKit/537.36 (KHTML, like Gecko; compatible; ReyilBot/0.1"
172.71.191.52 - - [15/Jun/2026:06:10:54 +0300] "GET /haber/Adanada-evlerden-hirsizlik-yaptiklari-one-surulen-4-supheli-tutuklandi-20053 HTTP/1.1" 200 129522 "-" "Mozilla/5.0 (compatible; SemrushBot/7~bl; +http://www.semrush.com/bot.html)"
172.71.122.200 - - [15/Jun/2026:06:10:57 +0300] "GET /haber/osmaniyeli-ogrenciler-kick-boks-turkiye-sampiyonasina-damga-vurdu-26527 HTTP/1.1" 200 131256 "-" "Mozilla/5.0 (compatible; Barkrowler/0.9; +https://babbar.tech/crawler)"
172.70.47.111 - - [15/Jun/2026:06:10:58 +0300] "GET / HTTP/1.1" 200 126970 "https://haberosmaniye.com/404" "Mozilla/5.0 (compatible; Claude-Web/1.0; +https://www.anthropic.com)"
172.70.47.111 - - [15/Jun/2026:06:10:58 +0300] "GET / HTTP/1.1" 200 127029 "https://haberosmaniye.com/404" "Mozilla/5.0 AppleWebKit/537.36 (KHTML, like Gecko); compatible; GPTBot/1.2; +https://openai.com/gptbot"
172.70.47.111 - - [15/Jun/2026:06:10:58 +0300] "GET / HTTP/1.1" 200 127032 "https://haberosmaniye.com/404" "Mozilla/5.0 AppleWebKit/537.36 (KHTML, like Gecko); compatible; OAI-SearchBot/1.0; +https://openai.com/searchbot"
172.70.47.111 - - [15/Jun/2026:06:10:58 +0300] "GET / HTTP/1.1" 200 126976 "https://haberosmaniye.com/404" "Mozilla/5.0 AppleWebKit/537.36 (KHTML, like Gecko); compatible; OAI-SearchBot/1.0; +https://openai.com/searchbot"
172.70.47.111 - - [15/Jun/2026:06:10:58 +0300] "GET / HTTP/1.1" 200 127019 "https://haberosmaniye.com/404" "CCBot/2.0 (https://commoncrawl.org/faq/)"
172.70.47.111 - - [15/Jun/2026:06:10:58 +0300] "GET / HTTP/1.1" 200 127030 "https://haberosmaniye.com/404" "meta-externalagent/1.1 (+https://developers.facebook.com/docs/sharing/webmasters/crawler)"
172.70.47.111 - - [15/Jun/2026:06:10:58 +0300] "GET / HTTP/1.1" 200 126977 "https://haberosmaniye.com/404" "Mozilla/5.0 (compatible; Googlebot/2.1; +http://www.google.com/bot.html)"
162.158.178.161 - - [15/Jun/2026:06:10:58 +0300] "GET /haber/fizik-tedavi-hizmetleri-konusuldu-9914 HTTP/1.1" 200 127500 "https://haberosmaniye.com/haber/fizik-tedavi-hizmetleri-konusuldu-9914" "Mozilla/5.0 (Windows NT 10.0; Win64; x64) AppleWebKit/537.36 (KHTML, like Gecko) Chrome/101.0.4951.64 Safari/537.36 Edg/101.0.1210.47"
