172.71.202.173 - - [15/Jun/2026:06:35:39 +0300] "GET /upload_2762.php HTTP/1.1" 302 3429 "-" "Mozilla/5.0 (Windows NT 10.0; Win64; x64) AppleWebKit/537.36"
172.71.202.173 - - [15/Jun/2026:06:35:39 +0300] "GET /404 HTTP/1.1" 302 3413 "-" "Mozilla/5.0 (Windows NT 10.0; Win64; x64) AppleWebKit/537.36"
172.71.202.173 - - [15/Jun/2026:06:35:40 +0300] "GET / HTTP/1.1" 200 128005 "-" "Mozilla/5.0 (Windows NT 10.0; Win64; x64) AppleWebKit/537.36"
162.158.235.165 - - [15/Jun/2026:06:35:42 +0300] "GET /wp-content/themes/twentynineteen/inc/upload.php HTTP/1.1" 302 2805 "-" "Mozilla/5.0 (Windows NT 10.0; Win64; x64) AppleWebKit/537.36"
162.158.235.165 - - [15/Jun/2026:06:35:42 +0300] "GET /404 HTTP/1.1" 302 3411 "-" "Mozilla/5.0 (Windows NT 10.0; Win64; x64) AppleWebKit/537.36"
162.158.235.165 - - [15/Jun/2026:06:35:42 +0300] "GET / HTTP/1.1" 200 128021 "-" "Mozilla/5.0 (Windows NT 10.0; Win64; x64) AppleWebKit/537.36"
172.71.191.52 - - [15/Jun/2026:06:35:44 +0300] "GET /haber/kocasinan-masa-tenisinde-zirvede-3499 HTTP/1.1" 500 3969 "-" "meta-externalagent/1.1 (+https://developers.facebook.com/docs/sharing/webmasters/crawler)"
162.158.235.165 - - [15/Jun/2026:06:35:44 +0300] "GET /wp-content/themes/twentynineteen/inc/upload.php HTTP/1.1" 302 2805 "http://www.haberosmaniye.com" "Mozilla/5.0 (Windows NT 10.0; Win64; x64) AppleWebKit/537.36"
172.69.222.167 - - [15/Jun/2026:06:35:44 +0300] "GET /haber/ardahan-dondu-574 HTTP/1.1" 500 3969 "-" "Mozilla/5.0 (compatible; Barkrowler/0.9; +https://babbar.tech/crawler)"
104.22.101.73 - - [15/Jun/2026:06:35:50 +0300] "GET /haber/terorle-mucadele-operasyonlarinda-yuzde-120-basari-3376 HTTP/1.1" 500 3969 "-" "meta-externalagent/1.1 (+https://developers.facebook.com/docs/sharing/webmasters/crawler)"
172.71.195.42 - - [15/Jun/2026:06:35:51 +0300] "GET /haber/sakarya-masa-tenisine-hazirlaniyor-4256 HTTP/1.1" 500 3969 "-" "meta-externalagent/1.1 (+https://developers.facebook.com/docs/sharing/webmasters/crawler)"
162.158.235.165 - - [15/Jun/2026:06:35:51 +0300] "GET /404 HTTP/1.1" 302 3413 "http://www.haberosmaniye.com" "Mozilla/5.0 (Windows NT 10.0; Win64; x64) AppleWebKit/537.36"
172.71.155.105 - - [15/Jun/2026:06:35:51 +0300] "GET /haber/emekli-zammina-tepki-12-bin-500-degi-19-bin-verseler-yasamak-zor-16248 HTTP/1.1" 200 131512 "-" "Mozilla/5.0 (X11; Linux x86_64) AppleWebKit/537.36 (KHTML, like Gecko) Chrome/133.0.0.0 Safari/537.36"
162.158.235.165 - - [15/Jun/2026:06:35:52 +0300] "GET / HTTP/1.1" 200 128070 "http://www.haberosmaniye.com" "Mozilla/5.0 (Windows NT 10.0; Win64; x64) AppleWebKit/537.36"
162.158.235.165 - - [15/Jun/2026:06:35:53 +0300] "GET /wp-content/uploads/upload_4356.php HTTP/1.1" 302 2805 "-" "Mozilla/5.0 (Windows NT 10.0; Win64; x64) AppleWebKit/537.36"
162.158.235.165 - - [15/Jun/2026:06:35:53 +0300] "GET /404 HTTP/1.1" 302 3411 "-" "Mozilla/5.0 (Windows NT 10.0; Win64; x64) AppleWebKit/537.36"
104.22.101.73 - - [15/Jun/2026:06:35:53 +0300] "GET /haber/Burdurda-ogluyla-silahli-saldiriya-ugrayan-esnaf-oldu-17945 HTTP/1.1" 200 129424 "-" "Mozilla/5.0 (compatible; SemrushBot/7~bl; +http://www.semrush.com/bot.html)"
162.158.235.165 - - [15/Jun/2026:06:35:54 +0300] "GET / HTTP/1.1" 200 128012 "-" "Mozilla/5.0 (Windows NT 10.0; Win64; x64) AppleWebKit/537.36"
162.158.235.165 - - [15/Jun/2026:06:35:55 +0300] "GET /wp-content/uploads/upload_4356.php HTTP/1.1" 302 2805 "-" "Mozilla/5.0 (Windows NT 10.0; Win64; x64) AppleWebKit/537.36"
162.158.235.165 - - [15/Jun/2026:06:35:56 +0300] "GET /404 HTTP/1.1" 302 3421 "-" "Mozilla/5.0 (Windows NT 10.0; Win64; x64) AppleWebKit/537.36"
162.158.235.165 - - [15/Jun/2026:06:35:56 +0300] "GET / HTTP/1.1" 200 128064 "-" "Mozilla/5.0 (Windows NT 10.0; Win64; x64) AppleWebKit/537.36"
172.69.251.132 - - [15/Jun/2026:06:35:57 +0300] "GET / HTTP/1.1" 200 127989 "-" "axios/1.6.7"
104.22.105.52 - - [15/Jun/2026:06:35:57 +0300] "GET /haber/karla-mucadele-calismalari-yerinde-incelendi-6673 HTTP/1.1" 200 128492 "-" "Mozilla/5.0 (compatible; SemrushBot/7~bl; +http://www.semrush.com/bot.html)"
162.158.235.165 - - [15/Jun/2026:06:36:06 +0300] "GET /wp-content/plugins/formidable/upload_4356.php HTTP/1.1" 302 2805 "-" "Mozilla/5.0 (Windows NT 10.0; Win64; x64) AppleWebKit/537.36"
172.68.245.187 - - [15/Jun/2026:06:36:06 +0300] "GET /haber/Hatayda-depremzede-ogrenciler-icin-duzenlenen-futbol-turnuvasi-basladi-10772 HTTP/1.1" 200 129557 "-" "Mozilla/5.0 (compatible; SemrushBot/7~bl; +http://www.semrush.com/bot.html)"
162.158.235.165 - - [15/Jun/2026:06:36:07 +0300] "GET /404 HTTP/1.1" 302 3411 "-" "Mozilla/5.0 (Windows NT 10.0; Win64; x64) AppleWebKit/537.36"
162.158.235.165 - - [15/Jun/2026:06:36:08 +0300] "GET / HTTP/1.1" 200 127988 "-" "Mozilla/5.0 (Windows NT 10.0; Win64; x64) AppleWebKit/537.36"
162.158.235.165 - - [15/Jun/2026:06:36:09 +0300] "GET /wp-content/plugins/formidable/upload_4356.php HTTP/1.1" 302 2805 "-" "Mozilla/5.0 (Windows NT 10.0; Win64; x64) AppleWebKit/537.36"
162.158.235.165 - - [15/Jun/2026:06:36:09 +0300] "GET /404 HTTP/1.1" 302 3407 "-" "Mozilla/5.0 (Windows NT 10.0; Win64; x64) AppleWebKit/537.36"
162.158.235.165 - - [15/Jun/2026:06:36:09 +0300] "GET / HTTP/1.1" 200 128096 "-" "Mozilla/5.0 (Windows NT 10.0; Win64; x64) AppleWebKit/537.36"
172.69.179.200 - - [15/Jun/2026:06:36:12 +0300] "GET /wp-content/themes/upload_4356.php HTTP/1.1" 302 2805 "-" "Mozilla/5.0 (Windows NT 10.0; Win64; x64) AppleWebKit/537.36"
172.69.179.200 - - [15/Jun/2026:06:36:13 +0300] "GET /404 HTTP/1.1" 302 3411 "-" "Mozilla/5.0 (Windows NT 10.0; Win64; x64) AppleWebKit/537.36"
172.69.179.200 - - [15/Jun/2026:06:36:13 +0300] "GET / HTTP/1.1" 200 128007 "-" "Mozilla/5.0 (Windows NT 10.0; Win64; x64) AppleWebKit/537.36"
104.22.62.16 - - [15/Jun/2026:06:36:15 +0300] "GET /images/haberler/2024/02/savunma-sanayii-baskani-haluk-gorgun-antalyada-konustu-1708163283.jpg HTTP/1.1" 200 142819 "-" "Mozilla/5.0 (Macintosh; Intel Mac OS X 10_15_7) AppleWebKit/605.1.15 (KHTML, like Gecko) Version/17.4 Safari/605.1.15 (Applebot/0.1; +http://www.apple.com/go/applebot)"
172.69.179.200 - - [15/Jun/2026:06:36:15 +0300] "GET /wp-content/themes/upload_4356.php HTTP/1.1" 302 2805 "-" "Mozilla/5.0 (Windows NT 10.0; Win64; x64) AppleWebKit/537.36"
172.69.179.200 - - [15/Jun/2026:06:36:15 +0300] "GET /404 HTTP/1.1" 302 3413 "-" "Mozilla/5.0 (Windows NT 10.0; Win64; x64) AppleWebKit/537.36"
172.71.195.42 - - [15/Jun/2026:06:36:15 +0300] "GET /haber/kacak-avcilara-ceza-10160 HTTP/1.1" 200 126802 "-" "Mozilla/5.0 (compatible; SemrushBot/7~bl; +http://www.semrush.com/bot.html)"
172.69.179.200 - - [15/Jun/2026:06:36:16 +0300] "GET / HTTP/1.1" 200 128005 "-" "Mozilla/5.0 (Windows NT 10.0; Win64; x64) AppleWebKit/537.36"
162.158.94.26 - - [15/Jun/2026:06:36:17 +0300] "GET /rss/genel-0 HTTP/1.1" 200 274834 "-" "Rome Client (http://tinyurl.com/64t5n) Ver: UNKNOWN"
104.22.66.156 - - [15/Jun/2026:06:36:25 +0300] "GET /haber/adanada-ev-ve-is-yerlerinde-silah-ele-gecirilen-2-supheliye-gozalti-19595 HTTP/1.1" 200 127759 "https://www.haberosmaniye.com/haber/mersinde-cikan-orman-yangini-kontrol-altina-alindi-19596" "Mozilla/5.0 (Linux; Android 7.0;) AppleWebKit/537.36 (HTML, like Gecko) Mobile Safari/537.36 (compatible; PetalBot;+https://webmaster.petalsearch.com/site/petalbot)"
172.70.135.168 - - [15/Jun/2026:06:36:26 +0300] "GET /haber/belediyeden-su-uyarisi-21295 HTTP/1.1" 200 128149 "-" "Mozilla/5.0 (compatible; SemrushBot/7~bl; +http://www.semrush.com/bot.html)"
172.70.218.197 - - [15/Jun/2026:06:36:29 +0300] "GET /upload_4356.php HTTP/1.1" 302 3429 "-" "Mozilla/5.0 (Windows NT 10.0; Win64; x64) AppleWebKit/537.36"
172.70.218.197 - - [15/Jun/2026:06:36:30 +0300] "GET /404 HTTP/1.1" 302 3415 "-" "Mozilla/5.0 (Windows NT 10.0; Win64; x64) AppleWebKit/537.36"
172.70.218.197 - - [15/Jun/2026:06:36:30 +0300] "GET / HTTP/1.1" 200 128091 "-" "Mozilla/5.0 (Windows NT 10.0; Win64; x64) AppleWebKit/537.36"
172.71.158.208 - - [15/Jun/2026:06:36:31 +0300] "GET /haber/canakkale-savaslari-mobil-muze-tiri-hatayda-ziyarete-acildi-13522 HTTP/1.1" 200 128157 "-" "Mozilla/5.0 (Macintosh; Intel Mac OS X 13_0) AppleWebKit/605.1.15 (KHTML, like Gecko) Version/16.0 Safari/605.1.15"
172.70.218.197 - - [15/Jun/2026:06:36:31 +0300] "GET /upload_4356.php HTTP/1.1" 302 3435 "-" "Mozilla/5.0 (Windows NT 10.0; Win64; x64) AppleWebKit/537.36"
162.158.152.195 - - [15/Jun/2026:06:36:32 +0300] "GET /haber/okude-kalite-kurulu-toplantisi-gerceklestirildi-25334 HTTP/1.1" 200 129179 "-" "Mozilla/5.0 (compatible; SemrushBot/7~bl; +http://www.semrush.com/bot.html)"
172.70.218.197 - - [15/Jun/2026:06:36:32 +0300] "GET /404 HTTP/1.1" 302 3411 "-" "Mozilla/5.0 (Windows NT 10.0; Win64; x64) AppleWebKit/537.36"
162.158.210.202 - - [15/Jun/2026:06:36:32 +0300] "GET /rss/genel-0 HTTP/1.1" 200 274830 "-" "Mozilla/5.0 (X11; Linux i686) AppleWebKit/537.36 (KHTML, like Gecko) Chrome/57.0.2987.98 Safari/537.36 OPR/44.0.2510.857"
172.69.251.132 - - [15/Jun/2026:06:36:34 +0300] "GET / HTTP/1.1" 200 128070 "-" "axios/1.6.7"
172.70.215.68 - - [15/Jun/2026:06:36:36 +0300] "GET /images/haberler/2024/12/dortyolda-sokak-hayvanlari-icin-modern-bakim-evi-insa-ediliyor-1735627531.jpg HTTP/1.1" 200 61846 "-" "Mozilla/5.0 AppleWebKit/537.36 (KHTML, like Gecko; compatible; ReyilBot/0.1"
172.70.218.197 - - [15/Jun/2026:06:36:37 +0300] "GET / HTTP/1.1" 200 128006 "-" "Mozilla/5.0 (Windows NT 10.0; Win64; x64) AppleWebKit/537.36"
172.69.179.200 - - [15/Jun/2026:06:36:39 +0300] "GET /wp-content/themes/twentyseventeen/inc/upload.php HTTP/1.1" 302 2805 "-" "Mozilla/5.0 (Windows NT 10.0; Win64; x64) AppleWebKit/537.36"
172.69.179.200 - - [15/Jun/2026:06:36:39 +0300] "GET /404 HTTP/1.1" 302 3409 "-" "Mozilla/5.0 (Windows NT 10.0; Win64; x64) AppleWebKit/537.36"
172.69.179.200 - - [15/Jun/2026:06:36:40 +0300] "GET / HTTP/1.1" 200 128098 "-" "Mozilla/5.0 (Windows NT 10.0; Win64; x64) AppleWebKit/537.36"
172.69.179.200 - - [15/Jun/2026:06:36:42 +0300] "GET /wp-content/themes/twentyseventeen/inc/upload.php HTTP/1.1" 302 2805 "http://www.haberosmaniye.com" "Mozilla/5.0 (Windows NT 10.0; Win64; x64) AppleWebKit/537.36"
172.69.179.200 - - [15/Jun/2026:06:36:43 +0300] "GET /404 HTTP/1.1" 302 3415 "http://www.haberosmaniye.com" "Mozilla/5.0 (Windows NT 10.0; Win64; x64) AppleWebKit/537.36"
172.69.179.200 - - [15/Jun/2026:06:36:43 +0300] "GET / HTTP/1.1" 200 128000 "http://www.haberosmaniye.com" "Mozilla/5.0 (Windows NT 10.0; Win64; x64) AppleWebKit/537.36"
172.69.179.200 - - [15/Jun/2026:06:36:45 +0300] "GET /wp-content/uploads/upload_4985.php HTTP/1.1" 302 2805 "-" "Mozilla/5.0 (Windows NT 10.0; Win64; x64) AppleWebKit/537.36"
172.69.179.200 - - [15/Jun/2026:06:36:45 +0300] "GET /404 HTTP/1.1" 302 3415 "-" "Mozilla/5.0 (Windows NT 10.0; Win64; x64) AppleWebKit/537.36"
172.69.179.200 - - [15/Jun/2026:06:36:46 +0300] "GET / HTTP/1.1" 200 128092 "-" "Mozilla/5.0 (Windows NT 10.0; Win64; x64) AppleWebKit/537.36"
172.69.179.200 - - [15/Jun/2026:06:36:48 +0300] "GET /wp-content/uploads/upload_4985.php HTTP/1.1" 302 2805 "-" "Mozilla/5.0 (Windows NT 10.0; Win64; x64) AppleWebKit/537.36"
172.69.179.200 - - [15/Jun/2026:06:36:48 +0300] "GET /404 HTTP/1.1" 302 3413 "-" "Mozilla/5.0 (Windows NT 10.0; Win64; x64) AppleWebKit/537.36"
172.69.179.200 - - [15/Jun/2026:06:36:49 +0300] "GET / HTTP/1.1" 200 128090 "-" "Mozilla/5.0 (Windows NT 10.0; Win64; x64) AppleWebKit/537.36"
172.69.179.200 - - [15/Jun/2026:06:36:51 +0300] "GET /wp-content/plugins/formidable/upload_4985.php HTTP/1.1" 302 2805 "-" "Mozilla/5.0 (Windows NT 10.0; Win64; x64) AppleWebKit/537.36"
172.69.179.200 - - [15/Jun/2026:06:36:52 +0300] "GET /404 HTTP/1.1" 302 3409 "-" "Mozilla/5.0 (Windows NT 10.0; Win64; x64) AppleWebKit/537.36"
172.69.179.200 - - [15/Jun/2026:06:36:52 +0300] "GET / HTTP/1.1" 200 128009 "-" "Mozilla/5.0 (Windows NT 10.0; Win64; x64) AppleWebKit/537.36"
162.158.167.20 - - [15/Jun/2026:06:36:53 +0300] "GET /haber/antalyada-firari-hukumlu-dolandiricilik-operasyonunda-yakalandi-16141 HTTP/1.1" 200 128846 "-" "Mozilla/5.0 (X11; Linux x86_64) AppleWebKit/537.36 (KHTML, like Gecko) Chrome/133.0.0.0 Safari/537.36"
172.69.179.200 - - [15/Jun/2026:06:36:54 +0300] "GET /wp-content/plugins/formidable/upload_4985.php HTTP/1.1" 302 2805 "-" "Mozilla/5.0 (Windows NT 10.0; Win64; x64) AppleWebKit/537.36"
172.71.195.42 - - [15/Jun/2026:06:36:56 +0300] "GET /haber/saganak-ve-firtina-catilari-ucurdu-agaclari-devirdi-231 HTTP/1.1" 500 3971 "-" "meta-externalagent/1.1 (+https://developers.facebook.com/docs/sharing/webmasters/crawler)"
104.23.160.182 - - [15/Jun/2026:06:37:00 +0300] "GET / HTTP/1.1" 200 128008 "-" "Mozilla/5.0 (X11; Ubuntu; Linux x86_64; rv:80.0) Gecko/20100101 Firefox/80.0"
172.69.179.200 - - [15/Jun/2026:06:37:07 +0300] "GET /404 HTTP/1.1" 302 3413 "-" "Mozilla/5.0 (Windows NT 10.0; Win64; x64) AppleWebKit/537.36"
172.69.179.200 - - [15/Jun/2026:06:37:08 +0300] "GET / HTTP/1.1" 200 128015 "-" "Mozilla/5.0 (Windows NT 10.0; Win64; x64) AppleWebKit/537.36"
172.71.191.52 - - [15/Jun/2026:06:37:12 +0300] "GET /haber/Hatayda-silah-ve-muhimmat-kacakciligi-operasyonunda-2-supheli-yakalandi-13260 HTTP/1.1" 200 128916 "-" "Mozilla/5.0 (compatible; SemrushBot/7~bl; +http://www.semrush.com/bot.html)"
162.158.152.195 - - [15/Jun/2026:06:37:15 +0300] "GET /haber/Genclik-ve-Spor-Bakani-Bak-Hatayda-yurt-insaatinda-incelemede-bulundu-21829 HTTP/1.1" 200 129478 "-" "Mozilla/5.0 (compatible; SemrushBot/7~bl; +http://www.semrush.com/bot.html)"
162.158.78.27 - - [15/Jun/2026:06:37:17 +0300] "GET /haber/osmaniye-ve-cevresine-siddetli-yagis-uyarisi-23646 HTTP/1.1" 200 129821 "-" "Mozilla/5.0 (compatible; SemrushBot/7~bl; +http://www.semrush.com/bot.html)"
104.22.17.147 - - [15/Jun/2026:06:37:20 +0300] "GET /haber/mersinde-doga-yuruyusunde-kaybolan-kisi-5-gundur-araniyor-13514 HTTP/1.1" 200 128634 "-" "Mozilla/5.0 (X11; Linux x86_64) AppleWebKit/537.36 (KHTML, like Gecko) Chrome/133.0.0.0 Safari/537.36"
172.71.198.172 - - [15/Jun/2026:06:37:23 +0300] "GET /wp-content/themes/upload_4985.php HTTP/1.1" 302 2805 "-" "Mozilla/5.0 (Windows NT 10.0; Win64; x64) AppleWebKit/537.36"
172.71.198.172 - - [15/Jun/2026:06:37:23 +0300] "GET /404 HTTP/1.1" 302 3415 "-" "Mozilla/5.0 (Windows NT 10.0; Win64; x64) AppleWebKit/537.36"
172.71.198.172 - - [15/Jun/2026:06:37:24 +0300] "GET / HTTP/1.1" 200 127992 "-" "Mozilla/5.0 (Windows NT 10.0; Win64; x64) AppleWebKit/537.36"
172.71.195.42 - - [15/Jun/2026:06:37:25 +0300] "GET /haber/kahramanmarasta-23-yil-hapis-cezasiyla-aranan-hukumlu-yakalandi-19839 HTTP/1.1" 200 128366 "-" "Mozilla/5.0 (compatible; SemrushBot/7~bl; +http://www.semrush.com/bot.html)"
172.71.124.217 - - [15/Jun/2026:06:37:25 +0300] "GET /haber/Alanyada-ogretmenler-canakkale-Savasi-doneminin-asker-kiyafetleriyle-ders-verdi-6998 HTTP/1.1" 200 130244 "http://www.haberosmaniye.com" "Mozilla/5.0 (Linux; Android 7.0;) AppleWebKit/537.36 (HTML, like Gecko) Mobile Safari/537.36 (compatible; PetalBot;+https://webmaster.petalsearch.com/site/petalbot)"
172.71.198.172 - - [15/Jun/2026:06:37:31 +0300] "GET /wp-content/themes/upload_4985.php HTTP/1.1" 302 2805 "-" "Mozilla/5.0 (Windows NT 10.0; Win64; x64) AppleWebKit/537.36"
172.71.198.172 - - [15/Jun/2026:06:37:31 +0300] "GET /404 HTTP/1.1" 302 3419 "-" "Mozilla/5.0 (Windows NT 10.0; Win64; x64) AppleWebKit/537.36"
172.71.198.172 - - [15/Jun/2026:06:37:32 +0300] "GET / HTTP/1.1" 200 128087 "-" "Mozilla/5.0 (Windows NT 10.0; Win64; x64) AppleWebKit/537.36"
104.23.197.177 - - [15/Jun/2026:06:37:34 +0300] "GET /amp/okude-iki-mudurlukte-devir-teslim-heyecani-yasandi-23621 HTTP/1.1" 200 60165 "-" "Mozilla/5.0 AppleWebKit/537.36 (KHTML, like Gecko; compatible; ClaudeBot/1.0; +claudebot@anthropic.com)"
162.158.210.202 - - [15/Jun/2026:06:37:35 +0300] "GET /rss/genel-0 HTTP/1.1" 200 274873 "-" "Mozilla/5.0 (Windows NT 10.0; Win64; x64) Newsly-RSS-Bot"
172.71.202.173 - - [15/Jun/2026:06:37:36 +0300] "GET /upload_4985.php HTTP/1.1" 302 3431 "-" "Mozilla/5.0 (Windows NT 10.0; Win64; x64) AppleWebKit/537.36"
172.71.202.173 - - [15/Jun/2026:06:37:36 +0300] "GET /404 HTTP/1.1" 302 3411 "-" "Mozilla/5.0 (Windows NT 10.0; Win64; x64) AppleWebKit/537.36"
172.71.202.173 - - [15/Jun/2026:06:37:37 +0300] "GET / HTTP/1.1" 200 128064 "-" "Mozilla/5.0 (Windows NT 10.0; Win64; x64) AppleWebKit/537.36"
172.71.202.173 - - [15/Jun/2026:06:37:39 +0300] "GET /upload_4985.php HTTP/1.1" 302 3431 "-" "Mozilla/5.0 (Windows NT 10.0; Win64; x64) AppleWebKit/537.36"
172.68.245.186 - - [15/Jun/2026:06:37:39 +0300] "GET /haber/Vali-Hulusi-sahinden-15-Temmuz-Demokrasi-ve-Milli-Birlik-Gunu-mesaji-16124 HTTP/1.1" 200 127934 "-" "Mozilla/5.0 AppleWebKit/537.36 (KHTML, like Gecko; compatible; bingbot/2.0; +http://www.bing.com/bingbot.htm) Chrome/116.0.1938.76 Safari/537.36"
172.71.202.173 - - [15/Jun/2026:06:37:39 +0300] "GET /404 HTTP/1.1" 302 3417 "-" "Mozilla/5.0 (Windows NT 10.0; Win64; x64) AppleWebKit/537.36"
172.71.202.173 - - [15/Jun/2026:06:37:39 +0300] "GET / HTTP/1.1" 200 128088 "-" "Mozilla/5.0 (Windows NT 10.0; Win64; x64) AppleWebKit/537.36"
172.71.198.172 - - [15/Jun/2026:06:37:42 +0300] "GET /wp-content/themes/twentysixteen/inc/upload.php HTTP/1.1" 302 2805 "-" "Mozilla/5.0 (Windows NT 10.0; Win64; x64) AppleWebKit/537.36"
172.71.198.172 - - [15/Jun/2026:06:37:42 +0300] "GET /404 HTTP/1.1" 302 3413 "-" "Mozilla/5.0 (Windows NT 10.0; Win64; x64) AppleWebKit/537.36"
172.71.198.172 - - [15/Jun/2026:06:37:43 +0300] "GET / HTTP/1.1" 200 128067 "-" "Mozilla/5.0 (Windows NT 10.0; Win64; x64) AppleWebKit/537.36"
172.71.198.172 - - [15/Jun/2026:06:37:44 +0300] "GET /wp-content/themes/twentysixteen/inc/upload.php HTTP/1.1" 302 2805 "http://www.haberosmaniye.com" "Mozilla/5.0 (Windows NT 10.0; Win64; x64) AppleWebKit/537.36"
172.71.198.172 - - [15/Jun/2026:06:37:45 +0300] "GET /404 HTTP/1.1" 302 3411 "http://www.haberosmaniye.com" "Mozilla/5.0 (Windows NT 10.0; Win64; x64) AppleWebKit/537.36"
172.71.198.172 - - [15/Jun/2026:06:37:45 +0300] "GET / HTTP/1.1" 200 128066 "http://www.haberosmaniye.com" "Mozilla/5.0 (Windows NT 10.0; Win64; x64) AppleWebKit/537.36"
172.71.198.172 - - [15/Jun/2026:06:37:46 +0300] "GET /wp-content/uploads/upload_8401.php HTTP/1.1" 302 2805 "-" "Mozilla/5.0 (Windows NT 10.0; Win64; x64) AppleWebKit/537.36"
172.71.198.172 - - [15/Jun/2026:06:37:46 +0300] "GET /404 HTTP/1.1" 302 3411 "-" "Mozilla/5.0 (Windows NT 10.0; Win64; x64) AppleWebKit/537.36"
172.71.198.172 - - [15/Jun/2026:06:37:47 +0300] "GET / HTTP/1.1" 200 128054 "-" "Mozilla/5.0 (Windows NT 10.0; Win64; x64) AppleWebKit/537.36"
172.71.198.172 - - [15/Jun/2026:06:37:49 +0300] "GET /wp-content/uploads/upload_8401.php HTTP/1.1" 302 2805 "-" "Mozilla/5.0 (Windows NT 10.0; Win64; x64) AppleWebKit/537.36"
172.71.198.172 - - [15/Jun/2026:06:37:49 +0300] "GET /404 HTTP/1.1" 302 3413 "-" "Mozilla/5.0 (Windows NT 10.0; Win64; x64) AppleWebKit/537.36"
162.159.120.151 - - [15/Jun/2026:06:37:49 +0300] "GET /haber/toprakkalede-hemzemin-gecit-krizi-uzun-arac-kuyruklari-olustu-25501 HTTP/1.1" 200 129682 "-" "Mozilla/5.0 AppleWebKit/537.36 (KHTML, like Gecko; compatible; bingbot/2.0; +http://www.bing.com/bingbot.htm) Chrome/116.0.1938.76 Safari/537.36"
172.71.198.172 - - [15/Jun/2026:06:37:50 +0300] "GET / HTTP/1.1" 200 128067 "-" "Mozilla/5.0 (Windows NT 10.0; Win64; x64) AppleWebKit/537.36"
172.69.251.132 - - [15/Jun/2026:06:37:52 +0300] "GET / HTTP/1.1" 200 127991 "-" "axios/1.6.7"
172.69.94.210 - - [15/Jun/2026:06:37:57 +0300] "GET /wp-content/plugins/formidable/upload_8401.php HTTP/1.1" 302 2805 "-" "Mozilla/5.0 (Windows NT 10.0; Win64; x64) AppleWebKit/537.36"
172.69.94.210 - - [15/Jun/2026:06:37:58 +0300] "GET /404 HTTP/1.1" 302 3413 "-" "Mozilla/5.0 (Windows NT 10.0; Win64; x64) AppleWebKit/537.36"
172.69.94.210 - - [15/Jun/2026:06:37:59 +0300] "GET / HTTP/1.1" 200 128085 "-" "Mozilla/5.0 (Windows NT 10.0; Win64; x64) AppleWebKit/537.36"
104.22.105.52 - - [15/Jun/2026:06:37:59 +0300] "GET /haber/hatayda-radyo-televizyon-yayinciligi-ve-telif-hukuku-paneli-duzenlendi-20614 HTTP/1.1" 200 132206 "-" "Mozilla/5.0 (compatible; SemrushBot/7~bl; +http://www.semrush.com/bot.html)"
172.69.94.210 - - [15/Jun/2026:06:38:00 +0300] "GET /wp-content/plugins/formidable/upload_8401.php HTTP/1.1" 302 2805 "-" "Mozilla/5.0 (Windows NT 10.0; Win64; x64) AppleWebKit/537.36"
172.69.94.210 - - [15/Jun/2026:06:38:01 +0300] "GET /404 HTTP/1.1" 302 3413 "-" "Mozilla/5.0 (Windows NT 10.0; Win64; x64) AppleWebKit/537.36"
172.69.94.210 - - [15/Jun/2026:06:38:02 +0300] "GET / HTTP/1.1" 200 128070 "-" "Mozilla/5.0 (Windows NT 10.0; Win64; x64) AppleWebKit/537.36"
172.70.39.216 - - [15/Jun/2026:06:38:03 +0300] "GET /haber/sumbasta-denetimler-araliksiz-suruyor-3185 HTTP/1.1" 500 3975 "-" "meta-externalagent/1.1 (+https://developers.facebook.com/docs/sharing/webmasters/crawler)"
172.71.198.172 - - [15/Jun/2026:06:38:04 +0300] "GET /wp-content/themes/upload_8401.php HTTP/1.1" 302 2805 "-" "Mozilla/5.0 (Windows NT 10.0; Win64; x64) AppleWebKit/537.36"
172.71.198.172 - - [15/Jun/2026:06:38:05 +0300] "GET /404 HTTP/1.1" 302 3409 "-" "Mozilla/5.0 (Windows NT 10.0; Win64; x64) AppleWebKit/537.36"
104.22.20.190 - - [15/Jun/2026:06:38:04 +0300] "GET /haber/manavgatta-caretta-carettalar-mavi-sularla-bulusmaya-basladi-16173 HTTP/1.1" 200 129010 "-" "Mozilla/5.0 (Windows NT 10.0; Win64; x64; rv:120.0) Gecko/20100101 Firefox/120.0"
172.71.198.172 - - [15/Jun/2026:06:38:06 +0300] "GET / HTTP/1.1" 200 128007 "-" "Mozilla/5.0 (Windows NT 10.0; Win64; x64) AppleWebKit/537.36"
172.71.198.172 - - [15/Jun/2026:06:38:07 +0300] "GET /wp-content/themes/upload_8401.php HTTP/1.1" 302 2805 "-" "Mozilla/5.0 (Windows NT 10.0; Win64; x64) AppleWebKit/537.36"
172.71.198.172 - - [15/Jun/2026:06:38:07 +0300] "GET /404 HTTP/1.1" 302 3411 "-" "Mozilla/5.0 (Windows NT 10.0; Win64; x64) AppleWebKit/537.36"
172.71.198.172 - - [15/Jun/2026:06:38:08 +0300] "GET / HTTP/1.1" 200 128077 "-" "Mozilla/5.0 (Windows NT 10.0; Win64; x64) AppleWebKit/537.36"
172.71.202.173 - - [15/Jun/2026:06:38:09 +0300] "GET /upload_8401.php HTTP/1.1" 302 3429 "-" "Mozilla/5.0 (Windows NT 10.0; Win64; x64) AppleWebKit/537.36"
172.71.202.173 - - [15/Jun/2026:06:38:09 +0300] "GET /404 HTTP/1.1" 302 3417 "-" "Mozilla/5.0 (Windows NT 10.0; Win64; x64) AppleWebKit/537.36"
172.71.202.173 - - [15/Jun/2026:06:38:10 +0300] "GET / HTTP/1.1" 200 128090 "-" "Mozilla/5.0 (Windows NT 10.0; Win64; x64) AppleWebKit/537.36"
172.71.202.173 - - [15/Jun/2026:06:38:11 +0300] "GET /upload_8401.php HTTP/1.1" 302 3437 "-" "Mozilla/5.0 (Windows NT 10.0; Win64; x64) AppleWebKit/537.36"
172.71.202.173 - - [15/Jun/2026:06:38:12 +0300] "GET /404 HTTP/1.1" 302 3415 "-" "Mozilla/5.0 (Windows NT 10.0; Win64; x64) AppleWebKit/537.36"
172.71.202.173 - - [15/Jun/2026:06:38:12 +0300] "GET / HTTP/1.1" 200 128004 "-" "Mozilla/5.0 (Windows NT 10.0; Win64; x64) AppleWebKit/537.36"
172.70.218.196 - - [15/Jun/2026:06:38:14 +0300] "GET /wp-content/themes/twentyfifteen/inc/upload.php HTTP/1.1" 302 2805 "-" "Mozilla/5.0 (Windows NT 10.0; Win64; x64) AppleWebKit/537.36"
172.70.218.196 - - [15/Jun/2026:06:38:15 +0300] "GET /404 HTTP/1.1" 302 3413 "-" "Mozilla/5.0 (Windows NT 10.0; Win64; x64) AppleWebKit/537.36"
172.69.222.167 - - [15/Jun/2026:06:38:15 +0300] "GET /editorler/aa-14?page=147 HTTP/1.1" 200 89888 "-" "Mozilla/5.0 (compatible; Barkrowler/0.9; +https://babbar.tech/crawler)"
172.70.218.196 - - [15/Jun/2026:06:38:15 +0300] "GET / HTTP/1.1" 200 128047 "-" "Mozilla/5.0 (Windows NT 10.0; Win64; x64) AppleWebKit/537.36"
172.70.218.196 - - [15/Jun/2026:06:38:17 +0300] "GET /wp-content/themes/twentyfifteen/inc/upload.php HTTP/1.1" 302 2805 "http://www.haberosmaniye.com" "Mozilla/5.0 (Windows NT 10.0; Win64; x64) AppleWebKit/537.36"
172.70.218.196 - - [15/Jun/2026:06:38:17 +0300] "GET /404 HTTP/1.1" 302 3409 "http://www.haberosmaniye.com" "Mozilla/5.0 (Windows NT 10.0; Win64; x64) AppleWebKit/537.36"
172.70.218.196 - - [15/Jun/2026:06:38:17 +0300] "GET / HTTP/1.1" 200 128094 "http://www.haberosmaniye.com" "Mozilla/5.0 (Windows NT 10.0; Win64; x64) AppleWebKit/537.36"
172.70.218.196 - - [15/Jun/2026:06:38:19 +0300] "GET /wp-content/uploads/upload_9444.php HTTP/1.1" 302 2805 "-" "Mozilla/5.0 (Windows NT 10.0; Win64; x64) AppleWebKit/537.36"
172.70.218.196 - - [15/Jun/2026:06:38:19 +0300] "GET /404 HTTP/1.1" 302 3413 "-" "Mozilla/5.0 (Windows NT 10.0; Win64; x64) AppleWebKit/537.36"
172.70.218.196 - - [15/Jun/2026:06:38:19 +0300] "GET / HTTP/1.1" 200 127997 "-" "Mozilla/5.0 (Windows NT 10.0; Win64; x64) AppleWebKit/537.36"
172.70.218.196 - - [15/Jun/2026:06:38:21 +0300] "GET /wp-content/uploads/upload_9444.php HTTP/1.1" 302 2805 "-" "Mozilla/5.0 (Windows NT 10.0; Win64; x64) AppleWebKit/537.36"
172.68.225.47 - - [15/Jun/2026:06:38:20 +0300] "GET /haber/osyaddan-moral-etkinligi-9217 HTTP/1.1" 200 128958 "https://www.haberosmaniye.com/haber/osyaddan-moral-etkinligi-9217" "Mozilla/5.0 (Macintosh; Intel Mac OS X 10_15_7) AppleWebKit/537.36 (KHTML, like Gecko) Chrome/119.0.0.0 Safari/537.36"
172.70.218.196 - - [15/Jun/2026:06:38:21 +0300] "GET /404 HTTP/1.1" 302 3417 "-" "Mozilla/5.0 (Windows NT 10.0; Win64; x64) AppleWebKit/537.36"
172.70.218.196 - - [15/Jun/2026:06:38:21 +0300] "GET / HTTP/1.1" 200 128098 "-" "Mozilla/5.0 (Windows NT 10.0; Win64; x64) AppleWebKit/537.36"
104.23.176.7 - - [15/Jun/2026:06:38:24 +0300] "GET /haber/374-gram-uyusturucu-maddeyle-yakalandi-tutuklandi-7269 HTTP/1.1" 200 128055 "https://www.haberosmaniye.com/haber/emekli-ogretmen-45-yillik-muzik-sevdasini-asilamayi-surduruyor-7268" "Mozilla/5.0 (Linux; Android 7.0;) AppleWebKit/537.36 (HTML, like Gecko) Mobile Safari/537.36 (compatible; PetalBot;+https://webmaster.petalsearch.com/site/petalbot)"
172.71.198.172 - - [15/Jun/2026:06:38:26 +0300] "GET /wp-content/plugins/formidable/upload_9444.php HTTP/1.1" 302 2805 "-" "Mozilla/5.0 (Windows NT 10.0; Win64; x64) AppleWebKit/537.36"
172.71.198.172 - - [15/Jun/2026:06:38:27 +0300] "GET /404 HTTP/1.1" 302 3409 "-" "Mozilla/5.0 (Windows NT 10.0; Win64; x64) AppleWebKit/537.36"
172.71.198.172 - - [15/Jun/2026:06:38:27 +0300] "GET / HTTP/1.1" 200 128075 "-" "Mozilla/5.0 (Windows NT 10.0; Win64; x64) AppleWebKit/537.36"
172.71.198.172 - - [15/Jun/2026:06:38:28 +0300] "GET /wp-content/plugins/formidable/upload_9444.php HTTP/1.1" 302 2805 "-" "Mozilla/5.0 (Windows NT 10.0; Win64; x64) AppleWebKit/537.36"
172.71.198.172 - - [15/Jun/2026:06:38:28 +0300] "GET /404 HTTP/1.1" 302 3411 "-" "Mozilla/5.0 (Windows NT 10.0; Win64; x64) AppleWebKit/537.36"
172.71.198.172 - - [15/Jun/2026:06:38:29 +0300] "GET / HTTP/1.1" 200 127986 "-" "Mozilla/5.0 (Windows NT 10.0; Win64; x64) AppleWebKit/537.36"
172.71.232.66 - - [15/Jun/2026:06:38:30 +0300] "GET /editorler/aa-14?page=140 HTTP/1.1" 200 90528 "-" "Mozilla/5.0 (compatible; Barkrowler/0.9; +https://babbar.tech/crawler)"
172.69.135.123 - - [15/Jun/2026:06:38:38 +0300] "GET /haber/hatayda-cikan-orman-yangini-kontrol-altina-alindi-16145 HTTP/1.1" 200 127978 "-" "Mozilla/5.0 (Macintosh; Intel Mac OS X 10_15_7) AppleWebKit/605.1.15 (KHTML, like Gecko) Version/16.0 Safari/605.1.15"
172.69.94.210 - - [15/Jun/2026:06:38:41 +0300] "GET /wp-content/themes/upload_9444.php HTTP/1.1" 302 2805 "-" "Mozilla/5.0 (Windows NT 10.0; Win64; x64) AppleWebKit/537.36"
172.69.94.210 - - [15/Jun/2026:06:38:42 +0300] "GET /404 HTTP/1.1" 302 3411 "-" "Mozilla/5.0 (Windows NT 10.0; Win64; x64) AppleWebKit/537.36"
172.69.94.210 - - [15/Jun/2026:06:38:43 +0300] "GET / HTTP/1.1" 200 128058 "-" "Mozilla/5.0 (Windows NT 10.0; Win64; x64) AppleWebKit/537.36"
104.23.209.202 - - [15/Jun/2026:06:38:44 +0300] "GET /haber/adanada-operasyon-ve-denetimlerde-43-ruhsatsiz-silah-ele-gecirildi-13579 HTTP/1.1" 200 127855 "-" "Mozilla/5.0 (compatible; SemrushBot/7~bl; +http://www.semrush.com/bot.html)"
172.69.94.210 - - [15/Jun/2026:06:38:45 +0300] "GET /wp-content/themes/upload_9444.php HTTP/1.1" 302 2805 "-" "Mozilla/5.0 (Windows NT 10.0; Win64; x64) AppleWebKit/537.36"
172.69.94.210 - - [15/Jun/2026:06:38:45 +0300] "GET /404 HTTP/1.1" 302 3411 "-" "Mozilla/5.0 (Windows NT 10.0; Win64; x64) AppleWebKit/537.36"
104.23.225.89 - - [15/Jun/2026:06:38:46 +0300] "GET /editorler/aa-14?page=142 HTTP/1.1" 200 90262 "-" "Mozilla/5.0 (compatible; Barkrowler/0.9; +https://babbar.tech/crawler)"
172.69.94.210 - - [15/Jun/2026:06:38:46 +0300] "GET / HTTP/1.1" 200 128083 "-" "Mozilla/5.0 (Windows NT 10.0; Win64; x64) AppleWebKit/537.36"
172.68.245.186 - - [15/Jun/2026:06:39:00 +0300] "GET /haber/sampiyon-dovusculerden-valiye-ziyaret-11443 HTTP/1.1" 200 129188 "-" "Mozilla/5.0 (compatible; SemrushBot/7~bl; +http://www.semrush.com/bot.html)"
141.101.68.59 - - [15/Jun/2026:06:39:01 +0300] "GET /editorler/aa-14?page=141 HTTP/1.1" 200 90473 "-" "Mozilla/5.0 (compatible; Barkrowler/0.9; +https://babbar.tech/crawler)"
172.70.218.196 - - [15/Jun/2026:06:39:04 +0300] "GET /upload_9444.php HTTP/1.1" 302 3437 "-" "Mozilla/5.0 (Windows NT 10.0; Win64; x64) AppleWebKit/537.36"
172.70.218.196 - - [15/Jun/2026:06:39:04 +0300] "GET /404 HTTP/1.1" 302 3413 "-" "Mozilla/5.0 (Windows NT 10.0; Win64; x64) AppleWebKit/537.36"
172.70.218.196 - - [15/Jun/2026:06:39:05 +0300] "GET / HTTP/1.1" 200 127979 "-" "Mozilla/5.0 (Windows NT 10.0; Win64; x64) AppleWebKit/537.36"
172.70.218.196 - - [15/Jun/2026:06:39:07 +0300] "GET /upload_9444.php HTTP/1.1" 302 3431 "-" "Mozilla/5.0 (Windows NT 10.0; Win64; x64) AppleWebKit/537.36"
172.70.218.196 - - [15/Jun/2026:06:39:07 +0300] "GET /404 HTTP/1.1" 302 3409 "-" "Mozilla/5.0 (Windows NT 10.0; Win64; x64) AppleWebKit/537.36"
172.70.218.196 - - [15/Jun/2026:06:39:07 +0300] "GET / HTTP/1.1" 200 127991 "-" "Mozilla/5.0 (Windows NT 10.0; Win64; x64) AppleWebKit/537.36"
162.158.235.166 - - [15/Jun/2026:06:39:09 +0300] "GET /wp-admin/async-upload.php HTTP/1.1" 302 2805 "-" "Mozilla/5.0 (Windows NT 10.0; Win64; x64) AppleWebKit/537.36"
162.158.235.166 - - [15/Jun/2026:06:39:10 +0300] "GET /404 HTTP/1.1" 302 3407 "-" "Mozilla/5.0 (Windows NT 10.0; Win64; x64) AppleWebKit/537.36"
172.71.191.52 - - [15/Jun/2026:06:39:10 +0300] "GET /haber/ismail-kayadan-hocali-katliami-aciklamasi-1831 HTTP/1.1" 500 3971 "-" "meta-externalagent/1.1 (+https://developers.facebook.com/docs/sharing/webmasters/crawler)"
162.158.235.166 - - [15/Jun/2026:06:39:10 +0300] "GET / HTTP/1.1" 200 128074 "-" "Mozilla/5.0 (Windows NT 10.0; Win64; x64) AppleWebKit/537.36"
162.158.235.166 - - [15/Jun/2026:06:39:11 +0300] "GET /wp-content/uploads/classic-editor.php HTTP/1.1" 302 2805 "-" "Mozilla/5.0 (Windows NT 10.0; Win64; x64) AppleWebKit/537.36"
162.158.235.166 - - [15/Jun/2026:06:39:11 +0300] "GET /404 HTTP/1.1" 302 3411 "-" "Mozilla/5.0 (Windows NT 10.0; Win64; x64) AppleWebKit/537.36"
162.158.235.166 - - [15/Jun/2026:06:39:12 +0300] "GET / HTTP/1.1" 200 128017 "-" "Mozilla/5.0 (Windows NT 10.0; Win64; x64) AppleWebKit/537.36"
104.23.211.203 - - [15/Jun/2026:06:39:16 +0300] "GET /haber/Hatayda-yikim-calismalari-sirasinda-2-bina-tedbiren-bosaltildi-10007 HTTP/1.1" 200 128296 "-" "Mozilla/5.0 (compatible; SemrushBot/7~bl; +http://www.semrush.com/bot.html)"
172.71.232.66 - - [15/Jun/2026:06:39:17 +0300] "GET /editorler/aa-14?page=148 HTTP/1.1" 200 89909 "-" "Mozilla/5.0 (compatible; Barkrowler/0.9; +https://babbar.tech/crawler)"
172.71.198.172 - - [15/Jun/2026:06:39:19 +0300] "GET /wp-content/uploads/2026/06/classic-editor.php HTTP/1.1" 302 2805 "-" "Mozilla/5.0 (Windows NT 10.0; Win64; x64) AppleWebKit/537.36"
172.71.198.172 - - [15/Jun/2026:06:39:19 +0300] "GET /404 HTTP/1.1" 302 3409 "-" "Mozilla/5.0 (Windows NT 10.0; Win64; x64) AppleWebKit/537.36"
172.71.198.172 - - [15/Jun/2026:06:39:19 +0300] "GET / HTTP/1.1" 200 128073 "-" "Mozilla/5.0 (Windows NT 10.0; Win64; x64) AppleWebKit/537.36"
172.68.242.10 - - [15/Jun/2026:06:39:23 +0300] "GET /haber/16-mart-2021-osmaniyede-vefat-edenler-2736 HTTP/1.1" 500 3969 "https://www.haberosmaniye.com/editorler/admin-1?page=172" "Mozilla/5.0 (Linux; Android 7.0;) AppleWebKit/537.36 (HTML, like Gecko) Mobile Safari/537.36 (compatible; PetalBot;+https://webmaster.petalsearch.com/site/petalbot)"
104.22.20.191 - - [15/Jun/2026:06:39:27 +0300] "GET /haber/oku-ankarada-duzenlenecek-tercih-fuarinda-yerini-alacak-16301 HTTP/1.1" 200 129827 "-" "Mozilla/5.0 (Macintosh; Intel Mac OS X 13_0) AppleWebKit/605.1.15 (KHTML, like Gecko) Version/16.0 Safari/605.1.15"
172.69.222.166 - - [15/Jun/2026:06:39:32 +0300] "GET /editorler/aa-14?page=95 HTTP/1.1" 200 89905 "-" "Mozilla/5.0 (compatible; Barkrowler/0.9; +https://babbar.tech/crawler)"
104.23.213.38 - - [15/Jun/2026:06:39:47 +0300] "GET /images/haberler/2024/12/d-vitamini-gunesin-sagliginiza-dokunan-gucu-1735324023.png HTTP/1.1" 200 35266 "-" "Mozilla/5.0 (Macintosh; Intel Mac OS X 10_15_7) AppleWebKit/605.1.15 (KHTML, like Gecko) Version/17.4 Safari/605.1.15 (Applebot/0.1; +http://www.apple.com/go/applebot)"
172.71.134.120 - - [15/Jun/2026:06:39:48 +0300] "GET /editorler/aa-14?page=97 HTTP/1.1" 200 90375 "-" "Mozilla/5.0 (compatible; Barkrowler/0.9; +https://babbar.tech/crawler)"
172.68.245.186 - - [15/Jun/2026:06:39:52 +0300] "GET /haber/burdurda-seyir-halindeki-tirin-dorsesi-ayrilip-otomobile-carpti-10762 HTTP/1.1" 200 128856 "-" "Mozilla/5.0 (compatible; SemrushBot/7~bl; +http://www.semrush.com/bot.html)"
172.68.174.117 - - [15/Jun/2026:06:39:57 +0300] "GET / HTTP/1.1" 200 128013 "-" "Mozilla/5.0 (X11; Ubuntu; Linux x86_64; rv:80.0) Gecko/20100101 Firefox/80.0"
172.71.118.207 - - [15/Jun/2026:06:40:03 +0300] "GET /editorler/aa-14?page=93 HTTP/1.1" 200 90108 "-" "Mozilla/5.0 (compatible; Barkrowler/0.9; +https://babbar.tech/crawler)"
172.71.155.105 - - [15/Jun/2026:06:40:10 +0300] "GET /haber/hatayda-denizde-turk-bayragi-acildi-16161 HTTP/1.1" 200 128130 "-" "Mozilla/5.0 (X11; Linux x86_64) AppleWebKit/537.36 (KHTML, like Gecko) Chrome/133.0.0.0 Safari/537.36"
172.70.39.216 - - [15/Jun/2026:06:40:16 +0300] "GET /haber/vali-erdinc-yilmazdan-anlamli-cagri-kimse-sogukta-kalmasin-26068 HTTP/1.1" 200 129432 "-" "meta-externalagent/1.1 (+https://developers.facebook.com/docs/sharing/webmasters/crawler)"
172.69.222.166 - - [15/Jun/2026:06:40:19 +0300] "GET /editorler/aa-14?page=94 HTTP/1.1" 200 89776 "-" "Mozilla/5.0 (compatible; Barkrowler/0.9; +https://babbar.tech/crawler)"
162.158.182.59 - - [15/Jun/2026:06:40:21 +0300] "HEAD /rss.xml HTTP/1.1" 302 2996 "-" "FeedBurner/1.0 (http://www.FeedBurner.com)"
104.23.221.137 - - [15/Jun/2026:06:40:22 +0300] "HEAD /404 HTTP/1.1" 302 2992 "-" "FeedBurner/1.0 (http://www.FeedBurner.com)"
104.23.221.36 - - [15/Jun/2026:06:40:22 +0300] "HEAD / HTTP/1.1" 200 2958 "-" "FeedBurner/1.0 (http://www.FeedBurner.com)"
172.68.183.66 - - [15/Jun/2026:06:40:23 +0300] "GET /rss.xml HTTP/1.1" 302 3418 "-" "FeedBurner/1.0 (http://www.FeedBurner.com)"
162.158.182.59 - - [15/Jun/2026:06:40:23 +0300] "GET /404 HTTP/1.1" 302 3413 "-" "FeedBurner/1.0 (http://www.FeedBurner.com)"
104.23.221.137 - - [15/Jun/2026:06:40:24 +0300] "GET / HTTP/1.1" 200 128007 "-" "FeedBurner/1.0 (http://www.FeedBurner.com)"
172.71.191.52 - - [15/Jun/2026:06:40:25 +0300] "GET /haber/sarkici-Buray-Kumlucadaki-festivalde-konser-verdi-13693 HTTP/1.1" 200 125993 "-" "Mozilla/5.0 (compatible; SemrushBot/7~bl; +http://www.semrush.com/bot.html)"
172.70.39.216 - - [15/Jun/2026:06:40:33 +0300] "GET / HTTP/1.1" 200 128004 "-" "Mozilla/5.0 (compatible; Googlebot/2.1; +http://www.google.com/bot.html)"
162.158.210.202 - - [15/Jun/2026:06:40:34 +0300] "GET /rss/genel-0 HTTP/1.1" 200 274890 "-" "Mozilla/5.0 (Windows NT 10.0; Win64; x64) Newsly-RSS-Bot"
104.23.225.89 - - [15/Jun/2026:06:40:34 +0300] "GET /editorler/aa-14?page=65 HTTP/1.1" 200 90664 "-" "Mozilla/5.0 (compatible; Barkrowler/0.9; +https://babbar.tech/crawler)"
104.22.101.72 - - [15/Jun/2026:06:40:35 +0300] "GET /hava-durumu/ajax?sehir_isim=80 HTTP/1.1" 200 3043 "https://www.haberosmaniye.com/" "Mozilla/5.0 AppleWebKit/537.36 (KHTML, like Gecko; compatible; Googlebot/2.1; +http://www.google.com/bot.html) Chrome/148.0.7778.96 Safari/537.36"
162.159.115.26 - - [15/Jun/2026:06:40:42 +0300] "GET /amp/baskan-cenetten-dolandiricilik-uyarisi-23631 HTTP/1.1" 200 59786 "-" "Mozilla/5.0 AppleWebKit/537.36 (KHTML, like Gecko; compatible; ClaudeBot/1.0; +claudebot@anthropic.com)"
162.159.115.26 - - [15/Jun/2026:06:40:42 +0300] "GET /amp/bahcede-cocuklar-sanatla-4-kez-bulustu-23620 HTTP/1.1" 200 60085 "-" "Mozilla/5.0 AppleWebKit/537.36 (KHTML, like Gecko; compatible; ClaudeBot/1.0; +claudebot@anthropic.com)"
172.71.152.54 - - [15/Jun/2026:06:40:47 +0300] "GET /haber/12-yil-hapis-cezasiyla-aranan-hukumlu-yakalandi-6159 HTTP/1.1" 500 3969 "https://haberosmaniye.com/haber/yeni-dogan-bebegin-nufus-tescili-hastanede-yapilacak-6160" "Mozilla/5.0 (Linux; Android 7.0;) AppleWebKit/537.36 (HTML, like Gecko) Mobile Safari/537.36 (compatible; PetalBot;+https://webmaster.petalsearch.com/site/petalbot)"
104.23.225.89 - - [15/Jun/2026:06:40:50 +0300] "GET /editorler/aa-14?page=126 HTTP/1.1" 200 90122 "-" "Mozilla/5.0 (compatible; Barkrowler/0.9; +https://babbar.tech/crawler)"
172.70.39.216 - - [15/Jun/2026:06:40:57 +0300] "GET /haber/Mersinde-208-bin-830-makaron-ele-gecirildi-20709 HTTP/1.1" 200 127040 "-" "Mozilla/5.0 (compatible; SemrushBot/7~bl; +http://www.semrush.com/bot.html)"
162.159.120.186 - - [15/Jun/2026:06:41:01 +0300] "GET /images/haberler/1729323903-1662320432.jpg HTTP/1.1" 200 156041 "-" "Mozilla/5.0 AppleWebKit/537.36 (KHTML, like Gecko; compatible; bingbot/2.0; +http://www.bing.com/bingbot.htm) Chrome/116.0.1938.76 Safari/537.36"
104.23.225.89 - - [15/Jun/2026:06:41:05 +0300] "GET /editorler/aa-14?page=121 HTTP/1.1" 200 89882 "-" "Mozilla/5.0 (compatible; Barkrowler/0.9; +https://babbar.tech/crawler)"
104.23.211.202 - - [15/Jun/2026:06:41:06 +0300] "GET /haber/mersinde-ev-yangininda-hasar-olustu-21232 HTTP/1.1" 200 126486 "-" "Mozilla/5.0 (compatible; SemrushBot/7~bl; +http://www.semrush.com/bot.html)"
104.22.105.52 - - [15/Jun/2026:06:41:10 +0300] "GET /haber/osmaniyede-asayis-uygulamalarinda-yakalanan-3-supheli-tutuklandi-20242 HTTP/1.1" 200 128690 "-" "Mozilla/5.0 (compatible; SemrushBot/7~bl; +http://www.semrush.com/bot.html)"
104.22.20.41 - - [15/Jun/2026:06:41:17 +0300] "GET /haber/osmaniyede-kom-ekiplerinden-kacak-akaryakit-operasyonu-26953 HTTP/1.1" 200 128648 "-" "Mozilla/5.0 (iPhone; CPU iPhone OS 13_2_3 like Mac OS X) AppleWebKit/605.1.15 (KHTML, like Gecko) Version/13.0.3 Mobile/15E148 Safari/604.1"
162.158.110.56 - - [15/Jun/2026:06:41:18 +0300] "GET /rss/genel-0 HTTP/1.1" 200 274871 "-" "Rome Client (http://tinyurl.com/64t5n) Ver: UNKNOWN"
162.159.115.26 - - [15/Jun/2026:06:41:20 +0300] "GET /amp/en-hamarat-kadin-osmaniyeli-seda-demir-oldu-23625 HTTP/1.1" 200 59208 "-" "Mozilla/5.0 AppleWebKit/537.36 (KHTML, like Gecko; compatible; ClaudeBot/1.0; +claudebot@anthropic.com)"
172.71.118.206 - - [15/Jun/2026:06:41:21 +0300] "GET /editorler/aa-14?page=80 HTTP/1.1" 200 89809 "-" "Mozilla/5.0 (compatible; Barkrowler/0.9; +https://babbar.tech/crawler)"
172.69.251.132 - - [15/Jun/2026:06:41:21 +0300] "GET / HTTP/1.1" 200 128012 "-" "axios/1.6.7"
104.22.101.72 - - [15/Jun/2026:06:41:23 +0300] "GET /haber/batmanda-burak-grossa-gorkemli-acilis-1891 HTTP/1.1" 500 3971 "-" "meta-externalagent/1.1 (+https://developers.facebook.com/docs/sharing/webmasters/crawler)"
104.23.211.202 - - [15/Jun/2026:06:41:24 +0300] "GET /haber/osmaniyeli-akademisyen-aybala-usta-hayatini-kaybetti-25086 HTTP/1.1" 200 128765 "-" "Mozilla/5.0 (compatible; SemrushBot/7~bl; +http://www.semrush.com/bot.html)"
104.23.176.8 - - [15/Jun/2026:06:41:29 +0300] "GET /fransada-kisitlamalar-gevsetiliyor/amp/ HTTP/1.1" 301 2677 "https://www.haberosmaniye.com/kritik-gorusme-biden-ve-putin-bir-araya-geldi/amp/" "Mozilla/5.0 (Linux; Android 7.0;) AppleWebKit/537.36 (HTML, like Gecko) Mobile Safari/537.36 (compatible; PetalBot;+https://webmaster.petalsearch.com/site/petalbot)"
172.70.147.205 - - [15/Jun/2026:06:41:31 +0300] "GET /public/fransada-kisitlamalar-gevsetiliyor/amp HTTP/1.1" 302 2840 "https://www.haberosmaniye.com/kritik-gorusme-biden-ve-putin-bir-araya-geldi/amp/" "Mozilla/5.0 (Linux; Android 7.0;) AppleWebKit/537.36 (HTML, like Gecko) Mobile Safari/537.36 (compatible; PetalBot;+https://webmaster.petalsearch.com/site/petalbot)"
104.23.197.177 - - [15/Jun/2026:06:41:31 +0300] "GET /amp/karacay-yuruyus-yolunda-supheli-olum-23622 HTTP/1.1" 200 59285 "-" "Mozilla/5.0 AppleWebKit/537.36 (KHTML, like Gecko; compatible; ClaudeBot/1.0; +claudebot@anthropic.com)"
104.23.225.89 - - [15/Jun/2026:06:41:36 +0300] "GET /editorler/aa-14?page=79 HTTP/1.1" 200 90323 "-" "Mozilla/5.0 (compatible; Barkrowler/0.9; +https://babbar.tech/crawler)"
104.23.197.177 - - [15/Jun/2026:06:41:38 +0300] "GET /amp/balikcilar-dortyolda-altin-icin-yarisacak-23627 HTTP/1.1" 200 60343 "-" "Mozilla/5.0 AppleWebKit/537.36 (KHTML, like Gecko; compatible; ClaudeBot/1.0; +claudebot@anthropic.com)"
104.23.197.177 - - [15/Jun/2026:06:41:38 +0300] "GET /amp/kadirli-vefat-edenler-29-nisan-2025-23628 HTTP/1.1" 200 58855 "-" "Mozilla/5.0 AppleWebKit/537.36 (KHTML, like Gecko; compatible; ClaudeBot/1.0; +claudebot@anthropic.com)"
172.71.152.54 - - [15/Jun/2026:06:41:46 +0300] "GET /public/404 HTTP/1.1" 302 3448 "https://www.haberosmaniye.com/kritik-gorusme-biden-ve-putin-bir-araya-geldi/amp/" "Mozilla/5.0 (Linux; Android 7.0;) AppleWebKit/537.36 (HTML, like Gecko) Mobile Safari/537.36 (compatible; PetalBot;+https://webmaster.petalsearch.com/site/petalbot)"
162.158.88.78 - - [15/Jun/2026:06:41:47 +0300] "GET /public HTTP/1.1" 301 2601 "https://www.haberosmaniye.com/kritik-gorusme-biden-ve-putin-bir-araya-geldi/amp/" "Mozilla/5.0 (Linux; Android 7.0;) AppleWebKit/537.36 (HTML, like Gecko) Mobile Safari/537.36 (compatible; PetalBot;+https://webmaster.petalsearch.com/site/petalbot)"
104.22.101.72 - - [15/Jun/2026:06:41:48 +0300] "GET /haber/tarsusta-park-halindeki-otomobile-carpan-hafif-ticari-aractaki-3-kisi-yaralandi-21763 HTTP/1.1" 200 129177 "-" "Mozilla/5.0 (compatible; SemrushBot/7~bl; +http://www.semrush.com/bot.html)"
172.71.124.217 - - [15/Jun/2026:06:41:49 +0300] "GET /public/ HTTP/1.1" 200 129898 "https://www.haberosmaniye.com/kritik-gorusme-biden-ve-putin-bir-araya-geldi/amp/" "Mozilla/5.0 (Linux; Android 7.0;) AppleWebKit/537.36 (HTML, like Gecko) Mobile Safari/537.36 (compatible; PetalBot;+https://webmaster.petalsearch.com/site/petalbot)"
172.71.126.90 - - [15/Jun/2026:06:41:52 +0300] "GET /editorler/aa-14?page=89 HTTP/1.1" 200 89696 "-" "Mozilla/5.0 (compatible; Barkrowler/0.9; +https://babbar.tech/crawler)"
172.69.251.132 - - [15/Jun/2026:06:41:56 +0300] "GET / HTTP/1.1" 200 127983 "-" "axios/1.6.7"
172.69.135.123 - - [15/Jun/2026:06:41:56 +0300] "GET /haber/milletvekili-kaya-tip-bayramini-kutladi-8727 HTTP/1.1" 200 128295 "-" "Mozilla/5.0 (Macintosh; Intel Mac OS X 10_15_7) AppleWebKit/605.1.15 (KHTML, like Gecko) Version/16.0 Safari/605.1.15"
104.23.160.183 - - [15/Jun/2026:06:42:01 +0300] "GET / HTTP/1.1" 200 127984 "-" "Mozilla/5.0 (X11; Ubuntu; Linux x86_64; rv:80.0) Gecko/20100101 Firefox/80.0"
172.71.195.41 - - [15/Jun/2026:06:42:03 +0300] "GET /haber/borsa-gunu-yukselisle-tamamladi-23 HTTP/1.1" 500 3971 "-" "meta-externalagent/1.1 (+https://developers.facebook.com/docs/sharing/webmasters/crawler)"
104.23.211.202 - - [15/Jun/2026:06:42:04 +0300] "GET /haber/mersinin-simge-yapilarindan-kirmizi-lacivert-ishaninda-yikim-hazirliklari-basladi-20358 HTTP/1.1" 200 129922 "-" "Mozilla/5.0 (compatible; SemrushBot/7~bl; +http://www.semrush.com/bot.html)"
172.71.130.156 - - [15/Jun/2026:06:42:07 +0300] "GET /editorler/aa-14?page=77 HTTP/1.1" 200 90926 "-" "Mozilla/5.0 (compatible; Barkrowler/0.9; +https://babbar.tech/crawler)"
104.23.209.202 - - [15/Jun/2026:06:42:08 +0300] "GET /haber/gaziantepe-sehir-tiyatrosu-yakisacak-2947 HTTP/1.1" 500 3977 "-" "meta-externalagent/1.1 (+https://developers.facebook.com/docs/sharing/webmasters/crawler)"
172.71.195.41 - - [15/Jun/2026:06:42:10 +0300] "GET /haber/mersinde-silah-kacakciligi-operasyonunda-7-zanli-yakalandi-14813 HTTP/1.1" 200 127182 "-" "Mozilla/5.0 (compatible; SemrushBot/7~bl; +http://www.semrush.com/bot.html)"
104.23.211.202 - - [15/Jun/2026:06:42:12 +0300] "GET /haber/kocaelide-egitim-sene-izmit-belediyesinden-ziyaret-3299 HTTP/1.1" 500 3973 "-" "meta-externalagent/1.1 (+https://developers.facebook.com/docs/sharing/webmasters/crawler)"
172.70.39.216 - - [15/Jun/2026:06:42:18 +0300] "GET /haber/fransadan-turkiye-karari-4899 HTTP/1.1" 500 3969 "-" "meta-externalagent/1.1 (+https://developers.facebook.com/docs/sharing/webmasters/crawler)"
172.71.124.217 - - [15/Jun/2026:06:42:20 +0300] "GET /evinden-300-bin-liralik-uyusturucu-madde-cikti.html/amp HTTP/1.1" 302 2805 "https://www.haberosmaniye.com/amp/page/6" "Mozilla/5.0 (Linux; Android 7.0;) AppleWebKit/537.36 (HTML, like Gecko) Mobile Safari/537.36 (compatible; PetalBot;+https://webmaster.petalsearch.com/site/petalbot)"
172.70.208.123 - - [15/Jun/2026:06:42:21 +0300] "GET /404 HTTP/1.1" 302 3413 "https://www.haberosmaniye.com/amp/page/6" "Mozilla/5.0 (Linux; Android 7.0;) AppleWebKit/537.36 (HTML, like Gecko) Mobile Safari/537.36 (compatible; PetalBot;+https://webmaster.petalsearch.com/site/petalbot)"
162.158.162.104 - - [15/Jun/2026:06:42:22 +0300] "GET / HTTP/1.1" 200 128068 "https://www.haberosmaniye.com/amp/page/6" "Mozilla/5.0 (Linux; Android 7.0;) AppleWebKit/537.36 (HTML, like Gecko) Mobile Safari/537.36 (compatible; PetalBot;+https://webmaster.petalsearch.com/site/petalbot)"
162.159.115.26 - - [15/Jun/2026:06:42:22 +0300] "GET /amp/mersinde-devrilen-hafif-ticari-aracin-surucusu-hayatini-kaybetti-19929 HTTP/1.1" 200 58393 "-" "Mozilla/5.0 AppleWebKit/537.36 (KHTML, like Gecko; compatible; ClaudeBot/1.0; +claudebot@anthropic.com)"
162.159.115.26 - - [15/Jun/2026:06:42:23 +0300] "GET /amp/ucurtma-senligi-renkli-goruntulere-sahne-oldu-23652 HTTP/1.1" 200 59735 "-" "Mozilla/5.0 AppleWebKit/537.36 (KHTML, like Gecko; compatible; ClaudeBot/1.0; +claudebot@anthropic.com)"
172.69.222.167 - - [15/Jun/2026:06:42:23 +0300] "GET /editorler/aa-14?page=270 HTTP/1.1" 200 89861 "-" "Mozilla/5.0 (compatible; Barkrowler/0.9; +https://babbar.tech/crawler)"
172.71.191.52 - - [15/Jun/2026:06:42:24 +0300] "GET /haber/kadirlide-z-kutuphanenin-acilisi-yapildi-3161 HTTP/1.1" 500 3969 "-" "meta-externalagent/1.1 (+https://developers.facebook.com/docs/sharing/webmasters/crawler)"
162.158.152.194 - - [15/Jun/2026:06:42:30 +0300] "GET /haber/karacay-projelerinin-destek-sozlesmeleri-imzalandi-2073 HTTP/1.1" 500 3967 "-" "meta-externalagent/1.1 (+https://developers.facebook.com/docs/sharing/webmasters/crawler)"
172.71.191.52 - - [15/Jun/2026:06:42:31 +0300] "GET /haber/kahramanmarasta-geleneksel-turk-okculugu-yarismasi-duzenlendi-11395 HTTP/1.1" 200 132124 "-" "Mozilla/5.0 (compatible; SemrushBot/7~bl; +http://www.semrush.com/bot.html)"
104.22.104.58 - - [15/Jun/2026:06:42:34 +0300] "GET /haber/antalyada-otomobilin-carptigi-motosikletin-surucusu-hayatini-kaybetti-21712 HTTP/1.1" 200 128694 "-" "Mozilla/5.0 AppleWebKit/537.36 (KHTML, like Gecko; compatible; Amazonbot/0.1; +https://developer.amazon.com/support/amazonbot) Chrome/119.0.6045.214 Safari/537.36"
104.23.197.177 - - [15/Jun/2026:06:42:35 +0300] "GET /amp/osmaniyede-personele-intihari-onleme-egitimi-verildi-23673 HTTP/1.1" 200 59725 "-" "Mozilla/5.0 AppleWebKit/537.36 (KHTML, like Gecko; compatible; ClaudeBot/1.0; +claudebot@anthropic.com)"
172.70.39.216 - - [15/Jun/2026:06:42:35 +0300] "GET /haber/yazin-parfum-sikarken-dikkat-5534 HTTP/1.1" 500 3967 "-" "Mozilla/5.0 AppleWebKit/537.36 (KHTML, like Gecko; compatible; Amazonbot/0.1; +https://developer.amazon.com/support/amazonbot) Chrome/119.0.6045.214 Safari/537.36"
104.23.209.229 - - [15/Jun/2026:06:42:37 +0300] "GET /haber/antalyada-4-akdenizin-gelecegi-calistayi-duzenlendi-21365 HTTP/1.1" 200 128673 "-" "Mozilla/5.0 AppleWebKit/537.36 (KHTML, like Gecko; compatible; Amazonbot/0.1; +https://developer.amazon.com/support/amazonbot) Chrome/119.0.6045.214 Safari/537.36"
104.23.168.26 - - [15/Jun/2026:06:42:38 +0300] "GET /public/editorler/haber-osmaniye-13?page=417 HTTP/1.1" 200 91019 "https://www.haberosmaniye.com/public/editorler/haber-osmaniye-13?page=417" "Mozilla/5.0 (Windows NT 10.0; Win64; x64) AppleWebKit/537.36 (KHTML, like Gecko) Chrome/101.0.4951.64 Safari/537.36 Edg/101.0.1210.47"
172.71.118.207 - - [15/Jun/2026:06:42:39 +0300] "GET /editorler/aa-14?page=253 HTTP/1.1" 200 89663 "-" "Mozilla/5.0 (compatible; Barkrowler/0.9; +https://babbar.tech/crawler)"
172.70.39.216 - - [15/Jun/2026:06:42:39 +0300] "GET /haber/istanbulu-kosuyorum-2021-kadinlar-gunu-etabi-na-sigortayeri-destegi-5320 HTTP/1.1" 500 3967 "-" "Mozilla/5.0 AppleWebKit/537.36 (KHTML, like Gecko; compatible; Amazonbot/0.1; +https://developer.amazon.com/support/amazonbot) Chrome/119.0.6045.214 Safari/537.36"
104.23.209.202 - - [15/Jun/2026:06:42:43 +0300] "GET /haber/adanada-motosiklet-uretim-tesisinde-cikan-yangin-kontrol-altina-alindi-13645 HTTP/1.1" 200 128547 "-" "Mozilla/5.0 AppleWebKit/537.36 (KHTML, like Gecko; compatible; Amazonbot/0.1; +https://developer.amazon.com/support/amazonbot) Chrome/119.0.6045.214 Safari/537.36"
104.22.101.86 - - [15/Jun/2026:06:42:44 +0300] "GET /images/haberler/2024/12/antalyada-otomobilin-carptigi-motosikletin-surucusu-hayatini-kaybetti-1734509198.jpg HTTP/1.1" 200 172832 "-" "Mozilla/5.0 AppleWebKit/537.36 (KHTML, like Gecko; compatible; Amazonbot/0.1; +https://developer.amazon.com/support/amazonbot) Chrome/119.0.6045.214 Safari/537.36"
104.23.209.229 - - [15/Jun/2026:06:42:45 +0300] "GET /haber/kadirlide-ademde-aile-ve-manevi-degerler-sohbeti-25482 HTTP/1.1" 200 128824 "-" "Mozilla/5.0 AppleWebKit/537.36 (KHTML, like Gecko; compatible; Amazonbot/0.1; +https://developer.amazon.com/support/amazonbot) Chrome/119.0.6045.214 Safari/537.36"
104.22.101.14 - - [15/Jun/2026:06:42:46 +0300] "GET /haber/vali-yilmazdan-sehit-orman-iscisinin-ailesine-ziyaret-24701 HTTP/1.1" 200 128177 "-" "Mozilla/5.0 AppleWebKit/537.36 (KHTML, like Gecko; compatible; Amazonbot/0.1; +https://developer.amazon.com/support/amazonbot) Chrome/119.0.6045.214 Safari/537.36"
