172.69.214.168 - - [24/May/2026:01:34:11 +0300] "GET /con.php HTTP/1.1" 301 162 "-" "-"
172.69.214.168 - - [24/May/2026:01:34:12 +0300] "GET /test02.php HTTP/1.1" 301 162 "-" "-"
172.69.214.168 - - [24/May/2026:01:34:14 +0300] "GET /smaxx.php HTTP/1.1" 301 162 "-" "-"
172.69.214.168 - - [24/May/2026:01:34:15 +0300] "GET /siapa.php HTTP/1.1" 301 162 "-" "-"
172.69.214.168 - - [24/May/2026:01:34:16 +0300] "GET /channels.php HTTP/1.1" 301 162 "-" "-"
172.69.214.168 - - [24/May/2026:01:34:17 +0300] "GET /example.php HTTP/1.1" 301 162 "-" "-"
172.69.214.168 - - [24/May/2026:01:34:18 +0300] "GET /gh.php HTTP/1.1" 301 162 "-" "-"
172.69.214.168 - - [24/May/2026:01:34:19 +0300] "GET /gzak2w.php HTTP/1.1" 301 162 "-" "-"
172.69.214.168 - - [24/May/2026:01:34:20 +0300] "GET /d0main.php HTTP/1.1" 301 162 "-" "-"
172.69.214.168 - - [24/May/2026:01:34:21 +0300] "GET /.qiofetme.php HTTP/1.1" 301 162 "-" "-"
172.69.214.168 - - [24/May/2026:01:34:23 +0300] "GET /inf.php HTTP/1.1" 301 162 "-" "-"
172.69.214.168 - - [24/May/2026:01:34:24 +0300] "GET /check.php HTTP/1.1" 301 162 "-" "-"
172.69.214.168 - - [24/May/2026:01:34:25 +0300] "GET /minipriv.php HTTP/1.1" 301 162 "-" "-"
172.69.214.168 - - [24/May/2026:01:34:26 +0300] "GET /cal_search.php HTTP/1.1" 301 162 "-" "-"
172.69.214.168 - - [24/May/2026:01:34:27 +0300] "GET /.wp-db.php HTTP/1.1" 301 162 "-" "-"
172.69.214.168 - - [24/May/2026:01:34:28 +0300] "GET /wpm.php HTTP/1.1" 301 162 "-" "-"
172.69.214.168 - - [24/May/2026:01:34:29 +0300] "GET /defines.php HTTP/1.1" 301 162 "-" "-"
172.69.214.168 - - [24/May/2026:01:34:31 +0300] "GET /php-config.php HTTP/1.1" 301 162 "-" "-"
172.69.214.168 - - [24/May/2026:01:34:32 +0300] "GET /of.php HTTP/1.1" 301 162 "-" "-"
172.69.214.168 - - [24/May/2026:01:34:34 +0300] "GET /.phpinfo HTTP/1.1" 301 162 "-" "-"
172.69.214.168 - - [24/May/2026:01:34:36 +0300] "GET /indec.php HTTP/1.1" 301 162 "-" "-"
172.69.214.168 - - [24/May/2026:01:34:37 +0300] "GET /xxl.php HTTP/1.1" 301 162 "-" "-"
172.69.214.168 - - [24/May/2026:01:34:38 +0300] "GET /web.php HTTP/1.1" 301 162 "-" "-"
172.69.214.168 - - [24/May/2026:01:34:39 +0300] "GET /cors.php HTTP/1.1" 301 162 "-" "-"
172.69.214.168 - - [24/May/2026:01:34:40 +0300] "GET /16.php HTTP/1.1" 301 162 "-" "-"
172.69.214.168 - - [24/May/2026:01:34:41 +0300] "GET /secret_keys.php HTTP/1.1" 301 162 "-" "-"
172.69.214.168 - - [24/May/2026:01:34:42 +0300] "GET /disoxrmons.php HTTP/1.1" 301 162 "-" "-"
172.68.164.46 - - [24/May/2026:01:34:58 +0300] "GET /haber/osmaniyede-istilaci-kus-satisi-yapan-is-yerinin-sahibine-para-cezasi-10441 HTTP/1.1" 301 162 "http://www.haberosmaniye.com/haber/osmaniyede-istilaci-kus-satisi-yapan-is-yerinin-sahibine-para-cezasi-10441" "Mozilla/5.0 (Macintosh; Intel Mac OS X 10_15_7) AppleWebKit/537.36 (KHTML, like Gecko) Chrome/123.0.0.0 Safari/537.36"
104.23.168.37 - - [24/May/2026:01:39:58 +0300] "GET /haber/osmaniyede-feto-operasyonu-1-gozalti-9839 HTTP/1.1" 301 162 "http://haberosmaniye.com/haber/osmaniyede-feto-operasyonu-1-gozalti-9839" "Mozilla/5.0 (Windows NT 10.0; Win64; x64) AppleWebKit/537.36 (KHTML, like Gecko) Chrome/116.0.0.0 Safari/537.36"
104.23.175.202 - - [24/May/2026:01:49:57 +0300] "GET /haber/osmaniyede-tarihi-eser-operasyonu-gerceklestirildi-19417 HTTP/1.1" 301 162 "http://haberosmaniye.com/haber/osmaniyede-tarihi-eser-operasyonu-gerceklestirildi-19417" "Mozilla/5.0 (Macintosh; Intel Mac OS X 10_15_7) AppleWebKit/537.36 (KHTML, like Gecko) Chrome/123.0.0.0 Safari/537.36"
172.68.225.243 - - [24/May/2026:01:50:25 +0300] "GET /haber/manisada-hasereyle-mucadele-calismalari-kararlilikla-suruyor-4038 HTTP/1.1" 301 162 "http://haberosmaniye.com/" "Mozilla/5.0 (Windows NT 10.0; Win64; x64) AppleWebKit/537.36 (KHTML, like Gecko) Chrome/135.0.0.0 Safari/537.36"
104.23.223.46 - - [24/May/2026:01:53:14 +0300] "HEAD /rss.xml HTTP/1.1" 301 0 "-" "FeedBurner/1.0 (http://www.FeedBurner.com)"
104.23.223.108 - - [24/May/2026:01:53:15 +0300] "GET /rss.xml HTTP/1.1" 301 162 "-" "FeedBurner/1.0 (http://www.FeedBurner.com)"
172.71.102.47 - - [24/May/2026:01:56:29 +0300] "GET / HTTP/1.1" 301 162 "-" "Mozilla/5.0 (Linux; U; Android 4.4.2; en-US; HM NOTE 1W Build/KOT49H) AppleWebKit/534.30 (KHTML, like Gecko) Version/4.0 UCBrowser/11.0.5.850 U3/0.8.0 Mobile Safari/534.30"
172.71.95.81 - - [24/May/2026:01:56:29 +0300] "GET /.env HTTP/1.1" 301 162 "-" "Mozilla/5.0 (Linux; U; Android 4.4.2; en-US; HM NOTE 1W Build/KOT49H) AppleWebKit/534.30 (KHTML, like Gecko) Version/4.0 UCBrowser/11.0.5.850 U3/0.8.0 Mobile Safari/534.30"
172.71.102.47 - - [24/May/2026:01:56:29 +0300] "POST / HTTP/1.1" 301 162 "-" "Mozilla/5.0 (Linux; U; Android 4.4.2; en-US; HM NOTE 1W Build/KOT49H) AppleWebKit/534.30 (KHTML, like Gecko) Version/4.0 UCBrowser/11.0.5.850 U3/0.8.0 Mobile Safari/534.30"
104.23.204.178 - - [24/May/2026:02:07:50 +0300] "GET /haber/osmaniyede-okullar-acildi-yemekhane-ve-kantinler-denetlendi-18061 HTTP/1.1" 301 162 "-" "Mozilla/5.0 (Windows NT 10.0; Win64; x64) AppleWebKit/537.36 (KHTML, like Gecko) Chrome/141.0.0.0 Safari/537.36"
104.23.243.175 - - [24/May/2026:02:08:20 +0300] "GET /robots.txt HTTP/1.1" 301 162 "-" "Mozilla/5.0 AppleWebKit/537.36 (KHTML, like Gecko; compatible; ClaudeBot/1.0; +claudebot@anthropic.com)"
141.101.76.177 - - [24/May/2026:02:09:26 +0300] "GET / HTTP/1.1" 301 162 "http://haberosmaniye.com/" "Mozilla/5.0 (Windows NT 10.0; Win64; x64) AppleWebKit/537.36 (KHTML, like Gecko) Chrome/131.0.0.0 Safari/537.36 Avast/131.0.0.0"
172.71.152.14 - - [24/May/2026:02:10:02 +0300] "GET /haber/osmaniyede-cobanin-buldugu-su-kaynaklari-130-haneli-koyun-ihtiyacini-karsiliyor-18142 HTTP/1.1" 301 162 "http://www.haberosmaniye.com/haber/osmaniyede-cobanin-buldugu-su-kaynaklari-130-haneli-koyun-ihtiyacini-karsiliyor-18142" "Mozilla/5.0 (Macintosh; Intel Mac OS X 10_15_7) AppleWebKit/537.36 (KHTML, like Gecko) Chrome/123.0.0.0 Safari/537.36"
172.69.201.159 - - [24/May/2026:02:10:58 +0300] "GET /haber/marmarabirlik-34-basamak-yukseldi-3899 HTTP/1.1" 301 162 "http://www.haberosmaniye.com/" "Mozilla/5.0 (X11; Linux x86_64; rv:125.0) Gecko/20100101 Firefox/125.0"
104.23.172.36 - - [24/May/2026:02:12:56 +0300] "GET / HTTP/1.1" 301 162 "-" "Mozilla/5.0 (Windows NT 10.0; Win64; x64) AppleWebKit/537.36 (KHTML, like Gecko) Chrome/120.0.0.0 Safari/537.36"
172.71.95.82 - - [24/May/2026:02:13:03 +0300] "GET /.github/workflows/go.yml HTTP/1.1" 301 162 "-" "Mozilla/5.0 (X11; Linux x86_64) AppleWebKit/537.36 (KHTML, like Gecko) Chrome/122.0.0.0 Safari/537.36"
104.23.166.36 - - [24/May/2026:02:13:03 +0300] "GET /sonar-project.properties HTTP/1.1" 301 162 "-" "Mozilla/5.0 (Windows NT 10.0; Win64; x64) AppleWebKit/537.36 (KHTML, like Gecko) Chrome/121.0.0.0 Safari/537.36 Edg/121.0.0.0"
104.23.168.36 - - [24/May/2026:02:13:03 +0300] "GET /.github/workflows/python-app.yml HTTP/1.1" 301 162 "-" "Mozilla/5.0 (Macintosh; Intel Mac OS X 10_15_7) AppleWebKit/605.1.15 (KHTML, like Gecko) Version/17.3 Safari/605.1.15"
172.71.98.55 - - [24/May/2026:02:13:03 +0300] "GET /.github/workflows/release.yml HTTP/1.1" 301 162 "-" "Mozilla/5.0 (Windows NT 10.0; Win64; x64) AppleWebKit/537.36 (KHTML, like Gecko) Chrome/121.0.0.0 Safari/537.36 Edg/121.0.0.0"
104.23.172.6 - - [24/May/2026:02:13:03 +0300] "GET /config/bolt.yml HTTP/1.1" 301 162 "-" "Mozilla/5.0 (Windows NT 10.0; Win64; x64) AppleWebKit/537.36 (KHTML, like Gecko) Chrome/122.0.0.0 Safari/537.36"
104.23.168.37 - - [24/May/2026:02:13:03 +0300] "GET /.github/workflows/maven.yml HTTP/1.1" 301 162 "-" "Mozilla/5.0 (Windows NT 10.0; Win64; x64; rv:123.0) Gecko/20100101 Firefox/123.0"
172.71.102.47 - - [24/May/2026:02:13:03 +0300] "GET /.codefresh.yml HTTP/1.1" 301 162 "-" "Mozilla/5.0 (Windows NT 10.0; Win64; x64) AppleWebKit/537.36 (KHTML, like Gecko) Chrome/121.0.0.0 Safari/537.36 Edg/121.0.0.0"
172.71.102.47 - - [24/May/2026:02:13:03 +0300] "GET /Jenkinsfile HTTP/1.1" 301 162 "-" "Mozilla/5.0 (Macintosh; Intel Mac OS X 10_15_7) AppleWebKit/605.1.15 (KHTML, like Gecko) Version/17.3 Safari/605.1.15"
172.71.183.129 - - [24/May/2026:02:13:03 +0300] "GET /jenkinsfile HTTP/1.1" 301 162 "-" "Mozilla/5.0 (Windows NT 10.0; Win64; x64) AppleWebKit/537.36 (KHTML, like Gecko) Chrome/121.0.0.0 Safari/537.36 Edg/121.0.0.0"
172.71.102.47 - - [24/May/2026:02:13:03 +0300] "GET /.github/workflows/docker-publish.yml HTTP/1.1" 301 162 "-" "Mozilla/5.0 (Macintosh; Intel Mac OS X 10_15_7) AppleWebKit/537.36 (KHTML, like Gecko) Chrome/122.0.0.0 Safari/537.36"
172.71.102.46 - - [24/May/2026:02:13:03 +0300] "GET /.github/workflows/node.js.yml HTTP/1.1" 301 162 "-" "Mozilla/5.0 (Macintosh; Intel Mac OS X 10_15_7) AppleWebKit/537.36 (KHTML, like Gecko) Chrome/122.0.0.0 Safari/537.36"
104.23.166.37 - - [24/May/2026:02:13:03 +0300] "GET /wp-content/debug.log HTTP/1.1" 301 162 "-" "Mozilla/5.0 (Windows NT 10.0; Win64; x64; rv:123.0) Gecko/20100101 Firefox/123.0"
172.71.95.81 - - [24/May/2026:02:13:03 +0300] "GET /wp-json/wp/v2/settings HTTP/1.1" 301 162 "-" "Mozilla/5.0 (Windows NT 10.0; Win64; x64; rv:123.0) Gecko/20100101 Firefox/123.0"
104.23.166.87 - - [24/May/2026:02:13:03 +0300] "GET /wp-content/themes/ HTTP/1.1" 301 162 "-" "Mozilla/5.0 (Windows NT 10.0; Win64; x64) AppleWebKit/537.36 (KHTML, like Gecko) Chrome/122.0.0.0 Safari/537.36"
172.71.102.47 - - [24/May/2026:02:13:03 +0300] "GET /wp-json/ HTTP/1.1" 301 162 "-" "Mozilla/5.0 (Windows NT 10.0; Win64; x64) AppleWebKit/537.36 (KHTML, like Gecko) Chrome/121.0.0.0 Safari/537.36 Edg/121.0.0.0"
104.23.172.7 - - [24/May/2026:02:13:03 +0300] "GET /wp-login.php HTTP/1.1" 301 162 "-" "Mozilla/5.0 (Windows NT 10.0; Win64; x64) AppleWebKit/537.36 (KHTML, like Gecko) Chrome/121.0.0.0 Safari/537.36 Edg/121.0.0.0"
104.23.168.47 - - [24/May/2026:02:13:03 +0300] "GET /wp-admin/install.php HTTP/1.1" 301 162 "-" "Mozilla/5.0 (Macintosh; Intel Mac OS X 10_15_7) AppleWebKit/537.36 (KHTML, like Gecko) Chrome/122.0.0.0 Safari/537.36"
172.71.183.129 - - [24/May/2026:02:13:03 +0300] "GET /wp-json/wp/v2/users/1 HTTP/1.1" 301 162 "-" "Mozilla/5.0 (Macintosh; Intel Mac OS X 10_15_7) AppleWebKit/605.1.15 (KHTML, like Gecko) Version/17.3 Safari/605.1.15"
162.159.113.156 - - [24/May/2026:02:13:03 +0300] "GET /bitrix/cache/ HTTP/1.1" 301 162 "-" "Mozilla/5.0 (Macintosh; Intel Mac OS X 10_15_7) AppleWebKit/605.1.15 (KHTML, like Gecko) Version/17.3 Safari/605.1.15"
172.71.102.47 - - [24/May/2026:02:13:03 +0300] "GET /wp-content/db.php HTTP/1.1" 301 162 "-" "Mozilla/5.0 (Windows NT 10.0; Win64; x64) AppleWebKit/537.36 (KHTML, like Gecko) Chrome/121.0.0.0 Safari/537.36 Edg/121.0.0.0"
162.159.113.156 - - [24/May/2026:02:13:03 +0300] "GET /.env.bak HTTP/1.1" 301 162 "-" "Mozilla/5.0 (Macintosh; Intel Mac OS X 10_15_7) AppleWebKit/605.1.15 (KHTML, like Gecko) Version/17.3 Safari/605.1.15"
104.23.172.7 - - [24/May/2026:02:13:03 +0300] "GET /.env.bitrix HTTP/1.1" 301 162 "-" "Mozilla/5.0 (Macintosh; Intel Mac OS X 10_15_7) AppleWebKit/537.36 (KHTML, like Gecko) Chrome/122.0.0.0 Safari/537.36"
172.71.98.54 - - [24/May/2026:02:13:03 +0300] "GET /bitrix/backup/ HTTP/1.1" 301 162 "-" "Mozilla/5.0 (Macintosh; Intel Mac OS X 10_15_7) AppleWebKit/605.1.15 (KHTML, like Gecko) Version/17.3 Safari/605.1.15"
141.101.76.176 - - [24/May/2026:02:13:03 +0300] "GET /bitrix/restore.php HTTP/1.1" 301 162 "-" "Mozilla/5.0 (Windows NT 10.0; Win64; x64; rv:123.0) Gecko/20100101 Firefox/123.0"
172.71.98.54 - - [24/May/2026:02:13:03 +0300] "GET /.env.lumen HTTP/1.1" 301 162 "-" "Mozilla/5.0 (Windows NT 10.0; Win64; x64; rv:123.0) Gecko/20100101 Firefox/123.0"
172.70.46.246 - - [24/May/2026:02:13:03 +0300] "GET /wp-config-sample.php HTTP/1.1" 301 162 "-" "Mozilla/5.0 (Windows NT 10.0; Win64; x64) AppleWebKit/537.36 (KHTML, like Gecko) Chrome/121.0.0.0 Safari/537.36 Edg/121.0.0.0"
104.23.166.36 - - [24/May/2026:02:13:03 +0300] "GET /app/config/parameters.yml.dist HTTP/1.1" 301 162 "-" "Mozilla/5.0 (Macintosh; Intel Mac OS X 10_15_7) AppleWebKit/537.36 (KHTML, like Gecko) Chrome/122.0.0.0 Safari/537.36"
104.23.168.36 - - [24/May/2026:02:13:03 +0300] "GET /app/config/config.yml HTTP/1.1" 301 162 "-" "Mozilla/5.0 (Windows NT 10.0; Win64; x64) AppleWebKit/537.36 (KHTML, like Gecko) Chrome/122.0.0.0 Safari/537.36"
162.159.113.157 - - [24/May/2026:02:13:03 +0300] "GET /.env.development HTTP/1.1" 301 162 "-" "Mozilla/5.0 (X11; Linux x86_64) AppleWebKit/537.36 (KHTML, like Gecko) Chrome/122.0.0.0 Safari/537.36"
172.71.98.55 - - [24/May/2026:02:13:03 +0300] "GET /parameters.yml.dist HTTP/1.1" 301 162 "-" "Mozilla/5.0 (Windows NT 10.0; Win64; x64) AppleWebKit/537.36 (KHTML, like Gecko) Chrome/122.0.0.0 Safari/537.36"
172.71.102.46 - - [24/May/2026:02:13:03 +0300] "GET /.env.laravel HTTP/1.1" 301 162 "-" "Mozilla/5.0 (Macintosh; Intel Mac OS X 10_15_7) AppleWebKit/605.1.15 (KHTML, like Gecko) Version/17.3 Safari/605.1.15"
162.159.113.48 - - [24/May/2026:02:13:03 +0300] "GET /bitrix/.settings.php HTTP/1.1" 301 162 "-" "Mozilla/5.0 (Macintosh; Intel Mac OS X 10_15_7) AppleWebKit/537.36 (KHTML, like Gecko) Chrome/122.0.0.0 Safari/537.36"
172.71.98.55 - - [24/May/2026:02:13:03 +0300] "GET /bitrix/php_interface/dbconn.php HTTP/1.1" 301 162 "-" "Mozilla/5.0 (Windows NT 10.0; Win64; x64) AppleWebKit/537.36 (KHTML, like Gecko) Chrome/121.0.0.0 Safari/537.36 Edg/121.0.0.0"
172.70.46.246 - - [24/May/2026:02:13:03 +0300] "GET /app/config/config.test.yml HTTP/1.1" 301 162 "-" "Mozilla/5.0 (Macintosh; Intel Mac OS X 10_15_7) AppleWebKit/605.1.15 (KHTML, like Gecko) Version/17.3 Safari/605.1.15"
172.71.183.129 - - [24/May/2026:02:13:03 +0300] "GET /bitrix/admin/ HTTP/1.1" 301 162 "-" "Mozilla/5.0 (Windows NT 10.0; Win64; x64; rv:123.0) Gecko/20100101 Firefox/123.0"
104.23.168.46 - - [24/May/2026:02:13:03 +0300] "GET /web.config.bak HTTP/1.1" 301 162 "-" "Mozilla/5.0 (X11; Linux x86_64) AppleWebKit/537.36 (KHTML, like Gecko) Chrome/122.0.0.0 Safari/537.36"
104.23.166.86 - - [24/May/2026:02:13:03 +0300] "GET /wp-cli.yml HTTP/1.1" 301 162 "-" "Mozilla/5.0 (Windows NT 10.0; Win64; x64) AppleWebKit/537.36 (KHTML, like Gecko) Chrome/121.0.0.0 Safari/537.36 Edg/121.0.0.0"
162.159.113.48 - - [24/May/2026:02:13:03 +0300] "GET /app/config/parameters.yml HTTP/1.1" 301 162 "-" "Mozilla/5.0 (X11; Linux x86_64) AppleWebKit/537.36 (KHTML, like Gecko) Chrome/122.0.0.0 Safari/537.36"
141.101.76.177 - - [24/May/2026:02:13:03 +0300] "GET /web.config.backup HTTP/1.1" 301 162 "-" "Mozilla/5.0 (Macintosh; Intel Mac OS X 10_15_7) AppleWebKit/605.1.15 (KHTML, like Gecko) Version/17.3 Safari/605.1.15"
104.23.166.87 - - [24/May/2026:02:13:03 +0300] "GET /wp-content/plugins/ HTTP/1.1" 301 162 "-" "Mozilla/5.0 (X11; Linux x86_64) AppleWebKit/537.36 (KHTML, like Gecko) Chrome/122.0.0.0 Safari/537.36"
172.71.183.129 - - [24/May/2026:02:13:03 +0300] "GET /parameters.yml HTTP/1.1" 301 162 "-" "Mozilla/5.0 (Windows NT 10.0; Win64; x64) AppleWebKit/537.36 (KHTML, like Gecko) Chrome/122.0.0.0 Safari/537.36"
172.71.98.54 - - [24/May/2026:02:13:03 +0300] "GET /htaccess.txt HTTP/1.1" 301 162 "-" "Mozilla/5.0 (Macintosh; Intel Mac OS X 10_15_7) AppleWebKit/537.36 (KHTML, like Gecko) Chrome/122.0.0.0 Safari/537.36"
104.23.166.37 - - [24/May/2026:02:13:03 +0300] "GET /installation/ HTTP/1.1" 301 162 "-" "Mozilla/5.0 (Macintosh; Intel Mac OS X 10_15_7) AppleWebKit/605.1.15 (KHTML, like Gecko) Version/17.3 Safari/605.1.15"
172.70.46.246 - - [24/May/2026:02:13:03 +0300] "GET /app/config/parameters.php HTTP/1.1" 301 162 "-" "Mozilla/5.0 (Windows NT 10.0; Win64; x64) AppleWebKit/537.36 (KHTML, like Gecko) Chrome/121.0.0.0 Safari/537.36 Edg/121.0.0.0"
104.23.172.6 - - [24/May/2026:02:13:03 +0300] "GET /joomla.xml HTTP/1.1" 301 162 "-" "Mozilla/5.0 (Windows NT 10.0; Win64; x64; rv:123.0) Gecko/20100101 Firefox/123.0"
141.101.76.176 - - [24/May/2026:02:13:03 +0300] "GET /.htaccess HTTP/1.1" 301 162 "-" "Mozilla/5.0 (X11; Linux x86_64) AppleWebKit/537.36 (KHTML, like Gecko) Chrome/122.0.0.0 Safari/537.36"
172.70.46.246 - - [24/May/2026:02:13:03 +0300] "GET /app/etc/config.php HTTP/1.1" 301 162 "-" "Mozilla/5.0 (Windows NT 10.0; Win64; x64) AppleWebKit/537.36 (KHTML, like Gecko) Chrome/122.0.0.0 Safari/537.36"
172.71.183.129 - - [24/May/2026:02:13:03 +0300] "GET /.htaccess.joomla HTTP/1.1" 301 162 "-" "Mozilla/5.0 (Windows NT 10.0; Win64; x64) AppleWebKit/537.36 (KHTML, like Gecko) Chrome/121.0.0.0 Safari/537.36 Edg/121.0.0.0"
172.71.102.47 - - [24/May/2026:02:13:03 +0300] "GET /administrator/ HTTP/1.1" 301 162 "-" "Mozilla/5.0 (Windows NT 10.0; Win64; x64) AppleWebKit/537.36 (KHTML, like Gecko) Chrome/122.0.0.0 Safari/537.36"
172.71.95.82 - - [24/May/2026:02:13:03 +0300] "GET /.htpasswd.old HTTP/1.1" 301 162 "-" "Mozilla/5.0 (Windows NT 10.0; Win64; x64) AppleWebKit/537.36 (KHTML, like Gecko) Chrome/121.0.0.0 Safari/537.36 Edg/121.0.0.0"
172.71.95.81 - - [24/May/2026:02:13:03 +0300] "GET /.htpasswd HTTP/1.1" 301 162 "-" "Mozilla/5.0 (X11; Linux x86_64) AppleWebKit/537.36 (KHTML, like Gecko) Chrome/122.0.0.0 Safari/537.36"
162.159.113.48 - - [24/May/2026:02:13:03 +0300] "GET /app/etc/env.php HTTP/1.1" 301 162 "-" "Mozilla/5.0 (Windows NT 10.0; Win64; x64) AppleWebKit/537.36 (KHTML, like Gecko) Chrome/122.0.0.0 Safari/537.36"
172.71.98.54 - - [24/May/2026:02:13:03 +0300] "GET /.env.joomla HTTP/1.1" 301 162 "-" "Mozilla/5.0 (Windows NT 10.0; Win64; x64) AppleWebKit/537.36 (KHTML, like Gecko) Chrome/121.0.0.0 Safari/537.36 Edg/121.0.0.0"
172.71.98.55 - - [24/May/2026:02:13:03 +0300] "GET /configuration.php HTTP/1.1" 301 162 "-" "Mozilla/5.0 (Windows NT 10.0; Win64; x64) AppleWebKit/537.36 (KHTML, like Gecko) Chrome/122.0.0.0 Safari/537.36"
172.71.183.129 - - [24/May/2026:02:13:03 +0300] "GET /administrator/index.php HTTP/1.1" 301 162 "-" "Mozilla/5.0 (X11; Linux x86_64) AppleWebKit/537.36 (KHTML, like Gecko) Chrome/122.0.0.0 Safari/537.36"
172.71.102.47 - - [24/May/2026:02:13:03 +0300] "GET /storage/framework/cache/data/ HTTP/1.1" 301 162 "-" "Mozilla/5.0 (Windows NT 10.0; Win64; x64) AppleWebKit/537.36 (KHTML, like Gecko) Chrome/122.0.0.0 Safari/537.36"
172.71.183.129 - - [24/May/2026:02:13:03 +0300] "GET /storage/framework/sessions/ HTTP/1.1" 301 162 "-" "Mozilla/5.0 (Windows NT 10.0; Win64; x64; rv:123.0) Gecko/20100101 Firefox/123.0"
104.23.166.86 - - [24/May/2026:02:13:03 +0300] "GET /wp-content/uploads/ HTTP/1.1" 301 162 "-" "Mozilla/5.0 (Windows NT 10.0; Win64; x64; rv:123.0) Gecko/20100101 Firefox/123.0"
141.101.76.177 - - [24/May/2026:02:13:03 +0300] "GET /.env.docker HTTP/1.1" 301 162 "-" "Mozilla/5.0 (Windows NT 10.0; Win64; x64) AppleWebKit/537.36 (KHTML, like Gecko) Chrome/122.0.0.0 Safari/537.36"
104.23.170.49 - - [24/May/2026:02:13:03 +0300] "GET /administrator/components/com_config/ HTTP/1.1" 301 162 "-" "Mozilla/5.0 (Windows NT 10.0; Win64; x64) AppleWebKit/537.36 (KHTML, like Gecko) Chrome/121.0.0.0 Safari/537.36 Edg/121.0.0.0"
172.71.95.82 - - [24/May/2026:02:13:03 +0300] "GET /.env.testing HTTP/1.1" 301 162 "-" "Mozilla/5.0 (Windows NT 10.0; Win64; x64) AppleWebKit/537.36 (KHTML, like Gecko) Chrome/121.0.0.0 Safari/537.36 Edg/121.0.0.0"
172.71.95.81 - - [24/May/2026:02:13:03 +0300] "GET /wp-admin/setup-config.php HTTP/1.1" 301 162 "-" "Mozilla/5.0 (Windows NT 10.0; Win64; x64) AppleWebKit/537.36 (KHTML, like Gecko) Chrome/122.0.0.0 Safari/537.36"
172.71.95.82 - - [24/May/2026:02:13:03 +0300] "GET /administrator/components/com_users/ HTTP/1.1" 301 162 "-" "Mozilla/5.0 (Macintosh; Intel Mac OS X 10_15_7) AppleWebKit/605.1.15 (KHTML, like Gecko) Version/17.3 Safari/605.1.15"
104.23.166.86 - - [24/May/2026:02:13:03 +0300] "GET /wp-json/wp/v2/users HTTP/1.1" 301 162 "-" "Mozilla/5.0 (Windows NT 10.0; Win64; x64) AppleWebKit/537.36 (KHTML, like Gecko) Chrome/122.0.0.0 Safari/537.36"
104.23.170.48 - - [24/May/2026:02:13:03 +0300] "GET /.env.staging HTTP/1.1" 301 162 "-" "Mozilla/5.0 (X11; Linux x86_64) AppleWebKit/537.36 (KHTML, like Gecko) Chrome/122.0.0.0 Safari/537.36"
172.71.183.130 - - [24/May/2026:02:13:03 +0300] "GET /storage/logs/laravel-*.log HTTP/1.1" 301 162 "-" "Mozilla/5.0 (Macintosh; Intel Mac OS X 10_15_7) AppleWebKit/605.1.15 (KHTML, like Gecko) Version/17.3 Safari/605.1.15"
172.70.46.246 - - [24/May/2026:02:13:03 +0300] "GET /bootstrap/cache/config.php HTTP/1.1" 301 162 "-" "Mozilla/5.0 (Macintosh; Intel Mac OS X 10_15_7) AppleWebKit/605.1.15 (KHTML, like Gecko) Version/17.3 Safari/605.1.15"
172.71.183.130 - - [24/May/2026:02:13:03 +0300] "GET /storage/framework/views/ HTTP/1.1" 301 162 "-" "Mozilla/5.0 (Windows NT 10.0; Win64; x64; rv:123.0) Gecko/20100101 Firefox/123.0"
104.23.172.7 - - [24/May/2026:02:13:03 +0300] "GET /var/report/ HTTP/1.1" 301 162 "-" "Mozilla/5.0 (Windows NT 10.0; Win64; x64; rv:123.0) Gecko/20100101 Firefox/123.0"
162.159.113.48 - - [24/May/2026:02:13:03 +0300] "GET /settings.php.bak HTTP/1.1" 301 162 "-" "Mozilla/5.0 (X11; Linux x86_64) AppleWebKit/537.36 (KHTML, like Gecko) Chrome/122.0.0.0 Safari/537.36"
104.23.172.7 - - [24/May/2026:02:13:03 +0300] "GET /settings.php.old HTTP/1.1" 301 162 "-" "Mozilla/5.0 (Windows NT 10.0; Win64; x64) AppleWebKit/537.36 (KHTML, like Gecko) Chrome/121.0.0.0 Safari/537.36 Edg/121.0.0.0"
172.70.46.246 - - [24/May/2026:02:13:03 +0300] "GET /typo3/ HTTP/1.1" 301 162 "-" "Mozilla/5.0 (Macintosh; Intel Mac OS X 10_15_7) AppleWebKit/605.1.15 (KHTML, like Gecko) Version/17.3 Safari/605.1.15"
141.101.76.176 - - [24/May/2026:02:13:03 +0300] "GET /config.inc HTTP/1.1" 301 162 "-" "Mozilla/5.0 (Macintosh; Intel Mac OS X 10_15_7) AppleWebKit/537.36 (KHTML, like Gecko) Chrome/122.0.0.0 Safari/537.36"
104.23.168.37 - - [24/May/2026:02:13:03 +0300] "GET /user/register HTTP/1.1" 301 162 "-" "Mozilla/5.0 (X11; Linux x86_64) AppleWebKit/537.36 (KHTML, like Gecko) Chrome/122.0.0.0 Safari/537.36"
162.159.113.48 - - [24/May/2026:02:13:03 +0300] "GET /test.php HTTP/1.1" 301 162 "-" "Mozilla/5.0 (Windows NT 10.0; Win64; x64; rv:123.0) Gecko/20100101 Firefox/123.0"
162.159.113.156 - - [24/May/2026:02:13:03 +0300] "GET /storage/logs/laravel.log HTTP/1.1" 301 162 "-" "Mozilla/5.0 (Macintosh; Intel Mac OS X 10_15_7) AppleWebKit/537.36 (KHTML, like Gecko) Chrome/122.0.0.0 Safari/537.36"
104.23.168.47 - - [24/May/2026:02:13:03 +0300] "GET /web/app_dev.php HTTP/1.1" 301 162 "-" "Mozilla/5.0 (Macintosh; Intel Mac OS X 10_15_7) AppleWebKit/605.1.15 (KHTML, like Gecko) Version/17.3 Safari/605.1.15"
172.70.46.246 - - [24/May/2026:02:13:03 +0300] "GET /sites/default/services.yml HTTP/1.1" 301 162 "-" "Mozilla/5.0 (Windows NT 10.0; Win64; x64) AppleWebKit/537.36 (KHTML, like Gecko) Chrome/121.0.0.0 Safari/537.36 Edg/121.0.0.0"
104.23.170.48 - - [24/May/2026:02:13:03 +0300] "GET /typo3/install.php HTTP/1.1" 301 162 "-" "Mozilla/5.0 (Macintosh; Intel Mac OS X 10_15_7) AppleWebKit/537.36 (KHTML, like Gecko) Chrome/122.0.0.0 Safari/537.36"
104.23.170.49 - - [24/May/2026:02:13:03 +0300] "GET /typo3temp/ HTTP/1.1" 301 162 "-" "Mozilla/5.0 (Windows NT 10.0; Win64; x64) AppleWebKit/537.36 (KHTML, like Gecko) Chrome/122.0.0.0 Safari/537.36"
104.23.170.49 - - [24/May/2026:02:13:03 +0300] "GET /.env.sample HTTP/1.1" 301 162 "-" "Mozilla/5.0 (Windows NT 10.0; Win64; x64) AppleWebKit/537.36 (KHTML, like Gecko) Chrome/122.0.0.0 Safari/537.36"
104.23.166.36 - - [24/May/2026:02:13:03 +0300] "GET /config.inc.php HTTP/1.1" 301 162 "-" "Mozilla/5.0 (Windows NT 10.0; Win64; x64) AppleWebKit/537.36 (KHTML, like Gecko) Chrome/122.0.0.0 Safari/537.36"
141.101.76.177 - - [24/May/2026:02:13:03 +0300] "GET /web.config.old HTTP/1.1" 301 162 "-" "Mozilla/5.0 (Macintosh; Intel Mac OS X 10_15_7) AppleWebKit/605.1.15 (KHTML, like Gecko) Version/17.3 Safari/605.1.15"
104.23.168.46 - - [24/May/2026:02:13:03 +0300] "GET /config.php.old HTTP/1.1" 301 162 "-" "Mozilla/5.0 (X11; Linux x86_64) AppleWebKit/537.36 (KHTML, like Gecko) Chrome/122.0.0.0 Safari/537.36"
162.159.113.157 - - [24/May/2026:02:13:03 +0300] "GET /update.php HTTP/1.1" 301 162 "-" "Mozilla/5.0 (Windows NT 10.0; Win64; x64) AppleWebKit/537.36 (KHTML, like Gecko) Chrome/121.0.0.0 Safari/537.36 Edg/121.0.0.0"
172.71.95.82 - - [24/May/2026:02:13:03 +0300] "GET /.env.drupal HTTP/1.1" 301 162 "-" "Mozilla/5.0 (Windows NT 10.0; Win64; x64) AppleWebKit/537.36 (KHTML, like Gecko) Chrome/121.0.0.0 Safari/537.36 Edg/121.0.0.0"
162.159.113.48 - - [24/May/2026:02:13:03 +0300] "GET /settings.php HTTP/1.1" 301 162 "-" "Mozilla/5.0 (Macintosh; Intel Mac OS X 10_15_7) AppleWebKit/537.36 (KHTML, like Gecko) Chrome/122.0.0.0 Safari/537.36"
172.71.95.81 - - [24/May/2026:02:13:03 +0300] "GET /typo3conf/LocalConfiguration.php.old HTTP/1.1" 301 162 "-" "Mozilla/5.0 (Windows NT 10.0; Win64; x64) AppleWebKit/537.36 (KHTML, like Gecko) Chrome/121.0.0.0 Safari/537.36 Edg/121.0.0.0"
172.71.98.54 - - [24/May/2026:02:13:03 +0300] "GET /local.xml HTTP/1.1" 301 162 "-" "Mozilla/5.0 (Windows NT 10.0; Win64; x64; rv:123.0) Gecko/20100101 Firefox/123.0"
172.71.98.55 - - [24/May/2026:02:13:03 +0300] "GET /sites/default/files/ HTTP/1.1" 301 162 "-" "Mozilla/5.0 (Windows NT 10.0; Win64; x64; rv:123.0) Gecko/20100101 Firefox/123.0"
104.23.172.6 - - [24/May/2026:02:13:03 +0300] "GET /bin/console HTTP/1.1" 301 162 "-" "Mozilla/5.0 (Windows NT 10.0; Win64; x64) AppleWebKit/537.36 (KHTML, like Gecko) Chrome/122.0.0.0 Safari/537.36"
172.71.98.54 - - [24/May/2026:02:13:03 +0300] "GET /var/cache/ HTTP/1.1" 301 162 "-" "Mozilla/5.0 (Macintosh; Intel Mac OS X 10_15_7) AppleWebKit/537.36 (KHTML, like Gecko) Chrome/122.0.0.0 Safari/537.36"
172.71.95.81 - - [24/May/2026:02:13:03 +0300] "GET /user/login HTTP/1.1" 301 162 "-" "Mozilla/5.0 (X11; Linux x86_64) AppleWebKit/537.36 (KHTML, like Gecko) Chrome/122.0.0.0 Safari/537.36"
172.70.46.246 - - [24/May/2026:02:13:03 +0300] "GET /sites/default/settings.local.php HTTP/1.1" 301 162 "-" "Mozilla/5.0 (Macintosh; Intel Mac OS X 10_15_7) AppleWebKit/605.1.15 (KHTML, like Gecko) Version/17.3 Safari/605.1.15"
172.71.183.129 - - [24/May/2026:02:13:03 +0300] "GET /var/backups/ HTTP/1.1" 301 162 "-" "Mozilla/5.0 (Macintosh; Intel Mac OS X 10_15_7) AppleWebKit/605.1.15 (KHTML, like Gecko) Version/17.3 Safari/605.1.15"
162.159.113.156 - - [24/May/2026:02:13:03 +0300] "GET /app/etc/local.xml HTTP/1.1" 301 162 "-" "Mozilla/5.0 (X11; Linux x86_64) AppleWebKit/537.36 (KHTML, like Gecko) Chrome/122.0.0.0 Safari/537.36"
141.101.76.176 - - [24/May/2026:02:13:03 +0300] "GET /misc/status.php HTTP/1.1" 301 162 "-" "Mozilla/5.0 (Macintosh; Intel Mac OS X 10_15_7) AppleWebKit/537.36 (KHTML, like Gecko) Chrome/122.0.0.0 Safari/537.36"
172.71.183.129 - - [24/May/2026:02:13:03 +0300] "GET /typo3conf/LocalConfiguration.php HTTP/1.1" 301 162 "-" "Mozilla/5.0 (Windows NT 10.0; Win64; x64) AppleWebKit/537.36 (KHTML, like Gecko) Chrome/122.0.0.0 Safari/537.36"
104.23.172.7 - - [24/May/2026:02:13:03 +0300] "GET /sites/default/files/private/ HTTP/1.1" 301 162 "-" "Mozilla/5.0 (Windows NT 10.0; Win64; x64) AppleWebKit/537.36 (KHTML, like Gecko) Chrome/121.0.0.0 Safari/537.36 Edg/121.0.0.0"
172.70.46.246 - - [24/May/2026:02:13:03 +0300] "GET /var/log/exception.log HTTP/1.1" 301 162 "-" "Mozilla/5.0 (Windows NT 10.0; Win64; x64; rv:123.0) Gecko/20100101 Firefox/123.0"
172.71.98.55 - - [24/May/2026:02:13:03 +0300] "GET /wp-content/uploads/backup/ HTTP/1.1" 301 162 "-" "Mozilla/5.0 (Windows NT 10.0; Win64; x64) AppleWebKit/537.36 (KHTML, like Gecko) Chrome/121.0.0.0 Safari/537.36 Edg/121.0.0.0"
172.71.102.47 - - [24/May/2026:02:13:03 +0300] "GET /env.php HTTP/1.1" 301 162 "-" "Mozilla/5.0 (Windows NT 10.0; Win64; x64; rv:123.0) Gecko/20100101 Firefox/123.0"
104.23.170.48 - - [24/May/2026:02:13:03 +0300] "GET /config.php.bak HTTP/1.1" 301 162 "-" "Mozilla/5.0 (X11; Linux x86_64) AppleWebKit/537.36 (KHTML, like Gecko) Chrome/122.0.0.0 Safari/537.36"
104.23.170.48 - - [24/May/2026:02:13:03 +0300] "GET /admin/ HTTP/1.1" 301 162 "-" "Mozilla/5.0 (Windows NT 10.0; Win64; x64) AppleWebKit/537.36 (KHTML, like Gecko) Chrome/122.0.0.0 Safari/537.36"
141.101.76.176 - - [24/May/2026:02:13:03 +0300] "GET /index.php/admin HTTP/1.1" 301 162 "-" "Mozilla/5.0 (Windows NT 10.0; Win64; x64; rv:123.0) Gecko/20100101 Firefox/123.0"
104.23.170.49 - - [24/May/2026:02:13:03 +0300] "GET /typo3conf/LocalConfiguration.php.bak HTTP/1.1" 301 162 "-" "Mozilla/5.0 (Windows NT 10.0; Win64; x64) AppleWebKit/537.36 (KHTML, like Gecko) Chrome/121.0.0.0 Safari/537.36 Edg/121.0.0.0"
172.71.183.129 - - [24/May/2026:02:13:03 +0300] "GET /cron.php HTTP/1.1" 301 162 "-" "Mozilla/5.0 (Macintosh; Intel Mac OS X 10_15_7) AppleWebKit/537.36 (KHTML, like Gecko) Chrome/122.0.0.0 Safari/537.36"
172.71.95.82 - - [24/May/2026:02:13:03 +0300] "GET /var/log/system.log HTTP/1.1" 301 162 "-" "Mozilla/5.0 (X11; Linux x86_64) AppleWebKit/537.36 (KHTML, like Gecko) Chrome/122.0.0.0 Safari/537.36"
172.71.102.46 - - [24/May/2026:02:13:03 +0300] "GET /xmlrpc.php HTTP/1.1" 301 162 "-" "Mozilla/5.0 (Windows NT 10.0; Win64; x64; rv:123.0) Gecko/20100101 Firefox/123.0"
104.23.168.36 - - [24/May/2026:02:13:03 +0300] "GET /wp-admin/ HTTP/1.1" 301 162 "-" "Mozilla/5.0 (X11; Linux x86_64) AppleWebKit/537.36 (KHTML, like Gecko) Chrome/122.0.0.0 Safari/537.36"
104.23.170.49 - - [24/May/2026:02:13:03 +0300] "GET /install.php HTTP/1.1" 301 162 "-" "Mozilla/5.0 (X11; Linux x86_64) AppleWebKit/537.36 (KHTML, like Gecko) Chrome/122.0.0.0 Safari/537.36"
104.23.170.49 - - [24/May/2026:02:13:03 +0300] "GET /neos/ HTTP/1.1" 301 162 "-" "Mozilla/5.0 (Macintosh; Intel Mac OS X 10_15_7) AppleWebKit/537.36 (KHTML, like Gecko) Chrome/122.0.0.0 Safari/537.36"
172.71.98.54 - - [24/May/2026:02:13:03 +0300] "GET /sites/default/services.local.yml HTTP/1.1" 301 162 "-" "Mozilla/5.0 (Windows NT 10.0; Win64; x64) AppleWebKit/537.36 (KHTML, like Gecko) Chrome/121.0.0.0 Safari/537.36 Edg/121.0.0.0"
172.71.183.130 - - [24/May/2026:02:13:03 +0300] "GET /application/configs/application.ini.dist HTTP/1.1" 301 162 "-" "Mozilla/5.0 (X11; Linux x86_64) AppleWebKit/537.36 (KHTML, like Gecko) Chrome/122.0.0.0 Safari/537.36"
172.70.46.246 - - [24/May/2026:02:13:03 +0300] "GET /application/configs/application.local.ini HTTP/1.1" 301 162 "-" "Mozilla/5.0 (Windows NT 10.0; Win64; x64) AppleWebKit/537.36 (KHTML, like Gecko) Chrome/122.0.0.0 Safari/537.36"
162.159.113.49 - - [24/May/2026:02:13:03 +0300] "GET /.htpasswd.bak HTTP/1.1" 301 162 "-" "Mozilla/5.0 (X11; Linux x86_64) AppleWebKit/537.36 (KHTML, like Gecko) Chrome/122.0.0.0 Safari/537.36"
172.70.46.246 - - [24/May/2026:02:13:03 +0300] "GET /app/config/config_dev.yml HTTP/1.1" 301 162 "-" "Mozilla/5.0 (Windows NT 10.0; Win64; x64) AppleWebKit/537.36 (KHTML, like Gecko) Chrome/122.0.0.0 Safari/537.36"
172.71.95.82 - - [24/May/2026:02:13:03 +0300] "GET /.git/refs/remotes/origin/HEAD HTTP/1.1" 301 162 "-" "Mozilla/5.0 (Macintosh; Intel Mac OS X 10_15_7) AppleWebKit/537.36 (KHTML, like Gecko) Chrome/122.0.0.0 Safari/537.36"
172.71.95.81 - - [24/May/2026:02:13:03 +0300] "GET /.git2/config HTTP/1.1" 301 162 "-" "Mozilla/5.0 (Windows NT 10.0; Win64; x64) AppleWebKit/537.36 (KHTML, like Gecko) Chrome/121.0.0.0 Safari/537.36 Edg/121.0.0.0"
172.71.98.54 - - [24/May/2026:02:13:03 +0300] "GET /.git.bak/config HTTP/1.1" 301 162 "-" "Mozilla/5.0 (Windows NT 10.0; Win64; x64) AppleWebKit/537.36 (KHTML, like Gecko) Chrome/121.0.0.0 Safari/537.36 Edg/121.0.0.0"
172.71.102.47 - - [24/May/2026:02:13:03 +0300] "GET /.git_backup/config HTTP/1.1" 301 162 "-" "Mozilla/5.0 (Windows NT 10.0; Win64; x64) AppleWebKit/537.36 (KHTML, like Gecko) Chrome/122.0.0.0 Safari/537.36"
162.159.113.48 - - [24/May/2026:02:13:03 +0300] "GET /application/configs/application.ini HTTP/1.1" 301 162 "-" "Mozilla/5.0 (Windows NT 10.0; Win64; x64) AppleWebKit/537.36 (KHTML, like Gecko) Chrome/121.0.0.0 Safari/537.36 Edg/121.0.0.0"
141.101.76.177 - - [24/May/2026:02:13:03 +0300] "GET /config/web.php HTTP/1.1" 301 162 "-" "Mozilla/5.0 (Windows NT 10.0; Win64; x64) AppleWebKit/537.36 (KHTML, like Gecko) Chrome/122.0.0.0 Safari/537.36"
172.71.98.55 - - [24/May/2026:02:13:03 +0300] "GET /web.config HTTP/1.1" 301 162 "-" "Mozilla/5.0 (X11; Linux x86_64) AppleWebKit/537.36 (KHTML, like Gecko) Chrome/122.0.0.0 Safari/537.36"
104.23.166.87 - - [24/May/2026:02:13:03 +0300] "GET /%2eenv%2eswo HTTP/1.1" 301 162 "-" "Mozilla/5.0 (Macintosh; Intel Mac OS X 10_15_7) AppleWebKit/537.36 (KHTML, like Gecko) Chrome/122.0.0.0 Safari/537.36"
104.23.172.7 - - [24/May/2026:02:13:03 +0300] "GET /.env.yii HTTP/1.1" 301 162 "-" "Mozilla/5.0 (Macintosh; Intel Mac OS X 10_15_7) AppleWebKit/605.1.15 (KHTML, like Gecko) Version/17.3 Safari/605.1.15"
104.23.166.37 - - [24/May/2026:02:13:03 +0300] "GET /app/%2eenv HTTP/1.1" 301 162 "-" "Mozilla/5.0 (Macintosh; Intel Mac OS X 10_15_7) AppleWebKit/605.1.15 (KHTML, like Gecko) Version/17.3 Safari/605.1.15"
172.71.95.81 - - [24/May/2026:02:13:03 +0300] "GET /site/%2eenv HTTP/1.1" 301 162 "-" "Mozilla/5.0 (X11; Linux x86_64) AppleWebKit/537.36 (KHTML, like Gecko) Chrome/122.0.0.0 Safari/537.36"
104.23.170.48 - - [24/May/2026:02:13:03 +0300] "GET /%2eenv%2eswp HTTP/1.1" 301 162 "-" "Mozilla/5.0 (Windows NT 10.0; Win64; x64; rv:123.0) Gecko/20100101 Firefox/123.0"
172.71.98.54 - - [24/May/2026:02:13:03 +0300] "GET /backend/%2eenv HTTP/1.1" 301 162 "-" "Mozilla/5.0 (Windows NT 10.0; Win64; x64) AppleWebKit/537.36 (KHTML, like Gecko) Chrome/121.0.0.0 Safari/537.36 Edg/121.0.0.0"
172.71.183.130 - - [24/May/2026:02:13:03 +0300] "GET /git/.git/config HTTP/1.1" 301 162 "-" "Mozilla/5.0 (Windows NT 10.0; Win64; x64) AppleWebKit/537.36 (KHTML, like Gecko) Chrome/121.0.0.0 Safari/537.36 Edg/121.0.0.0"
172.71.98.55 - - [24/May/2026:02:13:03 +0300] "GET /%2eenv HTTP/1.1" 301 162 "-" "Mozilla/5.0 (Windows NT 10.0; Win64; x64) AppleWebKit/537.36 (KHTML, like Gecko) Chrome/121.0.0.0 Safari/537.36 Edg/121.0.0.0"
104.23.168.37 - - [24/May/2026:02:13:03 +0300] "GET /git/config HTTP/1.1" 301 162 "-" "Mozilla/5.0 (Windows NT 10.0; Win64; x64) AppleWebKit/537.36 (KHTML, like Gecko) Chrome/122.0.0.0 Safari/537.36"
172.71.183.129 - - [24/May/2026:02:13:03 +0300] "GET /web/%2eenv HTTP/1.1" 301 162 "-" "Mozilla/5.0 (Windows NT 10.0; Win64; x64) AppleWebKit/537.36 (KHTML, like Gecko) Chrome/122.0.0.0 Safari/537.36"
104.23.170.49 - - [24/May/2026:02:13:03 +0300] "GET /api/%2eenv HTTP/1.1" 301 162 "-" "Mozilla/5.0 (Windows NT 10.0; Win64; x64) AppleWebKit/537.36 (KHTML, like Gecko) Chrome/121.0.0.0 Safari/537.36 Edg/121.0.0.0"
104.23.168.47 - - [24/May/2026:02:13:03 +0300] "GET /var/config/system.xml HTTP/1.1" 301 162 "-" "Mozilla/5.0 (Windows NT 10.0; Win64; x64) AppleWebKit/537.36 (KHTML, like Gecko) Chrome/122.0.0.0 Safari/537.36"
104.23.166.36 - - [24/May/2026:02:13:03 +0300] "GET /info%2ephp HTTP/1.1" 301 162 "-" "Mozilla/5.0 (Windows NT 10.0; Win64; x64) AppleWebKit/537.36 (KHTML, like Gecko) Chrome/121.0.0.0 Safari/537.36 Edg/121.0.0.0"
104.23.168.46 - - [24/May/2026:02:13:03 +0300] "GET /backup/.git/config HTTP/1.1" 301 162 "-" "Mozilla/5.0 (Windows NT 10.0; Win64; x64) AppleWebKit/537.36 (KHTML, like Gecko) Chrome/122.0.0.0 Safari/537.36"
141.101.76.176 - - [24/May/2026:02:13:03 +0300] "GET /old/.git/config HTTP/1.1" 301 162 "-" "Mozilla/5.0 (Macintosh; Intel Mac OS X 10_15_7) AppleWebKit/605.1.15 (KHTML, like Gecko) Version/17.3 Safari/605.1.15"
104.23.170.48 - - [24/May/2026:02:13:03 +0300] "GET /api/user HTTP/1.1" 301 162 "-" "Mozilla/5.0 (X11; Linux x86_64) AppleWebKit/537.36 (KHTML, like Gecko) Chrome/122.0.0.0 Safari/537.36"
172.71.95.82 - - [24/May/2026:02:13:03 +0300] "GET /api/login HTTP/1.1" 301 162 "-" "Mozilla/5.0 (Macintosh; Intel Mac OS X 10_15_7) AppleWebKit/605.1.15 (KHTML, like Gecko) Version/17.3 Safari/605.1.15"
104.23.172.6 - - [24/May/2026:02:13:03 +0300] "GET /.git/ HTTP/1.1" 301 162 "-" "Mozilla/5.0 (X11; Linux x86_64) AppleWebKit/537.36 (KHTML, like Gecko) Chrome/122.0.0.0 Safari/537.36"
104.23.168.36 - - [24/May/2026:02:13:03 +0300] "GET /%2eenv%2eproduction HTTP/1.1" 301 162 "-" "Mozilla/5.0 (Windows NT 10.0; Win64; x64) AppleWebKit/537.36 (KHTML, like Gecko) Chrome/121.0.0.0 Safari/537.36 Edg/121.0.0.0"
104.23.166.86 - - [24/May/2026:02:13:03 +0300] "GET /backups/.git/config HTTP/1.1" 301 162 "-" "Mozilla/5.0 (Windows NT 10.0; Win64; x64) AppleWebKit/537.36 (KHTML, like Gecko) Chrome/121.0.0.0 Safari/537.36 Edg/121.0.0.0"
141.101.76.176 - - [24/May/2026:02:13:03 +0300] "GET /%2eenv%2ebackup HTTP/1.1" 301 162 "-" "Mozilla/5.0 (Windows NT 10.0; Win64; x64) AppleWebKit/537.36 (KHTML, like Gecko) Chrome/122.0.0.0 Safari/537.36"
104.23.172.7 - - [24/May/2026:02:13:03 +0300] "GET /%2eenv%2eprod HTTP/1.1" 301 162 "-" "Mozilla/5.0 (Windows NT 10.0; Win64; x64) AppleWebKit/537.36 (KHTML, like Gecko) Chrome/122.0.0.0 Safari/537.36"
104.23.170.49 - - [24/May/2026:02:13:03 +0300] "GET /app/config/config_local.yml HTTP/1.1" 301 162 "-" "Mozilla/5.0 (Macintosh; Intel Mac OS X 10_15_7) AppleWebKit/537.36 (KHTML, like Gecko) Chrome/122.0.0.0 Safari/537.36"
172.71.183.129 - - [24/May/2026:02:13:03 +0300] "GET /%2eenv%2eold HTTP/1.1" 301 162 "-" "Mozilla/5.0 (Windows NT 10.0; Win64; x64; rv:123.0) Gecko/20100101 Firefox/123.0"
162.159.113.48 - - [24/May/2026:02:13:03 +0300] "GET /core/%2eenv HTTP/1.1" 301 162 "-" "Mozilla/5.0 (Windows NT 10.0; Win64; x64; rv:123.0) Gecko/20100101 Firefox/123.0"
104.23.170.49 - - [24/May/2026:02:13:03 +0300] "GET /%5Fprofiler/phpinfo HTTP/1.1" 301 162 "-" "Mozilla/5.0 (Windows NT 10.0; Win64; x64) AppleWebKit/537.36 (KHTML, like Gecko) Chrome/121.0.0.0 Safari/537.36 Edg/121.0.0.0"
172.70.46.246 - - [24/May/2026:02:13:03 +0300] "GET /env%2ebackup HTTP/1.1" 301 162 "-" "Mozilla/5.0 (Windows NT 10.0; Win64; x64; rv:123.0) Gecko/20100101 Firefox/123.0"
172.71.183.129 - - [24/May/2026:02:13:03 +0300] "GET /%2eenv%2eexample HTTP/1.1" 301 162 "-" "Mozilla/5.0 (Macintosh; Intel Mac OS X 10_15_7) AppleWebKit/605.1.15 (KHTML, like Gecko) Version/17.3 Safari/605.1.15"
172.70.46.246 - - [24/May/2026:02:13:03 +0300] "GET /phpinfo%2ephp HTTP/1.1" 301 162 "-" "Mozilla/5.0 (Windows NT 10.0; Win64; x64) AppleWebKit/537.36 (KHTML, like Gecko) Chrome/121.0.0.0 Safari/537.36 Edg/121.0.0.0"
172.71.102.47 - - [24/May/2026:02:13:03 +0300] "GET /mailer/send HTTP/1.1" 301 162 "-" "Mozilla/5.0 (Windows NT 10.0; Win64; x64) AppleWebKit/537.36 (KHTML, like Gecko) Chrome/121.0.0.0 Safari/537.36 Edg/121.0.0.0"
172.70.46.246 - - [24/May/2026:02:13:03 +0300] "GET /%2eAWS/credentials HTTP/1.1" 301 162 "-" "Mozilla/5.0 (Macintosh; Intel Mac OS X 10_15_7) AppleWebKit/605.1.15 (KHTML, like Gecko) Version/17.3 Safari/605.1.15"
172.71.102.46 - - [24/May/2026:02:13:03 +0300] "GET /admin/%2eenv HTTP/1.1" 301 162 "-" "Mozilla/5.0 (Macintosh; Intel Mac OS X 10_15_7) AppleWebKit/537.36 (KHTML, like Gecko) Chrome/122.0.0.0 Safari/537.36"
172.71.183.130 - - [24/May/2026:02:13:03 +0300] "GET /neos/login HTTP/1.1" 301 162 "-" "Mozilla/5.0 (X11; Linux x86_64) AppleWebKit/537.36 (KHTML, like Gecko) Chrome/122.0.0.0 Safari/537.36"
172.71.98.55 - - [24/May/2026:02:13:03 +0300] "GET /config%2eenv HTTP/1.1" 301 162 "-" "Mozilla/5.0 (Macintosh; Intel Mac OS X 10_15_7) AppleWebKit/605.1.15 (KHTML, like Gecko) Version/17.3 Safari/605.1.15"
172.71.102.47 - - [24/May/2026:02:13:03 +0300] "GET /.git_bak/config HTTP/1.1" 301 162 "-" "Mozilla/5.0 (Windows NT 10.0; Win64; x64) AppleWebKit/537.36 (KHTML, like Gecko) Chrome/122.0.0.0 Safari/537.36"
172.71.98.54 - - [24/May/2026:02:13:03 +0300] "GET /actives%2ephp HTTP/1.1" 301 162 "-" "Mozilla/5.0 (Macintosh; Intel Mac OS X 10_15_7) AppleWebKit/537.36 (KHTML, like Gecko) Chrome/122.0.0.0 Safari/537.36"
172.71.95.82 - - [24/May/2026:02:13:03 +0300] "GET /www/%2eenv HTTP/1.1" 301 162 "-" "Mozilla/5.0 (Windows NT 10.0; Win64; x64) AppleWebKit/537.36 (KHTML, like Gecko) Chrome/121.0.0.0 Safari/537.36 Edg/121.0.0.0"
162.159.113.49 - - [24/May/2026:02:13:03 +0300] "GET /test%2ephp HTTP/1.1" 301 162 "-" "Mozilla/5.0 (Windows NT 10.0; Win64; x64; rv:123.0) Gecko/20100101 Firefox/123.0"
141.101.76.177 - - [24/May/2026:02:13:03 +0300] "GET /graphql%3Fquery HTTP/1.1" 301 162 "-" "Mozilla/5.0 (Macintosh; Intel Mac OS X 10_15_7) AppleWebKit/537.36 (KHTML, like Gecko) Chrome/122.0.0.0 Safari/537.36"
104.23.166.86 - - [24/May/2026:02:13:03 +0300] "GET /404 HTTP/1.1" 301 162 "-" "Mozilla/5.0 (Windows NT 10.0; Win64; x64) AppleWebKit/537.36 (KHTML, like Gecko) Chrome/121.0.0.0 Safari/537.36 Edg/121.0.0.0"
162.159.113.156 - - [24/May/2026:02:13:03 +0300] "GET /%2egit/config HTTP/1.1" 301 162 "-" "Mozilla/5.0 (Windows NT 10.0; Win64; x64; rv:123.0) Gecko/20100101 Firefox/123.0"
162.159.113.157 - - [24/May/2026:02:13:03 +0300] "GET /%2egit/logs/HEAD HTTP/1.1" 301 162 "-" "Mozilla/5.0 (Macintosh; Intel Mac OS X 10_15_7) AppleWebKit/605.1.15 (KHTML, like Gecko) Version/17.3 Safari/605.1.15"
172.71.95.81 - - [24/May/2026:02:13:03 +0300] "GET /%2egit/index HTTP/1.1" 301 162 "-" "Mozilla/5.0 (Windows NT 10.0; Win64; x64) AppleWebKit/537.36 (KHTML, like Gecko) Chrome/121.0.0.0 Safari/537.36 Edg/121.0.0.0"
104.23.170.48 - - [24/May/2026:02:13:03 +0300] "GET /%2esvn/entries HTTP/1.1" 301 162 "-" "Mozilla/5.0 (Macintosh; Intel Mac OS X 10_15_7) AppleWebKit/605.1.15 (KHTML, like Gecko) Version/17.3 Safari/605.1.15"
172.71.183.129 - - [24/May/2026:02:13:03 +0300] "GET /debug%3Ftarget%3D169%2e254%2e169%2e254%2Flatest%2Dmeta%2Ddata%2F HTTP/1.1" 301 162 "-" "Mozilla/5.0 (Macintosh; Intel Mac OS X 10_15_7) AppleWebKit/605.1.15 (KHTML, like Gecko) Version/17.3 Safari/605.1.15"
162.159.113.48 - - [24/May/2026:02:13:03 +0300] "GET /etc/exim4/exim4%2econf HTTP/1.1" 301 162 "-" "Mozilla/5.0 (X11; Linux x86_64) AppleWebKit/537.36 (KHTML, like Gecko) Chrome/122.0.0.0 Safari/537.36"
104.23.168.47 - - [24/May/2026:02:13:03 +0300] "GET /%2ehg HTTP/1.1" 301 162 "-" "Mozilla/5.0 (Macintosh; Intel Mac OS X 10_15_7) AppleWebKit/605.1.15 (KHTML, like Gecko) Version/17.3 Safari/605.1.15"
172.71.102.47 - - [24/May/2026:02:13:03 +0300] "GET /backup%2esql HTTP/1.1" 301 162 "-" "Mozilla/5.0 (Windows NT 10.0; Win64; x64) AppleWebKit/537.36 (KHTML, like Gecko) Chrome/121.0.0.0 Safari/537.36 Edg/121.0.0.0"
104.23.170.49 - - [24/May/2026:02:13:03 +0300] "GET /%2egit%2Dcredentials HTTP/1.1" 301 162 "-" "Mozilla/5.0 (Macintosh; Intel Mac OS X 10_15_7) AppleWebKit/537.36 (KHTML, like Gecko) Chrome/122.0.0.0 Safari/537.36"
172.71.102.47 - - [24/May/2026:02:13:03 +0300] "GET /%2eDS%5FStore HTTP/1.1" 301 162 "-" "Mozilla/5.0 (Macintosh; Intel Mac OS X 10_15_7) AppleWebKit/605.1.15 (KHTML, like Gecko) Version/17.3 Safari/605.1.15"
172.71.95.81 - - [24/May/2026:02:13:03 +0300] "GET /mail/send HTTP/1.1" 301 162 "-" "Mozilla/5.0 (Windows NT 10.0; Win64; x64; rv:123.0) Gecko/20100101 Firefox/123.0"
104.23.168.37 - - [24/May/2026:02:13:03 +0300] "GET /phpinfo%2ephp3 HTTP/1.1" 301 162 "-" "Mozilla/5.0 (Macintosh; Intel Mac OS X 10_15_7) AppleWebKit/605.1.15 (KHTML, like Gecko) Version/17.3 Safari/605.1.15"
104.23.168.37 - - [24/May/2026:02:13:03 +0300] "GET /%2eenv%2elocal HTTP/1.1" 301 162 "-" "Mozilla/5.0 (X11; Linux x86_64) AppleWebKit/537.36 (KHTML, like Gecko) Chrome/122.0.0.0 Safari/537.36"
172.71.95.81 - - [24/May/2026:02:13:03 +0300] "GET /admin/admin%5Fphpinfo%2ephp4 HTTP/1.1" 301 162 "-" "Mozilla/5.0 (Windows NT 10.0; Win64; x64) AppleWebKit/537.36 (KHTML, like Gecko) Chrome/121.0.0.0 Safari/537.36 Edg/121.0.0.0"
104.23.168.47 - - [24/May/2026:02:13:03 +0300] "GET /%3Fphpinfo%3D1 HTTP/1.1" 301 162 "-" "Mozilla/5.0 (Windows NT 10.0; Win64; x64) AppleWebKit/537.36 (KHTML, like Gecko) Chrome/121.0.0.0 Safari/537.36 Edg/121.0.0.0"
162.159.113.11 - - [24/May/2026:02:13:03 +0300] "GET /git.zip HTTP/1.1" 301 162 "-" "Mozilla/5.0 (Windows NT 10.0; Win64; x64) AppleWebKit/537.36 (KHTML, like Gecko) Chrome/122.0.0.0 Safari/537.36"
104.23.170.11 - - [24/May/2026:02:13:03 +0300] "GET /.git.zip HTTP/1.1" 301 162 "-" "Mozilla/5.0 (Windows NT 10.0; Win64; x64) AppleWebKit/537.36 (KHTML, like Gecko) Chrome/122.0.0.0 Safari/537.36"
172.71.95.107 - - [24/May/2026:02:13:03 +0300] "GET /.git.tar.gz HTTP/1.1" 301 162 "-" "Mozilla/5.0 (Macintosh; Intel Mac OS X 10_15_7) AppleWebKit/605.1.15 (KHTML, like Gecko) Version/17.3 Safari/605.1.15"
172.71.95.22 - - [24/May/2026:02:13:03 +0300] "GET /.git.tar HTTP/1.1" 301 162 "-" "Mozilla/5.0 (Macintosh; Intel Mac OS X 10_15_7) AppleWebKit/605.1.15 (KHTML, like Gecko) Version/17.3 Safari/605.1.15"
104.23.168.46 - - [24/May/2026:02:13:03 +0300] "GET /app/config/config_prod.yml HTTP/1.1" 301 162 "-" "Mozilla/5.0 (Windows NT 10.0; Win64; x64; rv:123.0) Gecko/20100101 Firefox/123.0"
104.23.168.46 - - [24/May/2026:02:13:03 +0300] "GET /bootstrap/cache/services.php HTTP/1.1" 301 162 "-" "Mozilla/5.0 (X11; Linux x86_64) AppleWebKit/537.36 (KHTML, like Gecko) Chrome/122.0.0.0 Safari/537.36"
104.23.168.15 - - [24/May/2026:02:13:03 +0300] "GET /git.tar.gz HTTP/1.1" 301 162 "-" "Mozilla/5.0 (Macintosh; Intel Mac OS X 10_15_7) AppleWebKit/605.1.15 (KHTML, like Gecko) Version/17.3 Safari/605.1.15"
172.71.183.130 - - [24/May/2026:02:13:03 +0300] "GET /.env.wp HTTP/1.1" 301 162 "-" "Mozilla/5.0 (Macintosh; Intel Mac OS X 10_15_7) AppleWebKit/605.1.15 (KHTML, like Gecko) Version/17.3 Safari/605.1.15"
172.71.183.130 - - [24/May/2026:02:13:03 +0300] "GET /config%2ejson HTTP/1.1" 301 162 "-" "Mozilla/5.0 (Windows NT 10.0; Win64; x64; rv:123.0) Gecko/20100101 Firefox/123.0"
104.23.168.36 - - [24/May/2026:02:13:03 +0300] "GET /app/%2eenv%2eswp HTTP/1.1" 301 162 "-" "Mozilla/5.0 (Macintosh; Intel Mac OS X 10_15_7) AppleWebKit/605.1.15 (KHTML, like Gecko) Version/17.3 Safari/605.1.15"
172.71.183.129 - - [24/May/2026:02:13:03 +0300] "GET /laravel/%2eenv HTTP/1.1" 301 162 "-" "Mozilla/5.0 (Windows NT 10.0; Win64; x64) AppleWebKit/537.36 (KHTML, like Gecko) Chrome/122.0.0.0 Safari/537.36"
172.70.46.246 - - [24/May/2026:02:13:03 +0300] "GET /test%3Furl%3Dhttp%3A%2F%2F169%2e254%2e169%2e254%2Flatest%2Fmeta%2Ddata%2F HTTP/1.1" 301 162 "-" "Mozilla/5.0 (Windows NT 10.0; Win64; x64) AppleWebKit/537.36 (KHTML, like Gecko) Chrome/121.0.0.0 Safari/537.36 Edg/121.0.0.0"
104.23.172.7 - - [24/May/2026:02:13:03 +0300] "GET /etc/postfix/main%2ecf HTTP/1.1" 301 162 "-" "Mozilla/5.0 (Windows NT 10.0; Win64; x64) AppleWebKit/537.36 (KHTML, like Gecko) Chrome/121.0.0.0 Safari/537.36 Edg/121.0.0.0"
104.23.172.6 - - [24/May/2026:02:13:03 +0300] "GET /etc/ssmtp/ssmtp%2econf HTTP/1.1" 301 162 "-" "Mozilla/5.0 (Windows NT 10.0; Win64; x64) AppleWebKit/537.36 (KHTML, like Gecko) Chrome/122.0.0.0 Safari/537.36"
172.70.46.247 - - [24/May/2026:02:13:03 +0300] "GET /config/db.php HTTP/1.1" 301 162 "-" "Mozilla/5.0 (Windows NT 10.0; Win64; x64; rv:123.0) Gecko/20100101 Firefox/123.0"
104.23.166.36 - - [24/May/2026:02:13:03 +0300] "GET /.git/config HTTP/1.1" 301 162 "-" "Mozilla/5.0 (Windows NT 10.0; Win64; x64) AppleWebKit/537.36 (KHTML, like Gecko) Chrome/121.0.0.0 Safari/537.36 Edg/121.0.0.0"
162.159.113.48 - - [24/May/2026:02:13:03 +0300] "GET /%2ehtpasswd HTTP/1.1" 301 162 "-" "Mozilla/5.0 (Windows NT 10.0; Win64; x64) AppleWebKit/537.36 (KHTML, like Gecko) Chrome/121.0.0.0 Safari/537.36 Edg/121.0.0.0"
141.101.76.176 - - [24/May/2026:02:13:03 +0300] "GET /%2ehtaccess HTTP/1.1" 301 162 "-" "Mozilla/5.0 (Windows NT 10.0; Win64; x64) AppleWebKit/537.36 (KHTML, like Gecko) Chrome/121.0.0.0 Safari/537.36 Edg/121.0.0.0"
141.101.76.176 - - [24/May/2026:02:13:03 +0300] "GET /%2egit/HEAD HTTP/1.1" 301 162 "-" "Mozilla/5.0 (Windows NT 10.0; Win64; x64) AppleWebKit/537.36 (KHTML, like Gecko) Chrome/122.0.0.0 Safari/537.36"
104.23.168.47 - - [24/May/2026:02:13:03 +0300] "GET /docker/%2eenv HTTP/1.1" 301 162 "-" "Mozilla/5.0 (Windows NT 10.0; Win64; x64; rv:123.0) Gecko/20100101 Firefox/123.0"
162.159.113.156 - - [24/May/2026:02:13:03 +0300] "GET /dump%2esql HTTP/1.1" 301 162 "-" "Mozilla/5.0 (Macintosh; Intel Mac OS X 10_15_7) AppleWebKit/537.36 (KHTML, like Gecko) Chrome/122.0.0.0 Safari/537.36"
172.70.46.246 - - [24/May/2026:02:13:03 +0300] "GET /db%2esql HTTP/1.1" 301 162 "-" "Mozilla/5.0 (Windows NT 10.0; Win64; x64) AppleWebKit/537.36 (KHTML, like Gecko) Chrome/121.0.0.0 Safari/537.36 Edg/121.0.0.0"
104.23.170.48 - - [24/May/2026:02:13:03 +0300] "GET /db%5Fbackup%2esql HTTP/1.1" 301 162 "-" "Mozilla/5.0 (X11; Linux x86_64) AppleWebKit/537.36 (KHTML, like Gecko) Chrome/122.0.0.0 Safari/537.36"
104.23.168.36 - - [24/May/2026:02:13:03 +0300] "GET /admin HTTP/1.1" 301 162 "-" "Mozilla/5.0 (Windows NT 10.0; Win64; x64; rv:123.0) Gecko/20100101 Firefox/123.0"
172.71.98.54 - - [24/May/2026:02:13:03 +0300] "GET /mysql%2esql HTTP/1.1" 301 162 "-" "Mozilla/5.0 (Windows NT 10.0; Win64; x64) AppleWebKit/537.36 (KHTML, like Gecko) Chrome/122.0.0.0 Safari/537.36"
104.23.170.49 - - [24/May/2026:02:13:03 +0300] "GET /sql%2esql HTTP/1.1" 301 162 "-" "Mozilla/5.0 (Macintosh; Intel Mac OS X 10_15_7) AppleWebKit/537.36 (KHTML, like Gecko) Chrome/122.0.0.0 Safari/537.36"
104.23.168.37 - - [24/May/2026:02:13:03 +0300] "GET /old%2esql HTTP/1.1" 301 162 "-" "Mozilla/5.0 (Windows NT 10.0; Win64; x64) AppleWebKit/537.36 (KHTML, like Gecko) Chrome/122.0.0.0 Safari/537.36"
104.23.170.48 - - [24/May/2026:02:13:03 +0300] "GET /config/database%2eyml HTTP/1.1" 301 162 "-" "Mozilla/5.0 (Macintosh; Intel Mac OS X 10_15_7) AppleWebKit/537.36 (KHTML, like Gecko) Chrome/122.0.0.0 Safari/537.36"
104.23.172.7 - - [24/May/2026:02:13:03 +0300] "GET /secrets%2eenv HTTP/1.1" 301 162 "-" "Mozilla/5.0 (Macintosh; Intel Mac OS X 10_15_7) AppleWebKit/605.1.15 (KHTML, like Gecko) Version/17.3 Safari/605.1.15"
172.71.183.130 - - [24/May/2026:02:13:03 +0300] "GET /local%2eenv HTTP/1.1" 301 162 "-" "Mozilla/5.0 (Windows NT 10.0; Win64; x64) AppleWebKit/537.36 (KHTML, like Gecko) Chrome/122.0.0.0 Safari/537.36"
172.70.46.246 - - [24/May/2026:02:13:03 +0300] "GET /localsettings%2ephp HTTP/1.1" 301 162 "-" "Mozilla/5.0 (Windows NT 10.0; Win64; x64) AppleWebKit/537.36 (KHTML, like Gecko) Chrome/122.0.0.0 Safari/537.36"
172.71.98.55 - - [24/May/2026:02:13:03 +0300] "GET /config%2eyml HTTP/1.1" 301 162 "-" "Mozilla/5.0 (Windows NT 10.0; Win64; x64; rv:123.0) Gecko/20100101 Firefox/123.0"
104.23.170.49 - - [24/May/2026:02:13:03 +0300] "GET /settings%2epy HTTP/1.1" 301 162 "-" "Mozilla/5.0 (Macintosh; Intel Mac OS X 10_15_7) AppleWebKit/537.36 (KHTML, like Gecko) Chrome/122.0.0.0 Safari/537.36"
