162.159.115.26 - - [17/Jun/2026:03:56:52 +0300] "GET /images/galeriresim/2026/06/1781576396194.php?lokasie=%2Fvar%2Fwww%2Fvhosts%2Fhaberosmaniye.com%2Fhttpdocs%2Fpublic%2Fimages%2Ftn%2Fuploads%2Fbackup%2F%2FU3Tkr93G25G26r.jpg&loknya=%2Fvar%2Fwww%2Fvhosts%2Fhaberosmaniye.com%2Fhttpdocs%2Fpublic%2Fimages%2Ftn%2Fuploads%2Fbackup%2F HTTP/1.1" 200 45655 "-" "Mozilla/5.0 AppleWebKit/537.36 (KHTML, like Gecko; compatible; ClaudeBot/1.0; +claudebot@anthropic.com)"
162.159.115.26 - - [17/Jun/2026:03:56:53 +0300] "GET /images/galeriresim/2026/06/1781576396194.php?lokasie=%2Fvar%2Fwww%2Fvhosts%2Fhaberosmaniye.com%2Fhttpdocs%2Fpublic%2Fimages%2Ftn%2Fuploads%2Fbackup%2F%2FkTGU71r73G4r54.jpg&loknya=%2Fvar%2Fwww%2Fvhosts%2Fhaberosmaniye.com%2Fhttpdocs%2Fpublic%2Fimages%2Ftn%2Fuploads%2Fbackup%2F HTTP/1.1" 200 45655 "-" "Mozilla/5.0 AppleWebKit/537.36 (KHTML, like Gecko; compatible; ClaudeBot/1.0; +claudebot@anthropic.com)"
162.159.115.26 - - [17/Jun/2026:03:56:53 +0300] "GET /images/galeriresim/2026/06/1781576396194.php?lokasie=%2Fvar%2Fwww%2Fvhosts%2Fhaberosmaniye.com%2Fhttpdocs%2Fpublic%2Fimages%2Ftn%2Fuploads%2Fbackup%2F%2FG884rT46rGUk90.jpg&loknya=%2Fvar%2Fwww%2Fvhosts%2Fhaberosmaniye.com%2Fhttpdocs%2Fpublic%2Fimages%2Ftn%2Fuploads%2Fbackup%2F HTTP/1.1" 200 45655 "-" "Mozilla/5.0 AppleWebKit/537.36 (KHTML, like Gecko; compatible; ClaudeBot/1.0; +claudebot@anthropic.com)"
162.159.115.26 - - [17/Jun/2026:03:56:54 +0300] "GET /images/galeriresim/2026/06/1781576396194.php?lokasie=%2Fvar%2Fwww%2Fvhosts%2Fhaberosmaniye.com%2Fhttpdocs%2Fpublic%2Fimages%2Ftn%2Fuploads%2Fbackup%2F%2F88r8U9rG2T5kG1.jpg&loknya=%2Fvar%2Fwww%2Fvhosts%2Fhaberosmaniye.com%2Fhttpdocs%2Fpublic%2Fimages%2Ftn%2Fuploads%2Fbackup%2F HTTP/1.1" 200 45655 "-" "Mozilla/5.0 AppleWebKit/537.36 (KHTML, like Gecko; compatible; ClaudeBot/1.0; +claudebot@anthropic.com)"
162.159.115.26 - - [17/Jun/2026:03:56:54 +0300] "GET /images/galeriresim/2026/06/1781576396194.php?lokasie=%2Fvar%2Fwww%2Fvhosts%2Fhaberosmaniye.com%2Fhttpdocs%2Fpublic%2Fimages%2Ftn%2Fuploads%2Fbackup%2F%2F4rGk35r36G8TU7.jpg&loknya=%2Fvar%2Fwww%2Fvhosts%2Fhaberosmaniye.com%2Fhttpdocs%2Fpublic%2Fimages%2Ftn%2Fuploads%2Fbackup%2F HTTP/1.1" 200 45656 "-" "Mozilla/5.0 AppleWebKit/537.36 (KHTML, like Gecko; compatible; ClaudeBot/1.0; +claudebot@anthropic.com)"
162.158.210.202 - - [17/Jun/2026:03:56:55 +0300] "GET /rss/genel-0 HTTP/1.1" 200 274457 "-" "Mozilla/5.0 (Windows NT 10.0; Win64; x64) Newsly-RSS-Bot"
104.22.104.59 - - [17/Jun/2026:03:56:54 +0300] "GET /makale/ona-olan-sevgim-159 HTTP/1.1" 200 132940 "-" "meta-externalagent/1.1 (+https://developers.facebook.com/docs/sharing/webmasters/crawler)"
162.159.115.26 - - [17/Jun/2026:03:56:55 +0300] "GET /images/galeriresim/2026/06/1781576396194.php?lokasie=%2Fvar%2Fwww%2Fvhosts%2Fhaberosmaniye.com%2Fhttpdocs%2Fpublic%2Fimages%2Ftn%2Fuploads%2Fbackup%2F%2F839TU5G7rr1k4G.jpg&loknya=%2Fvar%2Fwww%2Fvhosts%2Fhaberosmaniye.com%2Fhttpdocs%2Fpublic%2Fimages%2Ftn%2Fuploads%2Fbackup%2F HTTP/1.1" 200 45655 "-" "Mozilla/5.0 AppleWebKit/537.36 (KHTML, like Gecko; compatible; ClaudeBot/1.0; +claudebot@anthropic.com)"
162.159.115.26 - - [17/Jun/2026:03:56:55 +0300] "GET /images/galeriresim/2026/06/1781576396194.php?lokasie=%2Fvar%2Fwww%2Fvhosts%2Fhaberosmaniye.com%2Fhttpdocs%2Fpublic%2Fimages%2Ftn%2Fuploads%2Fbackup%2F%2FT5502Gr3G3r6kU.jpg&loknya=%2Fvar%2Fwww%2Fvhosts%2Fhaberosmaniye.com%2Fhttpdocs%2Fpublic%2Fimages%2Ftn%2Fuploads%2Fbackup%2F HTTP/1.1" 200 45656 "-" "Mozilla/5.0 AppleWebKit/537.36 (KHTML, like Gecko; compatible; ClaudeBot/1.0; +claudebot@anthropic.com)"
172.71.232.67 - - [17/Jun/2026:03:56:56 +0300] "GET /amp/belediyeden-yaylalarda-kapsamli-temizlik-seferberligi-23664 HTTP/1.1" 200 59453 "-" "Mozilla/5.0 (compatible; IbouBot/1.0; +bot@ibou.io; +https://ibou.io/iboubot.html)"
162.159.115.26 - - [17/Jun/2026:03:56:56 +0300] "GET /images/galeriresim/2026/06/1781576396194.php?lokasie=%2Fvar%2Fwww%2Fvhosts%2Fhaberosmaniye.com%2Fhttpdocs%2Fpublic%2Fimages%2Ftn%2Fuploads%2Fbackup%2F%2Fkrr62GU5G1857T.jpg&loknya=%2Fvar%2Fwww%2Fvhosts%2Fhaberosmaniye.com%2Fhttpdocs%2Fpublic%2Fimages%2Ftn%2Fuploads%2Fbackup%2F HTTP/1.1" 200 45655 "-" "Mozilla/5.0 AppleWebKit/537.36 (KHTML, like Gecko; compatible; ClaudeBot/1.0; +claudebot@anthropic.com)"
162.159.115.26 - - [17/Jun/2026:03:56:56 +0300] "GET /images/galeriresim/2026/06/1781576396194.php?lokasie=%2Fvar%2Fwww%2Fvhosts%2Fhaberosmaniye.com%2Fhttpdocs%2Fpublic%2Fimages%2Ftn%2Fuploads%2Fbackup%2F%2F6Gk866GTU04rr4.jpg&loknya=%2Fvar%2Fwww%2Fvhosts%2Fhaberosmaniye.com%2Fhttpdocs%2Fpublic%2Fimages%2Ftn%2Fuploads%2Fbackup%2F HTTP/1.1" 200 45655 "-" "Mozilla/5.0 AppleWebKit/537.36 (KHTML, like Gecko; compatible; ClaudeBot/1.0; +claudebot@anthropic.com)"
162.159.115.26 - - [17/Jun/2026:03:56:57 +0300] "GET /images/galeriresim/2026/06/1781576396194.php?lokasie=%2Fvar%2Fwww%2Fvhosts%2Fhaberosmaniye.com%2Fhttpdocs%2Fpublic%2Fimages%2Ftn%2Fuploads%2Fbackup%2F%2F753G32UkGTr63r.jpg&loknya=%2Fvar%2Fwww%2Fvhosts%2Fhaberosmaniye.com%2Fhttpdocs%2Fpublic%2Fimages%2Ftn%2Fuploads%2Fbackup%2F HTTP/1.1" 200 45655 "-" "Mozilla/5.0 AppleWebKit/537.36 (KHTML, like Gecko; compatible; ClaudeBot/1.0; +claudebot@anthropic.com)"
162.159.115.26 - - [17/Jun/2026:03:56:57 +0300] "GET /images/galeriresim/2026/06/1781576396194.php?lokasie=%2Fvar%2Fwww%2Fvhosts%2Fhaberosmaniye.com%2Fhttpdocs%2Fpublic%2Fimages%2Ftn%2Fuploads%2Fbackup%2F%2F3r11U052GrTG3k.jpg&loknya=%2Fvar%2Fwww%2Fvhosts%2Fhaberosmaniye.com%2Fhttpdocs%2Fpublic%2Fimages%2Ftn%2Fuploads%2Fbackup%2F HTTP/1.1" 200 45655 "-" "Mozilla/5.0 AppleWebKit/537.36 (KHTML, like Gecko; compatible; ClaudeBot/1.0; +claudebot@anthropic.com)"
162.159.115.26 - - [17/Jun/2026:03:56:58 +0300] "GET /images/galeriresim/2026/06/1781576396194.php?lokasie=%2Fvar%2Fwww%2Fvhosts%2Fhaberosmaniye.com%2Fhttpdocs%2Fpublic%2Fimages%2Ftn%2Fuploads%2Fbackup%2F%2FU263rGkT00G9r9.jpg&loknya=%2Fvar%2Fwww%2Fvhosts%2Fhaberosmaniye.com%2Fhttpdocs%2Fpublic%2Fimages%2Ftn%2Fuploads%2Fbackup%2F HTTP/1.1" 200 45655 "-" "Mozilla/5.0 AppleWebKit/537.36 (KHTML, like Gecko; compatible; ClaudeBot/1.0; +claudebot@anthropic.com)"
172.69.22.9 - - [17/Jun/2026:03:56:58 +0300] "GET /images/haberler/2024/04/simdi-millete-hizmet-etme-vaktidir-1711981965.png HTTP/1.1" 200 444806 "-" "Mozilla/5.0 (compatible; crawler)"
162.159.115.26 - - [17/Jun/2026:03:56:58 +0300] "GET /images/galeriresim/2026/06/1781576396194.php?lokasie=%2Fvar%2Fwww%2Fvhosts%2Fhaberosmaniye.com%2Fhttpdocs%2Fpublic%2Fimages%2Ftn%2Fuploads%2Fbackup%2F%2F1718UkrrT6G1G7.jpg&loknya=%2Fvar%2Fwww%2Fvhosts%2Fhaberosmaniye.com%2Fhttpdocs%2Fpublic%2Fimages%2Ftn%2Fuploads%2Fbackup%2F HTTP/1.1" 200 45656 "-" "Mozilla/5.0 AppleWebKit/537.36 (KHTML, like Gecko; compatible; ClaudeBot/1.0; +claudebot@anthropic.com)"
162.159.115.26 - - [17/Jun/2026:03:56:59 +0300] "GET /images/galeriresim/2026/06/1781576396194.php?lokasie=%2Fvar%2Fwww%2Fvhosts%2Fhaberosmaniye.com%2Fhttpdocs%2Fpublic%2Fimages%2Ftn%2Fuploads%2Fbackup%2F%2F7T3r92G37kGrU9.jpg&loknya=%2Fvar%2Fwww%2Fvhosts%2Fhaberosmaniye.com%2Fhttpdocs%2Fpublic%2Fimages%2Ftn%2Fuploads%2Fbackup%2F HTTP/1.1" 200 45656 "-" "Mozilla/5.0 AppleWebKit/537.36 (KHTML, like Gecko; compatible; ClaudeBot/1.0; +claudebot@anthropic.com)"
162.159.115.26 - - [17/Jun/2026:03:56:59 +0300] "GET /images/galeriresim/2026/06/1781576396194.php?lokasie=%2Fvar%2Fwww%2Fvhosts%2Fhaberosmaniye.com%2Fhttpdocs%2Fpublic%2Fimages%2Ftn%2Fuploads%2Fbackup%2F%2FTrU5r847Gk95G5.jpg&loknya=%2Fvar%2Fwww%2Fvhosts%2Fhaberosmaniye.com%2Fhttpdocs%2Fpublic%2Fimages%2Ftn%2Fuploads%2Fbackup%2F HTTP/1.1" 200 45656 "-" "Mozilla/5.0 AppleWebKit/537.36 (KHTML, like Gecko; compatible; ClaudeBot/1.0; +claudebot@anthropic.com)"
162.159.115.26 - - [17/Jun/2026:03:57:00 +0300] "GET /images/galeriresim/2026/06/1781576396194.php?lokasie=%2Fvar%2Fwww%2Fvhosts%2Fhaberosmaniye.com%2Fhttpdocs%2Fpublic%2Fimages%2Ftn%2Fuploads%2Fbackup%2F%2F7Grk24TG94Ur25.jpg&loknya=%2Fvar%2Fwww%2Fvhosts%2Fhaberosmaniye.com%2Fhttpdocs%2Fpublic%2Fimages%2Ftn%2Fuploads%2Fbackup%2F HTTP/1.1" 200 45656 "-" "Mozilla/5.0 AppleWebKit/537.36 (KHTML, like Gecko; compatible; ClaudeBot/1.0; +claudebot@anthropic.com)"
104.22.101.72 - - [17/Jun/2026:03:57:00 +0300] "GET /amp/karagedik-koyunde-12-deprem-konutu-teslim-edildi-25633 HTTP/1.1" 200 59792 "-" "Mozilla/5.0 (Linux; Android 6.0.1; Nexus 5X Build/MMB29P) AppleWebKit/537.36 (KHTML, like Gecko) Chrome/148.0.7778.96 Mobile Safari/537.36 (compatible; Googlebot/2.1; +http://www.google.com/bot.html)"
162.159.115.26 - - [17/Jun/2026:03:57:00 +0300] "GET /images/galeriresim/2026/06/1781576396194.php?lokasie=%2Fvar%2Fwww%2Fvhosts%2Fhaberosmaniye.com%2Fhttpdocs%2Fpublic%2Fimages%2Ftn%2Fuploads%2Fbackup%2F%2F0Gk369GU690Trr.jpg&loknya=%2Fvar%2Fwww%2Fvhosts%2Fhaberosmaniye.com%2Fhttpdocs%2Fpublic%2Fimages%2Ftn%2Fuploads%2Fbackup%2F HTTP/1.1" 200 45656 "-" "Mozilla/5.0 AppleWebKit/537.36 (KHTML, like Gecko; compatible; ClaudeBot/1.0; +claudebot@anthropic.com)"
172.69.251.132 - - [17/Jun/2026:03:57:00 +0300] "GET / HTTP/1.1" 200 121424 "-" "axios/1.6.7"
162.159.115.26 - - [17/Jun/2026:03:57:01 +0300] "GET /images/galeriresim/2026/06/1781576396194.php?lokasie=%2Fvar%2Fwww%2Fvhosts%2Fhaberosmaniye.com%2Fhttpdocs%2Fpublic%2Fimages%2Ftn%2Fuploads%2Fbackup%2F%2F74T2rU763k1GGr.jpg&loknya=%2Fvar%2Fwww%2Fvhosts%2Fhaberosmaniye.com%2Fhttpdocs%2Fpublic%2Fimages%2Ftn%2Fuploads%2Fbackup%2F HTTP/1.1" 200 45656 "-" "Mozilla/5.0 AppleWebKit/537.36 (KHTML, like Gecko; compatible; ClaudeBot/1.0; +claudebot@anthropic.com)"
172.71.191.51 - - [17/Jun/2026:03:57:01 +0300] "GET /haber/kahramanmarasta-robotik-ve-teknoloji-festivali-duzenlendi-14811 HTTP/1.1" 200 122821 "https://www.haberosmaniye.com/haber/kahramanmarasta-yksye-hazirlanan-afetzede-ogrenciler-icin-etkinlik-duzenlendi-14810" "meta-externalagent/1.1 (+https://developers.facebook.com/docs/sharing/webmasters/crawler)"
162.159.115.26 - - [17/Jun/2026:03:57:01 +0300] "GET /images/galeriresim/2026/06/1781576396194.php?lokasie=%2Fvar%2Fwww%2Fvhosts%2Fhaberosmaniye.com%2Fhttpdocs%2Fpublic%2Fimages%2Ftn%2Fuploads%2Fbackup%2F%2F148U7rr1G3kT6G.jpg&loknya=%2Fvar%2Fwww%2Fvhosts%2Fhaberosmaniye.com%2Fhttpdocs%2Fpublic%2Fimages%2Ftn%2Fuploads%2Fbackup%2F HTTP/1.1" 200 45656 "-" "Mozilla/5.0 AppleWebKit/537.36 (KHTML, like Gecko; compatible; ClaudeBot/1.0; +claudebot@anthropic.com)"
104.22.105.51 - - [17/Jun/2026:03:57:01 +0300] "GET /haber/osmaniyede-uyusturucu-saticisi-hukumlu-kiskivrak-yakalandi-24203 HTTP/1.1" 200 123756 "-" "Mozilla/5.0 (compatible; SemrushBot/7~bl; +http://www.semrush.com/bot.html)"
162.159.115.26 - - [17/Jun/2026:03:57:02 +0300] "GET /images/galeriresim/2026/06/1781576396194.php?lokasie=%2Fvar%2Fwww%2Fvhosts%2Fhaberosmaniye.com%2Fhttpdocs%2Fpublic%2Fimages%2Ftn%2Fuploads%2Fbackup%2F%2F7G3TU23Grk92r4.jpg&loknya=%2Fvar%2Fwww%2Fvhosts%2Fhaberosmaniye.com%2Fhttpdocs%2Fpublic%2Fimages%2Ftn%2Fuploads%2Fbackup%2F HTTP/1.1" 200 45656 "-" "Mozilla/5.0 AppleWebKit/537.36 (KHTML, like Gecko; compatible; ClaudeBot/1.0; +claudebot@anthropic.com)"
104.23.209.133 - - [17/Jun/2026:03:57:02 +0300] "GET /images/tn/1717699503-1498640608.jpg HTTP/1.1" 200 48516 "https://www.haberosmaniye.com/haber/kahramanmarasta-yksye-hazirlanan-afetzede-ogrenciler-icin-etkinlik-duzenlendi-14810" "meta-externalagent/1.1 (+https://developers.facebook.com/docs/sharing/webmasters/crawler)"
172.71.195.70 - - [17/Jun/2026:03:57:02 +0300] "GET /images/haberler/1717701302-1295637249.jpg HTTP/1.1" 200 211735 "https://www.haberosmaniye.com/haber/kahramanmarasta-yksye-hazirlanan-afetzede-ogrenciler-icin-etkinlik-duzenlendi-14810" "meta-externalagent/1.1 (+https://developers.facebook.com/docs/sharing/webmasters/crawler)"
162.159.115.26 - - [17/Jun/2026:03:57:02 +0300] "GET /images/galeriresim/2026/06/1781576396194.php?lokasie=%2Fvar%2Fwww%2Fvhosts%2Fhaberosmaniye.com%2Fhttpdocs%2Fpublic%2Fimages%2Ftn%2Fuploads%2Fbackup%2F%2F2166r0GGrk6UT.jpg&loknya=%2Fvar%2Fwww%2Fvhosts%2Fhaberosmaniye.com%2Fhttpdocs%2Fpublic%2Fimages%2Ftn%2Fuploads%2Fbackup%2F HTTP/1.1" 200 45654 "-" "Mozilla/5.0 AppleWebKit/537.36 (KHTML, like Gecko; compatible; ClaudeBot/1.0; +claudebot@anthropic.com)"
162.159.115.26 - - [17/Jun/2026:03:57:03 +0300] "GET /images/galeriresim/2026/06/1781576396194.php?lokasie=%2Fvar%2Fwww%2Fvhosts%2Fhaberosmaniye.com%2Fhttpdocs%2Fpublic%2Fimages%2Ftn%2Fuploads%2Fbackup%2F%2F5U06rT0rG97G4k.jpg&loknya=%2Fvar%2Fwww%2Fvhosts%2Fhaberosmaniye.com%2Fhttpdocs%2Fpublic%2Fimages%2Ftn%2Fuploads%2Fbackup%2F HTTP/1.1" 200 45656 "-" "Mozilla/5.0 AppleWebKit/537.36 (KHTML, like Gecko; compatible; ClaudeBot/1.0; +claudebot@anthropic.com)"
162.159.115.26 - - [17/Jun/2026:03:57:03 +0300] "GET /images/galeriresim/2026/06/1781576396194.php?lokasie=%2Fvar%2Fwww%2Fvhosts%2Fhaberosmaniye.com%2Fhttpdocs%2Fpublic%2Fimages%2Ftn%2Fuploads%2Fbackup%2F%2FTG27U9rkG545r3.jpg&loknya=%2Fvar%2Fwww%2Fvhosts%2Fhaberosmaniye.com%2Fhttpdocs%2Fpublic%2Fimages%2Ftn%2Fuploads%2Fbackup%2F HTTP/1.1" 200 45655 "-" "Mozilla/5.0 AppleWebKit/537.36 (KHTML, like Gecko; compatible; ClaudeBot/1.0; +claudebot@anthropic.com)"
172.70.175.119 - - [17/Jun/2026:03:57:03 +0300] "GET /haber/kadirlide-ogrencilere-canta-destegi-24963 HTTP/1.1" 200 122697 "-" "Mozilla/5.0 (compatible; SemrushBot/7~bl; +http://www.semrush.com/bot.html)"
141.101.68.58 - - [17/Jun/2026:03:57:04 +0300] "GET /haber/bartokun-izinde-osmaniyede-unutulmaz-konser-17799 HTTP/1.1" 200 123974 "-" "Mozilla/5.0 (compatible; Barkrowler/0.9; +https://babbar.tech/crawler)"
172.70.127.105 - - [17/Jun/2026:03:57:06 +0300] "GET /haber/mhp-adana-il-baskanligi-yonetim-kurulu-toplantisi-yapti-15040 HTTP/1.1" 200 121525 "https://www.haberosmaniye.com/haber/hatayda-konteyner-kentteki-ogrenciler-itfaiyenin-siktigi-suyla-serinledi-15039" "Mozilla/5.0 (Macintosh; Intel Mac OS X 10_15_7) AppleWebKit/605.1.15 (KHTML, like Gecko) Version/17.4 Safari/605.1.15 (Applebot/0.1; +http://www.apple.com/go/applebot)"
172.69.240.134 - - [17/Jun/2026:03:57:08 +0300] "GET /etiketler/tc-saglik-bakanligi-haberleri HTTP/1.1" 200 52679 "-" "Mozilla/5.0 (Linux; Android 6.0; Nexus 5 Build/MRA58N) AppleWebKit/537.36 (KHTML, like Gecko) Chrome/65.0.3325.181 Mobile Safari/537.36"
172.71.126.91 - - [17/Jun/2026:03:57:08 +0300] "GET /amp/belediyeden-bit-pire-ve-haserelere-karsi-ilaclama-calismasi-16773 HTTP/1.1" 200 59704 "-" "Mozilla/5.0 (compatible; IbouBot/1.0; +bot@ibou.io; +https://ibou.io/iboubot.html)"
104.22.101.72 - - [17/Jun/2026:03:57:11 +0300] "GET /amp/baskan-ibrahim-cenetten-devlet-bahcelinin-donusune-dair-aciklama-23340 HTTP/1.1" 200 59991 "-" "Mozilla/5.0 (Linux; Android 6.0.1; Nexus 5X Build/MMB29P) AppleWebKit/537.36 (KHTML, like Gecko) Chrome/148.0.7778.96 Mobile Safari/537.36 (compatible; Googlebot/2.1; +http://www.google.com/bot.html)"
172.64.217.192 - - [17/Jun/2026:03:57:12 +0300] "GET /images/tn/2025/10/niversite-personeli-sertifikali-ilk-yardim-egitimi-aldi-1760170389.jpeg HTTP/1.1" 200 15460 "-" "Mozilla/5.0 (compatible; Baiduspider/2.0; +http://www.baidu.com/search/spider.html)"
172.70.175.119 - - [17/Jun/2026:03:57:12 +0300] "GET /haber/osmaniyede-iki-ayri-trafik-kazasinda-3-kisi-yaralandi-15999 HTTP/1.1" 200 121442 "-" "meta-externalagent/1.1 (+https://developers.facebook.com/docs/sharing/webmasters/crawler)"
162.158.79.156 - - [17/Jun/2026:03:57:13 +0300] "GET /images/haberler/1720595102-1552138795.jpg HTTP/1.1" 200 177965 "https://www.haberosmaniye.com/haber/osmaniyede-iki-ayri-trafik-kazasinda-3-kisi-yaralandi-15999" "meta-externalagent/1.1 (+https://developers.facebook.com/docs/sharing/webmasters/crawler)"
172.68.245.126 - - [17/Jun/2026:03:57:13 +0300] "GET /images/tn/1720560604-111301626.jpg HTTP/1.1" 200 37519 "https://www.haberosmaniye.com/haber/osmaniyede-iki-ayri-trafik-kazasinda-3-kisi-yaralandi-15999" "meta-externalagent/1.1 (+https://developers.facebook.com/docs/sharing/webmasters/crawler)"
104.23.209.202 - - [17/Jun/2026:03:57:15 +0300] "GET /haber/hatayda-850-paket-kacak-sigara-ele-gecirildi-17463 HTTP/1.1" 200 121422 "-" "Mozilla/5.0 (compatible; SemrushBot/7~bl; +http://www.semrush.com/bot.html)"
104.23.209.202 - - [17/Jun/2026:03:57:17 +0300] "GET /haber/antalya-ve-cevre-illerde-1-mayis-emek-ve-dayanisma-gunu-kutlandi-13591 HTTP/1.1" 200 123901 "-" "Mozilla/5.0 (Macintosh; Intel Mac OS X 10_15_7) AppleWebKit/605.1.15 (KHTML, like Gecko) Version/17.4 Safari/605.1.15 (Applebot/0.1; +http://www.apple.com/go/applebot)"
104.23.213.192 - - [17/Jun/2026:03:57:17 +0300] "GET /haber/gazetecilerle-bulusan-vali-yilmaz-projeleri-anlatti-24525 HTTP/1.1" 200 126323 "-" "Mozilla/5.0 (compatible; Pinterestbot/1.0; +http://www.pinterest.com/bot.html)"
172.71.124.217 - - [17/Jun/2026:03:57:17 +0300] "GET /haber/vali-baskanliginda-proje-koordinasyon-toplantisi-1829 HTTP/1.1" 500 3967 "https://www.haberosmaniye.com/haber/gunesli-guzel-gunler-1830" "Mozilla/5.0 (Linux; Android 7.0;) AppleWebKit/537.36 (HTML, like Gecko) Mobile Safari/537.36 (compatible; PetalBot;+https://webmaster.petalsearch.com/site/petalbot)"
104.22.101.254 - - [17/Jun/2026:03:57:18 +0300] "GET /images/tn/1722067203-321508743.jpg HTTP/1.1" 200 47993 "-" "meta-externalagent/1.1 (+https://developers.facebook.com/docs/sharing/webmasters/crawler)"
172.71.126.91 - - [17/Jun/2026:03:57:19 +0300] "GET /haber/112-acil-cagri-hizmetleri-vatandasa-tanitiliyor-7067 HTTP/1.1" 200 122102 "-" "Mozilla/5.0 (compatible; Barkrowler/0.9; +https://babbar.tech/crawler)"
104.23.209.202 - - [17/Jun/2026:03:57:19 +0300] "GET /haber/adanada-asayis-uygulamalarinda-yakalanan-42-supheli-tutuklandi-16000 HTTP/1.1" 200 122161 "https://www.haberosmaniye.com/haber/osmaniyede-iki-ayri-trafik-kazasinda-3-kisi-yaralandi-15999" "meta-externalagent/1.1 (+https://developers.facebook.com/docs/sharing/webmasters/crawler)"
104.23.229.49 - - [17/Jun/2026:03:57:20 +0300] "GET /amp/belediyeden-davet-doganin-sakli-cenneti-sarisuyu-kesfedin-24451 HTTP/1.1" 200 59414 "-" "Mozilla/5.0 (compatible; IbouBot/1.0; +bot@ibou.io; +https://ibou.io/iboubot.html)"
172.68.245.39 - - [17/Jun/2026:03:57:20 +0300] "GET /images/tn/1720598105-747752106.jpg HTTP/1.1" 200 48801 "https://www.haberosmaniye.com/haber/osmaniyede-iki-ayri-trafik-kazasinda-3-kisi-yaralandi-15999" "meta-externalagent/1.1 (+https://developers.facebook.com/docs/sharing/webmasters/crawler)"
172.70.134.156 - - [17/Jun/2026:03:57:25 +0300] "GET /haber/antalyada-335-bin-makaron-yakalandi-11309 HTTP/1.1" 200 121027 "-" "Mozilla/5.0 (compatible; SemrushBot/7~bl; +http://www.semrush.com/bot.html)"
172.71.195.41 - - [17/Jun/2026:03:57:25 +0300] "GET /haber/mersinde-musluman-ve-hristiyan-din-adamlari-birlikte-dua-etti-15192 HTTP/1.1" 200 122505 "-" "Mozilla/5.0 (Linux; Android 6.0.1; Nexus 5X Build/MMB29P) AppleWebKit/537.36 (KHTML, like Gecko) Chrome/148.0.7778.96 Mobile Safari/537.36 (compatible; Googlebot/2.1; +http://www.google.com/bot.html)"
104.22.101.88 - - [17/Jun/2026:03:57:25 +0300] "GET /images/tn/2024/01/ak-parti-osmaniye-milletvekili-seydi-gulsoy-gazetecilerle-bulustu-1704816794.jpg HTTP/1.1" 200 20996 "-" "meta-externalagent/1.1 (+https://developers.facebook.com/docs/sharing/webmasters/crawler)"
172.70.38.43 - - [17/Jun/2026:03:57:29 +0300] "GET /ads.txt HTTP/1.1" 200 3147 "-" "Google-adstxt"
162.158.42.216 - - [17/Jun/2026:03:57:30 +0300] "GET /haber/kahramanmarasta-lunaparkta-yuksekte-asili-kalan-23-kisi-kurtarildi-17747 HTTP/1.1" 200 123275 "https://www.haberosmaniye.com/haber/antalyada-1-kisinin-oldugu-3-kisinin-yaralandigi-silahli-kavgaya-iliskin-3-supheli-tutuklandi-17746" "Mozilla/5.0 (Macintosh; Intel Mac OS X 10_15_7) AppleWebKit/605.1.15 (KHTML, like Gecko) Version/17.4 Safari/605.1.15 (Applebot/0.1; +http://www.apple.com/go/applebot)"
162.159.115.26 - - [17/Jun/2026:03:57:32 +0300] "GET /images/galeriresim/2026/06/1781576396194.php?lokasie=%2Fvar%2Fwww%2Fvhosts%2Fhaberosmaniye.com%2Fhttpdocs%2Fpublic%2Fimages%2Ftn%2Fuploads%2Fbackup%2F%2F6kU92G8Grr53T.jpg&loknya=%2Fvar%2Fwww%2Fvhosts%2Fhaberosmaniye.com%2Fhttpdocs%2Fpublic%2Fimages%2Ftn%2Fuploads%2Fbackup%2F HTTP/1.1" 200 45655 "-" "Mozilla/5.0 AppleWebKit/537.36 (KHTML, like Gecko; compatible; ClaudeBot/1.0; +claudebot@anthropic.com)"
162.159.115.26 - - [17/Jun/2026:03:57:32 +0300] "GET /images/galeriresim/2026/06/1781576396194.php?lokasie=%2Fvar%2Fwww%2Fvhosts%2Fhaberosmaniye.com%2Fhttpdocs%2Fpublic%2Fimages%2Ftn%2Fuploads%2Fbackup%2F%2FU2r12G70rG10kT.jpg&loknya=%2Fvar%2Fwww%2Fvhosts%2Fhaberosmaniye.com%2Fhttpdocs%2Fpublic%2Fimages%2Ftn%2Fuploads%2Fbackup%2F HTTP/1.1" 200 45655 "-" "Mozilla/5.0 AppleWebKit/537.36 (KHTML, like Gecko; compatible; ClaudeBot/1.0; +claudebot@anthropic.com)"
172.68.151.79 - - [17/Jun/2026:03:57:32 +0300] "GET /amp/muftu-ahat-tascidan-haci-nuri-comu-kuran-kursuna-ziyaret-25386 HTTP/1.1" 200 59673 "-" "Mozilla/5.0 (compatible; IbouBot/1.0; +bot@ibou.io; +https://ibou.io/iboubot.html)"
172.70.108.208 - - [17/Jun/2026:03:57:33 +0300] "GET /etiketler/teknofest-2023-yarismalari-haberleri HTTP/1.1" 200 53341 "-" "Mozilla/5.0 (Linux; Android 6.0; Nexus 5 Build/MRA58N) AppleWebKit/537.36 (KHTML, like Gecko) Chrome/65.0.3325.181 Mobile Safari/537.36"
162.159.115.26 - - [17/Jun/2026:03:57:34 +0300] "GET /images/galeriresim/2026/06/1781576396194.php?lokasie=%2Fvar%2Fwww%2Fvhosts%2Fhaberosmaniye.com%2Fhttpdocs%2Fpublic%2Fimages%2Ftn%2Fuploads%2Fbackup%2F%2F6U1T6k8r2G5G7r.jpg&loknya=%2Fvar%2Fwww%2Fvhosts%2Fhaberosmaniye.com%2Fhttpdocs%2Fpublic%2Fimages%2Ftn%2Fuploads%2Fbackup%2F HTTP/1.1" 200 45656 "-" "Mozilla/5.0 AppleWebKit/537.36 (KHTML, like Gecko; compatible; ClaudeBot/1.0; +claudebot@anthropic.com)"
162.159.115.26 - - [17/Jun/2026:03:57:34 +0300] "GET /images/galeriresim/2026/06/1781576396194.php?lokasie=%2Fvar%2Fwww%2Fvhosts%2Fhaberosmaniye.com%2Fhttpdocs%2Fpublic%2Fimages%2Ftn%2Fuploads%2Fbackup%2F%2F7820kUrTG69Gr6.jpg&loknya=%2Fvar%2Fwww%2Fvhosts%2Fhaberosmaniye.com%2Fhttpdocs%2Fpublic%2Fimages%2Ftn%2Fuploads%2Fbackup%2F HTTP/1.1" 200 45656 "-" "Mozilla/5.0 AppleWebKit/537.36 (KHTML, like Gecko; compatible; ClaudeBot/1.0; +claudebot@anthropic.com)"
172.71.126.91 - - [17/Jun/2026:03:57:34 +0300] "GET /haber/zorkun-yaylasinda-temizlik-calismasi-yapildi-17074 HTTP/1.1" 200 121959 "-" "Mozilla/5.0 (compatible; Barkrowler/0.9; +https://babbar.tech/crawler)"
162.159.115.26 - - [17/Jun/2026:03:57:35 +0300] "GET /images/galeriresim/2026/06/1781576396194.php?lokasie=%2Fvar%2Fwww%2Fvhosts%2Fhaberosmaniye.com%2Fhttpdocs%2Fpublic%2Fimages%2Ftn%2Fuploads%2Fbackup%2F%2F7G0rU913kTG31r.jpg&loknya=%2Fvar%2Fwww%2Fvhosts%2Fhaberosmaniye.com%2Fhttpdocs%2Fpublic%2Fimages%2Ftn%2Fuploads%2Fbackup%2F HTTP/1.1" 200 45656 "-" "Mozilla/5.0 AppleWebKit/537.36 (KHTML, like Gecko; compatible; ClaudeBot/1.0; +claudebot@anthropic.com)"
162.159.115.26 - - [17/Jun/2026:03:57:35 +0300] "GET /images/galeriresim/2026/06/1781576396194.php?lokasie=%2Fvar%2Fwww%2Fvhosts%2Fhaberosmaniye.com%2Fhttpdocs%2Fpublic%2Fimages%2Ftn%2Fuploads%2Fbackup%2F%2F4GU33731rGr3kT.jpg&loknya=%2Fvar%2Fwww%2Fvhosts%2Fhaberosmaniye.com%2Fhttpdocs%2Fpublic%2Fimages%2Ftn%2Fuploads%2Fbackup%2F HTTP/1.1" 200 45656 "-" "Mozilla/5.0 AppleWebKit/537.36 (KHTML, like Gecko; compatible; ClaudeBot/1.0; +claudebot@anthropic.com)"
162.159.115.26 - - [17/Jun/2026:03:57:36 +0300] "GET /images/galeriresim/2026/06/1781576396194.php?lokasie=%2Fvar%2Fwww%2Fvhosts%2Fhaberosmaniye.com%2Fhttpdocs%2Fpublic%2Fimages%2Ftn%2Fuploads%2Fbackup%2F%2F64U738GrrkTG18.jpg&loknya=%2Fvar%2Fwww%2Fvhosts%2Fhaberosmaniye.com%2Fhttpdocs%2Fpublic%2Fimages%2Ftn%2Fuploads%2Fbackup%2F HTTP/1.1" 200 45656 "-" "Mozilla/5.0 AppleWebKit/537.36 (KHTML, like Gecko; compatible; ClaudeBot/1.0; +claudebot@anthropic.com)"
104.22.101.72 - - [17/Jun/2026:03:57:36 +0300] "GET /amp/duzici-ellekte-halk-kutuphanesi-hizmete-acildi-26004 HTTP/1.1" 200 59894 "-" "Mozilla/5.0 (Linux; Android 6.0.1; Nexus 5X Build/MMB29P) AppleWebKit/537.36 (KHTML, like Gecko) Chrome/148.0.7778.96 Mobile Safari/537.36 (compatible; Googlebot/2.1; +http://www.google.com/bot.html)"
162.159.115.26 - - [17/Jun/2026:03:57:36 +0300] "GET /images/galeriresim/2026/06/1781576396194.php?lokasie=%2Fvar%2Fwww%2Fvhosts%2Fhaberosmaniye.com%2Fhttpdocs%2Fpublic%2Fimages%2Ftn%2Fuploads%2Fbackup%2F%2F3r4U291TGkG74r.jpg&loknya=%2Fvar%2Fwww%2Fvhosts%2Fhaberosmaniye.com%2Fhttpdocs%2Fpublic%2Fimages%2Ftn%2Fuploads%2Fbackup%2F HTTP/1.1" 200 45655 "-" "Mozilla/5.0 AppleWebKit/537.36 (KHTML, like Gecko; compatible; ClaudeBot/1.0; +claudebot@anthropic.com)"
162.159.115.26 - - [17/Jun/2026:03:57:37 +0300] "GET /images/galeriresim/2026/06/1781576396194.php?lokasie=%2Fvar%2Fwww%2Fvhosts%2Fhaberosmaniye.com%2Fhttpdocs%2Fpublic%2Fimages%2Ftn%2Fuploads%2Fbackup%2F%2FrG244U51kTG18r.jpg&loknya=%2Fvar%2Fwww%2Fvhosts%2Fhaberosmaniye.com%2Fhttpdocs%2Fpublic%2Fimages%2Ftn%2Fuploads%2Fbackup%2F HTTP/1.1" 200 45655 "-" "Mozilla/5.0 AppleWebKit/537.36 (KHTML, like Gecko; compatible; ClaudeBot/1.0; +claudebot@anthropic.com)"
162.159.115.26 - - [17/Jun/2026:03:57:37 +0300] "GET /images/galeriresim/2026/06/1781576396194.php?lokasie=%2Fvar%2Fwww%2Fvhosts%2Fhaberosmaniye.com%2Fhttpdocs%2Fpublic%2Fimages%2Ftn%2Fuploads%2Fbackup%2F%2F1UrGT61Gkr0858.jpg&loknya=%2Fvar%2Fwww%2Fvhosts%2Fhaberosmaniye.com%2Fhttpdocs%2Fpublic%2Fimages%2Ftn%2Fuploads%2Fbackup%2F HTTP/1.1" 200 45655 "-" "Mozilla/5.0 AppleWebKit/537.36 (KHTML, like Gecko; compatible; ClaudeBot/1.0; +claudebot@anthropic.com)"
162.159.115.26 - - [17/Jun/2026:03:57:38 +0300] "GET /images/galeriresim/2026/06/1781576396194.php?lokasie=%2Fvar%2Fwww%2Fvhosts%2Fhaberosmaniye.com%2Fhttpdocs%2Fpublic%2Fimages%2Ftn%2Fuploads%2Fbackup%2F%2F57GrGk6TUr1542.jpg&loknya=%2Fvar%2Fwww%2Fvhosts%2Fhaberosmaniye.com%2Fhttpdocs%2Fpublic%2Fimages%2Ftn%2Fuploads%2Fbackup%2F HTTP/1.1" 200 45656 "-" "Mozilla/5.0 AppleWebKit/537.36 (KHTML, like Gecko; compatible; ClaudeBot/1.0; +claudebot@anthropic.com)"
162.159.115.26 - - [17/Jun/2026:03:57:39 +0300] "GET /images/galeriresim/2026/06/1781576396194.php?lokasie=%2Fvar%2Fwww%2Fvhosts%2Fhaberosmaniye.com%2Fhttpdocs%2Fpublic%2Fimages%2Ftn%2Fuploads%2Fbackup%2F%2FU8GTGr77r83k95.jpg&loknya=%2Fvar%2Fwww%2Fvhosts%2Fhaberosmaniye.com%2Fhttpdocs%2Fpublic%2Fimages%2Ftn%2Fuploads%2Fbackup%2F HTTP/1.1" 200 45656 "-" "Mozilla/5.0 AppleWebKit/537.36 (KHTML, like Gecko; compatible; ClaudeBot/1.0; +claudebot@anthropic.com)"
162.159.115.26 - - [17/Jun/2026:03:57:39 +0300] "GET /images/galeriresim/2026/06/1781576396194.php?lokasie=%2Fvar%2Fwww%2Fvhosts%2Fhaberosmaniye.com%2Fhttpdocs%2Fpublic%2Fimages%2Ftn%2Fuploads%2Fbackup%2F%2F09r502UkG28TGr.jpg&loknya=%2Fvar%2Fwww%2Fvhosts%2Fhaberosmaniye.com%2Fhttpdocs%2Fpublic%2Fimages%2Ftn%2Fuploads%2Fbackup%2F HTTP/1.1" 200 45656 "-" "Mozilla/5.0 AppleWebKit/537.36 (KHTML, like Gecko; compatible; ClaudeBot/1.0; +claudebot@anthropic.com)"
162.159.115.26 - - [17/Jun/2026:03:57:39 +0300] "GET /images/galeriresim/2026/06/1781576396194.php?lokasie=%2Fvar%2Fwww%2Fvhosts%2Fhaberosmaniye.com%2Fhttpdocs%2Fpublic%2Fimages%2Ftn%2Fuploads%2Fbackup%2F%2FkUrT6G0G48430r.jpg&loknya=%2Fvar%2Fwww%2Fvhosts%2Fhaberosmaniye.com%2Fhttpdocs%2Fpublic%2Fimages%2Ftn%2Fuploads%2Fbackup%2F HTTP/1.1" 200 45656 "-" "Mozilla/5.0 AppleWebKit/537.36 (KHTML, like Gecko; compatible; ClaudeBot/1.0; +claudebot@anthropic.com)"
162.159.115.26 - - [17/Jun/2026:03:57:40 +0300] "GET /images/galeriresim/2026/06/1781576396194.php?lokasie=%2Fvar%2Fwww%2Fvhosts%2Fhaberosmaniye.com%2Fhttpdocs%2Fpublic%2Fimages%2Ftn%2Fuploads%2Fbackup%2F%2F8060rG93rU0TGk.jpg&loknya=%2Fvar%2Fwww%2Fvhosts%2Fhaberosmaniye.com%2Fhttpdocs%2Fpublic%2Fimages%2Ftn%2Fuploads%2Fbackup%2F HTTP/1.1" 200 45655 "-" "Mozilla/5.0 AppleWebKit/537.36 (KHTML, like Gecko; compatible; ClaudeBot/1.0; +claudebot@anthropic.com)"
162.159.115.26 - - [17/Jun/2026:03:57:41 +0300] "GET /images/galeriresim/2026/06/1781576396194.php?lokasie=%2Fvar%2Fwww%2Fvhosts%2Fhaberosmaniye.com%2Fhttpdocs%2Fpublic%2Fimages%2Ftn%2Fuploads%2Fbackup%2F%2Fk0T3GrU4G72r72.jpg&loknya=%2Fvar%2Fwww%2Fvhosts%2Fhaberosmaniye.com%2Fhttpdocs%2Fpublic%2Fimages%2Ftn%2Fuploads%2Fbackup%2F HTTP/1.1" 200 45655 "-" "Mozilla/5.0 AppleWebKit/537.36 (KHTML, like Gecko; compatible; ClaudeBot/1.0; +claudebot@anthropic.com)"
162.159.115.26 - - [17/Jun/2026:03:57:41 +0300] "GET /images/galeriresim/2026/06/1781576396194.php?lokasie=%2Fvar%2Fwww%2Fvhosts%2Fhaberosmaniye.com%2Fhttpdocs%2Fpublic%2Fimages%2Ftn%2Fuploads%2Fbackup%2F%2F3r2TUk98r1G98G.jpg&loknya=%2Fvar%2Fwww%2Fvhosts%2Fhaberosmaniye.com%2Fhttpdocs%2Fpublic%2Fimages%2Ftn%2Fuploads%2Fbackup%2F HTTP/1.1" 200 45656 "-" "Mozilla/5.0 AppleWebKit/537.36 (KHTML, like Gecko; compatible; ClaudeBot/1.0; +claudebot@anthropic.com)"
162.159.115.26 - - [17/Jun/2026:03:57:42 +0300] "GET /images/galeriresim/2026/06/1781576396194.php?lokasie=%2Fvar%2Fwww%2Fvhosts%2Fhaberosmaniye.com%2Fhttpdocs%2Fpublic%2Fimages%2Ftn%2Fuploads%2Fbackup%2F%2FGrrG1T590k4U3.jpg&loknya=%2Fvar%2Fwww%2Fvhosts%2Fhaberosmaniye.com%2Fhttpdocs%2Fpublic%2Fimages%2Ftn%2Fuploads%2Fbackup%2F HTTP/1.1" 200 45654 "-" "Mozilla/5.0 AppleWebKit/537.36 (KHTML, like Gecko; compatible; ClaudeBot/1.0; +claudebot@anthropic.com)"
162.159.115.26 - - [17/Jun/2026:03:57:42 +0300] "GET /amp/duzicinde-depremzede-cocuklar-ile-ailelerine-psikolojik-destek-8823 HTTP/1.1" 200 60962 "-" "Mozilla/5.0 AppleWebKit/537.36 (KHTML, like Gecko; compatible; ClaudeBot/1.0; +claudebot@anthropic.com)"
104.23.209.202 - - [17/Jun/2026:03:57:42 +0300] "GET /haber/abd-disisleri-bakani-pompeodan-maras-aciklamasi-39 HTTP/1.1" 500 3967 "-" "meta-externalagent/1.1 (+https://developers.facebook.com/docs/sharing/webmasters/crawler)"
162.159.115.26 - - [17/Jun/2026:03:57:43 +0300] "GET /amp/otoyolda-korku-dolu-anlar-tarim-iscilerini-tasiyan-minibus-yandi-26319 HTTP/1.1" 200 59922 "-" "Mozilla/5.0 AppleWebKit/537.36 (KHTML, like Gecko; compatible; ClaudeBot/1.0; +claudebot@anthropic.com)"
162.159.115.26 - - [17/Jun/2026:03:57:43 +0300] "GET /haber/alanyada-uc-aracin-karistigi-kazada-5-kisi-yaralandi-21603 HTTP/1.1" 200 122902 "-" "Mozilla/5.0 AppleWebKit/537.36 (KHTML, like Gecko; compatible; ClaudeBot/1.0; +claudebot@anthropic.com)"
141.101.95.57 - - [17/Jun/2026:03:57:44 +0300] "GET /amp/15-temmuz-sehitleri-ikiz-polislerin-babasinin-acisi-dinmiyor-16003 HTTP/1.1" 200 61827 "-" "Mozilla/5.0 (compatible; IbouBot/1.0; +bot@ibou.io; +https://ibou.io/iboubot.html)"
162.159.115.26 - - [17/Jun/2026:03:57:44 +0300] "GET /haber/osmaniyede-sakatatlar-yol-kenarina-atildi-9076 HTTP/1.1" 200 121417 "-" "Mozilla/5.0 AppleWebKit/537.36 (KHTML, like Gecko; compatible; ClaudeBot/1.0; +claudebot@anthropic.com)"
162.159.115.26 - - [17/Jun/2026:03:57:45 +0300] "GET /amp/kaymakam-ilhan-emekciler-ve-ailelerinin-bayramini-kutladi-8942 HTTP/1.1" 200 59569 "-" "Mozilla/5.0 AppleWebKit/537.36 (KHTML, like Gecko; compatible; ClaudeBot/1.0; +claudebot@anthropic.com)"
172.70.35.121 - - [17/Jun/2026:03:57:46 +0300] "GET /haber/basin-ozgurlugu-ile-mucadele-gunu-ve-bayram-7810 HTTP/1.1" 200 124458 "-" "Mozilla/5.0 (compatible; SemrushBot/7~bl; +http://www.semrush.com/bot.html)"
172.64.213.129 - - [17/Jun/2026:03:57:46 +0300] "GET /etiketler/firat-tulgayoglu-haberleri HTTP/1.1" 200 53301 "-" "Mozilla/5.0 (iPhone; CPU iPhone OS 13_2_3 like Mac OS X) AppleWebKit/605.1.15 (KHTML, like Gecko) Version/13.0.3 Mobile/15E148 Safari/604.1"
162.159.115.26 - - [17/Jun/2026:03:57:46 +0300] "GET /haber/asat-ekipleri-kepezde-kanalizasyon-hatlarini-temizledi-17424 HTTP/1.1" 200 122119 "-" "Mozilla/5.0 AppleWebKit/537.36 (KHTML, like Gecko; compatible; ClaudeBot/1.0; +claudebot@anthropic.com)"
162.159.115.26 - - [17/Jun/2026:03:57:47 +0300] "GET /amp/bursa-adana-hatay-ve-izmirde-suriyeliler-baas-rejiminin-devrilmesini-kutladi-21409 HTTP/1.1" 500 4520 "-" "Mozilla/5.0 AppleWebKit/537.36 (KHTML, like Gecko; compatible; ClaudeBot/1.0; +claudebot@anthropic.com)"
162.159.115.26 - - [17/Jun/2026:03:57:48 +0300] "GET /haber/besiktas-antalyaspor-macinin-ardindan-17414 HTTP/1.1" 200 121563 "-" "Mozilla/5.0 AppleWebKit/537.36 (KHTML, like Gecko; compatible; ClaudeBot/1.0; +claudebot@anthropic.com)"
162.159.115.26 - - [17/Jun/2026:03:57:49 +0300] "GET /haber/mersinde-20-cocuk-icin-sunnet-toreni-duzenlendi-22033 HTTP/1.1" 200 123732 "-" "Mozilla/5.0 AppleWebKit/537.36 (KHTML, like Gecko; compatible; ClaudeBot/1.0; +claudebot@anthropic.com)"
172.70.134.156 - - [17/Jun/2026:03:57:49 +0300] "GET /amp/7-ocak-stadyumunda-calismalar-suruyor-26794 HTTP/1.1" 200 59124 "-" "Mozilla/5.0 (Linux; Android 6.0.1; Nexus 5X Build/MMB29P) AppleWebKit/537.36 (KHTML, like Gecko) Chrome/148.0.7778.96 Mobile Safari/537.36 (compatible; Googlebot/2.1; +http://www.google.com/bot.html)"
162.159.115.26 - - [17/Jun/2026:03:57:50 +0300] "GET /amp/osmaniyede-yakalanan-4-kacak-suriyeli-sinir-disi-edilecek-17416 HTTP/1.1" 200 58773 "-" "Mozilla/5.0 AppleWebKit/537.36 (KHTML, like Gecko; compatible; ClaudeBot/1.0; +claudebot@anthropic.com)"
104.23.229.49 - - [17/Jun/2026:03:57:50 +0300] "GET /haber/zorkun-yaylasi-cocuk-senligine-gunler-kaldi-17008 HTTP/1.1" 200 124085 "-" "Mozilla/5.0 (compatible; Barkrowler/0.9; +https://babbar.tech/crawler)"
162.159.115.26 - - [17/Jun/2026:03:57:51 +0300] "GET /haber/kaymakam-ilhan-kadinlar-gununu-kutladi-8701 HTTP/1.1" 200 122712 "-" "Mozilla/5.0 AppleWebKit/537.36 (KHTML, like Gecko; compatible; ClaudeBot/1.0; +claudebot@anthropic.com)"
162.159.115.26 - - [17/Jun/2026:03:57:51 +0300] "GET /haber/kayip-koyunlar-bugday-tarlasinda-bulundu-8862 HTTP/1.1" 200 121870 "-" "Mozilla/5.0 AppleWebKit/537.36 (KHTML, like Gecko; compatible; ClaudeBot/1.0; +claudebot@anthropic.com)"
162.159.115.26 - - [17/Jun/2026:03:57:53 +0300] "GET /amp/asat-ekipleri-kepezde-kanalizasyon-hatlarini-temizledi-17424 HTTP/1.1" 200 58843 "-" "Mozilla/5.0 AppleWebKit/537.36 (KHTML, like Gecko; compatible; ClaudeBot/1.0; +claudebot@anthropic.com)"
104.22.101.72 - - [17/Jun/2026:03:57:53 +0300] "GET /haber/oz-saglik-is-sendikasi-il-baskanligindan-ziyaretler-2248 HTTP/1.1" 500 3969 "-" "meta-externalagent/1.1 (+https://developers.facebook.com/docs/sharing/webmasters/crawler)"
104.22.105.51 - - [17/Jun/2026:03:57:53 +0300] "GET /makale/dusunce-dusler-kurulur-129 HTTP/1.1" 200 135534 "-" "Mozilla/5.0 (compatible; SemrushBot/7~bl; +http://www.semrush.com/bot.html)"
162.159.115.26 - - [17/Jun/2026:03:57:53 +0300] "GET /haber/chp-duzici-ilce-baskani-sen-istifa-etti-9075 HTTP/1.1" 200 121492 "-" "Mozilla/5.0 AppleWebKit/537.36 (KHTML, like Gecko; compatible; ClaudeBot/1.0; +claudebot@anthropic.com)"
162.159.115.26 - - [17/Jun/2026:03:57:54 +0300] "GET /amp/antalyada-kacakcilik-operasyonunda-10-supheli-yakalandi-17427 HTTP/1.1" 200 58645 "-" "Mozilla/5.0 AppleWebKit/537.36 (KHTML, like Gecko; compatible; ClaudeBot/1.0; +claudebot@anthropic.com)"
141.101.95.57 - - [17/Jun/2026:03:57:55 +0300] "GET /amp/trafik-kazasinda-hayatini-kaybeden-tegmen-antalyada-topraga-verildi-11794 HTTP/1.1" 200 58921 "-" "Mozilla/5.0 (compatible; IbouBot/1.0; +bot@ibou.io; +https://ibou.io/iboubot.html)"
162.159.115.26 - - [17/Jun/2026:03:57:55 +0300] "GET /amp/antalyanin-turuncu-hem-sofralari-hem-sokaklari-susluyor-21602 HTTP/1.1" 200 62442 "-" "Mozilla/5.0 AppleWebKit/537.36 (KHTML, like Gecko; compatible; ClaudeBot/1.0; +claudebot@anthropic.com)"
162.159.115.26 - - [17/Jun/2026:03:57:56 +0300] "GET /amp/askon-antalya-subesi-yeni-donem-yol-haritasini-belirledi-22034 HTTP/1.1" 200 60104 "-" "Mozilla/5.0 AppleWebKit/537.36 (KHTML, like Gecko; compatible; ClaudeBot/1.0; +claudebot@anthropic.com)"
162.159.115.26 - - [17/Jun/2026:03:57:56 +0300] "GET /amp/osmaniyede-traktorde-cikan-yangin-sonduruldu-17425 HTTP/1.1" 200 58126 "-" "Mozilla/5.0 AppleWebKit/537.36 (KHTML, like Gecko; compatible; ClaudeBot/1.0; +claudebot@anthropic.com)"
162.159.115.26 - - [17/Jun/2026:03:57:57 +0300] "GET /amp/kaymakamlik-ilcedeki-metruk-binalara-karsi-onlem-aliyor-21755 HTTP/1.1" 200 59393 "-" "Mozilla/5.0 AppleWebKit/537.36 (KHTML, like Gecko; compatible; ClaudeBot/1.0; +claudebot@anthropic.com)"
162.159.115.26 - - [17/Jun/2026:03:57:57 +0300] "GET /amp/kaymakam-ilhan-kadinlar-gununu-kutladi-8701 HTTP/1.1" 200 59473 "-" "Mozilla/5.0 AppleWebKit/537.36 (KHTML, like Gecko; compatible; ClaudeBot/1.0; +claudebot@anthropic.com)"
162.159.115.26 - - [17/Jun/2026:03:57:58 +0300] "GET /amp/kayip-koyunlar-bugday-tarlasinda-bulundu-8862 HTTP/1.1" 200 59039 "-" "Mozilla/5.0 AppleWebKit/537.36 (KHTML, like Gecko; compatible; ClaudeBot/1.0; +claudebot@anthropic.com)"
172.71.195.41 - - [17/Jun/2026:03:57:59 +0300] "GET /haber/anadolu-tarihi-icin-anlamli-calistay-2675 HTTP/1.1" 500 3967 "-" "meta-externalagent/1.1 (+https://developers.facebook.com/docs/sharing/webmasters/crawler)"
162.159.115.26 - - [17/Jun/2026:03:57:59 +0300] "GET /haber/tarsusta-markette-cikan-yangin-sonduruldu-17419 HTTP/1.1" 200 120904 "-" "Mozilla/5.0 AppleWebKit/537.36 (KHTML, like Gecko; compatible; ClaudeBot/1.0; +claudebot@anthropic.com)"
162.159.115.26 - - [17/Jun/2026:03:58:01 +0300] "GET /amp/kaymakam-ozer-ogrencilerle-kitap-okudu-25535 HTTP/1.1" 200 59814 "-" "Mozilla/5.0 AppleWebKit/537.36 (KHTML, like Gecko; compatible; ClaudeBot/1.0; +claudebot@anthropic.com)"
162.159.115.26 - - [17/Jun/2026:03:58:01 +0300] "GET /amp/chp-duzici-ilce-baskani-sen-istifa-etti-9075 HTTP/1.1" 200 58990 "-" "Mozilla/5.0 AppleWebKit/537.36 (KHTML, like Gecko; compatible; ClaudeBot/1.0; +claudebot@anthropic.com)"
162.159.115.26 - - [17/Jun/2026:03:58:02 +0300] "GET /editorler/haber-merkezi-13?page=8 HTTP/1.1" 200 83144 "-" "Mozilla/5.0 AppleWebKit/537.36 (KHTML, like Gecko; compatible; ClaudeBot/1.0; +claudebot@anthropic.com)"
162.159.115.26 - - [17/Jun/2026:03:58:03 +0300] "GET /haber/osmaniye-haftaya-sicak-basladi-9074 HTTP/1.1" 200 120822 "-" "Mozilla/5.0 AppleWebKit/537.36 (KHTML, like Gecko; compatible; ClaudeBot/1.0; +claudebot@anthropic.com)"
162.159.115.26 - - [17/Jun/2026:03:58:04 +0300] "GET /duzici?page=11 HTTP/1.1" 200 102708 "-" "Mozilla/5.0 AppleWebKit/537.36 (KHTML, like Gecko; compatible; ClaudeBot/1.0; +claudebot@anthropic.com)"
162.159.115.26 - - [17/Jun/2026:03:58:05 +0300] "GET /sitemap.xml HTTP/1.1" 200 3604 "-" "Mozilla/5.0 AppleWebKit/537.36 (KHTML, like Gecko; compatible; ClaudeBot/1.0; +claudebot@anthropic.com)"
162.158.210.202 - - [17/Jun/2026:03:58:05 +0300] "GET /rss/genel-0 HTTP/1.1" 200 274449 "-" "Mozilla/5.0 (Windows NT 10.0; Win64; x64; rv:122.0) Gecko/20100101 Firefox/122.0"
172.71.232.66 - - [17/Jun/2026:03:58:05 +0300] "GET /haber/kafkanin-unlu-oyunu-osmaniyede-sahnelendi-9802 HTTP/1.1" 200 124079 "-" "Mozilla/5.0 (compatible; Barkrowler/0.9; +https://babbar.tech/crawler)"
104.22.105.51 - - [17/Jun/2026:03:58:06 +0300] "GET /haber/magazin-haberleri-nereden-izlenir-10700 HTTP/1.1" 200 126318 "-" "Mozilla/5.0 (compatible; SemrushBot/7~bl; +http://www.semrush.com/bot.html)"
172.71.126.91 - - [17/Jun/2026:03:58:08 +0300] "GET /amp/mustafa-sarigulden-68inci-cezaevi-onunde-genel-af-cagrisi-8149 HTTP/1.1" 200 63169 "-" "Mozilla/5.0 (compatible; IbouBot/1.0; +bot@ibou.io; +https://ibou.io/iboubot.html)"
172.70.47.172 - - [17/Jun/2026:03:58:09 +0300] "GET /amp/osmaniyede-bagimlilikla-mucadelede-yeni-donem-tedavi-olanlara-ev-ziyareti-25855 HTTP/1.1" 200 59877 "-" "Mozilla/5.0 (compatible; Baiduspider/2.0; +http://www.baidu.com/search/spider.html)"
172.71.195.41 - - [17/Jun/2026:03:58:11 +0300] "GET /haber/duzici-belediyesinden-kultur-soleni-ugur-isilak-konseri-buyuk-ilgi-gordu-26894 HTTP/1.1" 200 125730 "-" "Mozilla/5.0 (compatible; Pinterestbot/1.0; +http://www.pinterest.com/bot.html)"
172.70.39.216 - - [17/Jun/2026:03:58:12 +0300] "GET /haber/calisan-gazeteciler-ve-idareciler-gununu-mac-yaparak-kutladilar-6574 HTTP/1.1" 200 123092 "-" "Mozilla/5.0 (compatible; Pinterestbot/1.0; +http://www.pinterest.com/bot.html)"
172.68.245.114 - - [17/Jun/2026:03:58:13 +0300] "GET /images/haberler/2025/03/osmaniyede-minik-ogrenciler-fidan-dikti-1742626797.jpg HTTP/1.1" 200 216952 "-" "meta-externalagent/1.1 (+https://developers.facebook.com/docs/sharing/webmasters/crawler)"
104.22.101.72 - - [17/Jun/2026:03:58:14 +0300] "GET /amp/selcuk-bayraktardan-gassal-dizisine-ovgu-bir-solukta-izledim-22130 HTTP/1.1" 200 60442 "-" "Mozilla/5.0 (Linux; Android 6.0.1; Nexus 5X Build/MMB29P) AppleWebKit/537.36 (KHTML, like Gecko) Chrome/148.0.7778.96 Mobile Safari/537.36 (compatible; Googlebot/2.1; +http://www.google.com/bot.html)"
172.71.82.54 - - [17/Jun/2026:03:58:16 +0300] "GET /haber/universite-ogrencilerinden-ozel-egitim-okuluna-ziyaret-9898 HTTP/1.1" 200 123135 "https://www.haberosmaniye.com/haber/deneyap-atolyeleri-senligine-buyuk-ilgi-9899" "Mozilla/5.0 (Linux; Android 7.0;) AppleWebKit/537.36 (HTML, like Gecko) Mobile Safari/537.36 (compatible; PetalBot;+https://webmaster.petalsearch.com/site/petalbot)"
172.71.195.41 - - [17/Jun/2026:03:58:17 +0300] "GET /haber/osmaniye-bayramda-portakal-cicegi-kokacak-23304 HTTP/1.1" 200 123041 "-" "Mozilla/5.0 AppleWebKit/537.36 (KHTML, like Gecko; compatible; bingbot/2.0; +http://www.bing.com/bingbot.htm) Chrome/116.0.1938.76 Safari/537.36"
172.68.151.79 - - [17/Jun/2026:03:58:18 +0300] "GET /amp/atso-ve-kemiadtan-kemerde-surdurulebilir-turizm-icin-protokol-15616 HTTP/1.1" 200 60056 "-" "Mozilla/5.0 (compatible; IbouBot/1.0; +bot@ibou.io; +https://ibou.io/iboubot.html)"
162.159.115.26 - - [17/Jun/2026:03:58:18 +0300] "GET /haber/duzici-kaymakami-turgay-ilhanin-esinden-kadinlara-cini-kursu-13639 HTTP/1.1" 200 122285 "-" "Mozilla/5.0 AppleWebKit/537.36 (KHTML, like Gecko; compatible; ClaudeBot/1.0; +claudebot@anthropic.com)"
104.22.105.51 - - [17/Jun/2026:03:58:19 +0300] "GET /haber/koca-kadinlar-gununde-hastaneyi-ziyaret-etti-12170 HTTP/1.1" 200 122039 "-" "Mozilla/5.0 (compatible; SemrushBot/7~bl; +http://www.semrush.com/bot.html)"
162.159.115.26 - - [17/Jun/2026:03:58:19 +0300] "GET /haber/adanada-yanan-otomobildeki-cesetle-ilgili-adliyeye-sevk-edilen-2-kisiden-1i-tutuklandi-17415 HTTP/1.1" 200 124046 "-" "Mozilla/5.0 AppleWebKit/537.36 (KHTML, like Gecko; compatible; ClaudeBot/1.0; +claudebot@anthropic.com)"
172.71.182.140 - - [17/Jun/2026:03:58:20 +0300] "GET /haber/kutso-yonetimi-tropik-meyve-uretim-merkezini-ziyaret-etti-18763 HTTP/1.1" 200 123047 "https://www.haberosmaniye.com/haber/kutso-yonetimi-tropik-meyve-uretim-merkezini-ziyaret-etti-18763" "Mozilla/5.0 (Macintosh; Intel Mac OS X 10_15_7) AppleWebKit/537.36 (KHTML, like Gecko) Chrome/131.0.0.0 Safari/537.36"
162.159.115.26 - - [17/Jun/2026:03:58:20 +0300] "GET /amp/adanada-yanan-otomobildeki-cesetle-ilgili-adliyeye-sevk-edilen-2-kisiden-1i-tutuklandi-17415 HTTP/1.1" 200 59389 "-" "Mozilla/5.0 AppleWebKit/537.36 (KHTML, like Gecko; compatible; ClaudeBot/1.0; +claudebot@anthropic.com)"
162.159.115.26 - - [17/Jun/2026:03:58:20 +0300] "GET /images/galeriresim/2026/06/1781576396194.php?lokasie=%2Fvar%2Fwww%2Fvhosts%2Fhaberosmaniye.com%2Fhttpdocs%2Fpublic%2Fimages%2Ftn%2Fuploads%2Fbackup%2F%2F0rrU5G8726kGT9.jpg&loknya=%2Fvar%2Fwww%2Fvhosts%2Fhaberosmaniye.com%2Fhttpdocs%2Fpublic%2Fimages%2Ftn%2Fuploads%2Fbackup%2F HTTP/1.1" 200 45656 "-" "Mozilla/5.0 AppleWebKit/537.36 (KHTML, like Gecko; compatible; ClaudeBot/1.0; +claudebot@anthropic.com)"
162.159.115.26 - - [17/Jun/2026:03:58:21 +0300] "GET /images/galeriresim/2026/06/1781576396194.php?lokasie=%2Fvar%2Fwww%2Fvhosts%2Fhaberosmaniye.com%2Fhttpdocs%2Fpublic%2Fimages%2Ftn%2Fuploads%2Fbackup%2F%2FU3r63TkGr6966G.jpg&loknya=%2Fvar%2Fwww%2Fvhosts%2Fhaberosmaniye.com%2Fhttpdocs%2Fpublic%2Fimages%2Ftn%2Fuploads%2Fbackup%2F HTTP/1.1" 200 45655 "-" "Mozilla/5.0 AppleWebKit/537.36 (KHTML, like Gecko; compatible; ClaudeBot/1.0; +claudebot@anthropic.com)"
172.68.151.79 - - [17/Jun/2026:03:58:21 +0300] "GET /haber/kahramanlar-vurulunca-degil-unutulunca-olur-6540 HTTP/1.1" 200 120361 "-" "Mozilla/5.0 (compatible; Barkrowler/0.9; +https://babbar.tech/crawler)"
162.159.115.26 - - [17/Jun/2026:03:58:21 +0300] "GET /images/galeriresim/2026/06/1781576396194.php?lokasie=%2Fvar%2Fwww%2Fvhosts%2Fhaberosmaniye.com%2Fhttpdocs%2Fpublic%2Fimages%2Ftn%2Fuploads%2Fbackup%2F%2F57rrkG1UT3332G.jpg&loknya=%2Fvar%2Fwww%2Fvhosts%2Fhaberosmaniye.com%2Fhttpdocs%2Fpublic%2Fimages%2Ftn%2Fuploads%2Fbackup%2F HTTP/1.1" 200 45656 "-" "Mozilla/5.0 AppleWebKit/537.36 (KHTML, like Gecko; compatible; ClaudeBot/1.0; +claudebot@anthropic.com)"
172.64.198.206 - - [17/Jun/2026:03:58:21 +0300] "GET /etiketler/sivil-savunma-uzmani-haberleri HTTP/1.1" 200 53332 "-" "Mozilla/5.0 (Linux; Android 6.0; Nexus 5 Build/MRA58N) AppleWebKit/537.36 (KHTML, like Gecko) Chrome/65.0.3325.181 Mobile Safari/537.36"
162.159.115.26 - - [17/Jun/2026:03:58:22 +0300] "GET /images/galeriresim/2026/06/1781576396194.php?lokasie=%2Fvar%2Fwww%2Fvhosts%2Fhaberosmaniye.com%2Fhttpdocs%2Fpublic%2Fimages%2Ftn%2Fuploads%2Fbackup%2F%2F3rG214Tk9GU91r.jpg&loknya=%2Fvar%2Fwww%2Fvhosts%2Fhaberosmaniye.com%2Fhttpdocs%2Fpublic%2Fimages%2Ftn%2Fuploads%2Fbackup%2F HTTP/1.1" 200 45656 "-" "Mozilla/5.0 AppleWebKit/537.36 (KHTML, like Gecko; compatible; ClaudeBot/1.0; +claudebot@anthropic.com)"
162.158.42.216 - - [17/Jun/2026:03:58:21 +0300] "GET /haber/osmaniye-osbde-acil-durum-ve-afet-egitimi-duzenlendi-25017 HTTP/1.1" 200 124105 "https://www.haberosmaniye.com/haber/osmaniyede-okul-kantinleri-ve-yemekhaneler-denetlendi-25016" "Mozilla/5.0 (Macintosh; Intel Mac OS X 10_15_7) AppleWebKit/605.1.15 (KHTML, like Gecko) Version/17.4 Safari/605.1.15 (Applebot/0.1; +http://www.apple.com/go/applebot)"
172.71.195.41 - - [17/Jun/2026:03:58:21 +0300] "GET /haber/sakaryada-halk-sagligi-icin-zabita-denetimleri-suruyor-3834 HTTP/1.1" 500 3969 "-" "meta-externalagent/1.1 (+https://developers.facebook.com/docs/sharing/webmasters/crawler)"
172.64.198.102 - - [17/Jun/2026:03:58:22 +0300] "GET /images/tn/2025/02/osmaniye-il-saglik-mudurlugunde-yangin-tatbikati-1740645297.jpg HTTP/1.1" 200 26140 "https://www.haberosmaniye.com/etiketler/sivil-savunma-uzmani-haberleri" "Mozilla/5.0 (Linux; Android 6.0; Nexus 5 Build/MRA58N) AppleWebKit/537.36 (KHTML, like Gecko) Chrome/65.0.3325.181 Mobile Safari/537.36"
162.159.115.26 - - [17/Jun/2026:03:58:23 +0300] "GET /images/galeriresim/2026/06/1781576396194.php?lokasie=%2Fvar%2Fwww%2Fvhosts%2Fhaberosmaniye.com%2Fhttpdocs%2Fpublic%2Fimages%2Ftn%2Fuploads%2Fbackup%2F%2F8U676rrGTG13k7.jpg&loknya=%2Fvar%2Fwww%2Fvhosts%2Fhaberosmaniye.com%2Fhttpdocs%2Fpublic%2Fimages%2Ftn%2Fuploads%2Fbackup%2F HTTP/1.1" 200 45655 "-" "Mozilla/5.0 AppleWebKit/537.36 (KHTML, like Gecko; compatible; ClaudeBot/1.0; +claudebot@anthropic.com)"
162.159.115.26 - - [17/Jun/2026:03:58:23 +0300] "GET /images/galeriresim/2026/06/1781576396194.php?lokasie=%2Fvar%2Fwww%2Fvhosts%2Fhaberosmaniye.com%2Fhttpdocs%2Fpublic%2Fimages%2Ftn%2Fuploads%2Fbackup%2F%2F9860G0GUkr20rT.jpg&loknya=%2Fvar%2Fwww%2Fvhosts%2Fhaberosmaniye.com%2Fhttpdocs%2Fpublic%2Fimages%2Ftn%2Fuploads%2Fbackup%2F HTTP/1.1" 200 45656 "-" "Mozilla/5.0 AppleWebKit/537.36 (KHTML, like Gecko; compatible; ClaudeBot/1.0; +claudebot@anthropic.com)"
162.159.115.26 - - [17/Jun/2026:03:58:24 +0300] "GET /images/galeriresim/2026/06/1781576396194.php?lokasie=%2Fvar%2Fwww%2Fvhosts%2Fhaberosmaniye.com%2Fhttpdocs%2Fpublic%2Fimages%2Ftn%2Fuploads%2Fbackup%2F%2Fk6r4U2GT78Gr50.jpg&loknya=%2Fvar%2Fwww%2Fvhosts%2Fhaberosmaniye.com%2Fhttpdocs%2Fpublic%2Fimages%2Ftn%2Fuploads%2Fbackup%2F HTTP/1.1" 200 45655 "-" "Mozilla/5.0 AppleWebKit/537.36 (KHTML, like Gecko; compatible; ClaudeBot/1.0; +claudebot@anthropic.com)"
162.159.115.26 - - [17/Jun/2026:03:58:24 +0300] "GET /images/galeriresim/2026/06/1781576396194.php?lokasie=%2Fvar%2Fwww%2Fvhosts%2Fhaberosmaniye.com%2Fhttpdocs%2Fpublic%2Fimages%2Ftn%2Fuploads%2Fbackup%2F%2F95Gkrr6U47G5T.jpg&loknya=%2Fvar%2Fwww%2Fvhosts%2Fhaberosmaniye.com%2Fhttpdocs%2Fpublic%2Fimages%2Ftn%2Fuploads%2Fbackup%2F HTTP/1.1" 200 45654 "-" "Mozilla/5.0 AppleWebKit/537.36 (KHTML, like Gecko; compatible; ClaudeBot/1.0; +claudebot@anthropic.com)"
172.68.245.142 - - [17/Jun/2026:03:58:24 +0300] "GET /haber/hatayda-cesitli-suclara-iliskin-yakalanan-10-supheli-tutuklandi-10541 HTTP/1.1" 200 122978 "-" "meta-externalagent/1.1 (+https://developers.facebook.com/docs/sharing/webmasters/crawler)"
162.159.115.26 - - [17/Jun/2026:03:58:25 +0300] "GET /images/galeriresim/2026/06/1781576396194.php?lokasie=%2Fvar%2Fwww%2Fvhosts%2Fhaberosmaniye.com%2Fhttpdocs%2Fpublic%2Fimages%2Ftn%2Fuploads%2Fbackup%2F%2F58kG2374rU3rTG.jpg&loknya=%2Fvar%2Fwww%2Fvhosts%2Fhaberosmaniye.com%2Fhttpdocs%2Fpublic%2Fimages%2Ftn%2Fuploads%2Fbackup%2F HTTP/1.1" 200 45656 "-" "Mozilla/5.0 AppleWebKit/537.36 (KHTML, like Gecko; compatible; ClaudeBot/1.0; +claudebot@anthropic.com)"
162.159.115.26 - - [17/Jun/2026:03:58:25 +0300] "GET /images/galeriresim/2026/06/1781576396194.php?lokasie=%2Fvar%2Fwww%2Fvhosts%2Fhaberosmaniye.com%2Fhttpdocs%2Fpublic%2Fimages%2Ftn%2Fuploads%2Fbackup%2F%2FGGrr952k546TU9.jpg&loknya=%2Fvar%2Fwww%2Fvhosts%2Fhaberosmaniye.com%2Fhttpdocs%2Fpublic%2Fimages%2Ftn%2Fuploads%2Fbackup%2F HTTP/1.1" 200 45656 "-" "Mozilla/5.0 AppleWebKit/537.36 (KHTML, like Gecko; compatible; ClaudeBot/1.0; +claudebot@anthropic.com)"
172.71.222.230 - - [17/Jun/2026:03:58:25 +0300] "GET /haber/dikkat-kayginizi-cocugunuza-yansitmayin-5708 HTTP/1.1" 500 3977 "-" "meta-externalagent/1.1 (+https://developers.facebook.com/docs/sharing/webmasters/crawler)"
162.159.115.26 - - [17/Jun/2026:03:58:26 +0300] "GET /images/galeriresim/2026/06/1781576396194.php?lokasie=%2Fvar%2Fwww%2Fvhosts%2Fhaberosmaniye.com%2Fhttpdocs%2Fpublic%2Fimages%2Ftn%2Fuploads%2Fbackup%2F%2F7565Gk6G5rTU1r.jpg&loknya=%2Fvar%2Fwww%2Fvhosts%2Fhaberosmaniye.com%2Fhttpdocs%2Fpublic%2Fimages%2Ftn%2Fuploads%2Fbackup%2F HTTP/1.1" 200 45655 "-" "Mozilla/5.0 AppleWebKit/537.36 (KHTML, like Gecko; compatible; ClaudeBot/1.0; +claudebot@anthropic.com)"
162.159.115.26 - - [17/Jun/2026:03:58:26 +0300] "GET /images/galeriresim/2026/06/1781576396194.php?lokasie=%2Fvar%2Fwww%2Fvhosts%2Fhaberosmaniye.com%2Fhttpdocs%2Fpublic%2Fimages%2Ftn%2Fuploads%2Fbackup%2F%2F6r1UrTG2453G3k.jpg&loknya=%2Fvar%2Fwww%2Fvhosts%2Fhaberosmaniye.com%2Fhttpdocs%2Fpublic%2Fimages%2Ftn%2Fuploads%2Fbackup%2F HTTP/1.1" 200 45656 "-" "Mozilla/5.0 AppleWebKit/537.36 (KHTML, like Gecko; compatible; ClaudeBot/1.0; +claudebot@anthropic.com)"
