162.159.115.25 - - [17/Jun/2026:04:00:17 +0300] "GET /images/galeriresim/2026/06/1781576396194.php?lokasie=%2Fvar%2Fwww%2Fvhosts%2Fhaberosmaniye.com%2Fhttpdocs%2Fpublic%2Fimages%2Ftn%2Fuploads%2Fbackup%2F%2FkrGT589G3r8U24.jpg&loknya=%2Fvar%2Fwww%2Fvhosts%2Fhaberosmaniye.com%2Fhttpdocs%2Fpublic%2Fimages%2Ftn%2Fuploads%2Fbackup%2F HTTP/1.1" 200 45655 "-" "Mozilla/5.0 AppleWebKit/537.36 (KHTML, like Gecko; compatible; ClaudeBot/1.0; +claudebot@anthropic.com)"
172.68.245.143 - - [17/Jun/2026:04:00:17 +0300] "GET /haber/karacayin-dere-yatagi-tehlike-olusturuyor-12623 HTTP/1.1" 200 121263 "-" "Mozilla/5.0 (Linux; Android 6.0.1; Nexus 5X Build/MMB29P) AppleWebKit/537.36 (KHTML, like Gecko) Chrome/148.0.7778.96 Mobile Safari/537.36 (compatible; Googlebot/2.1; +http://www.google.com/bot.html)"
162.159.115.25 - - [17/Jun/2026:04:00:17 +0300] "GET /images/galeriresim/2026/06/1781576396194.php?lokasie=%2Fvar%2Fwww%2Fvhosts%2Fhaberosmaniye.com%2Fhttpdocs%2Fpublic%2Fimages%2Ftn%2Fuploads%2Fbackup%2F%2F7T0U5rk27GrG26.jpg&loknya=%2Fvar%2Fwww%2Fvhosts%2Fhaberosmaniye.com%2Fhttpdocs%2Fpublic%2Fimages%2Ftn%2Fuploads%2Fbackup%2F HTTP/1.1" 200 45655 "-" "Mozilla/5.0 AppleWebKit/537.36 (KHTML, like Gecko; compatible; ClaudeBot/1.0; +claudebot@anthropic.com)"
162.159.115.25 - - [17/Jun/2026:04:00:18 +0300] "GET /images/galeriresim/2026/06/1781576396194.php?lokasie=%2Fvar%2Fwww%2Fvhosts%2Fhaberosmaniye.com%2Fhttpdocs%2Fpublic%2Fimages%2Ftn%2Fuploads%2Fbackup%2F%2F1k5824TU77rGGr.jpg&loknya=%2Fvar%2Fwww%2Fvhosts%2Fhaberosmaniye.com%2Fhttpdocs%2Fpublic%2Fimages%2Ftn%2Fuploads%2Fbackup%2F HTTP/1.1" 200 45655 "-" "Mozilla/5.0 AppleWebKit/537.36 (KHTML, like Gecko; compatible; ClaudeBot/1.0; +claudebot@anthropic.com)"
162.159.115.25 - - [17/Jun/2026:04:00:18 +0300] "GET /images/galeriresim/2026/06/1781576396194.php?lokasie=%2Fvar%2Fwww%2Fvhosts%2Fhaberosmaniye.com%2Fhttpdocs%2Fpublic%2Fimages%2Ftn%2Fuploads%2Fbackup%2F%2F7GU7r075k74rGT.jpg&loknya=%2Fvar%2Fwww%2Fvhosts%2Fhaberosmaniye.com%2Fhttpdocs%2Fpublic%2Fimages%2Ftn%2Fuploads%2Fbackup%2F HTTP/1.1" 200 45656 "-" "Mozilla/5.0 AppleWebKit/537.36 (KHTML, like Gecko; compatible; ClaudeBot/1.0; +claudebot@anthropic.com)"
162.159.115.25 - - [17/Jun/2026:04:00:19 +0300] "GET /images/galeriresim/2026/06/1781576396194.php?lokasie=%2Fvar%2Fwww%2Fvhosts%2Fhaberosmaniye.com%2Fhttpdocs%2Fpublic%2Fimages%2Ftn%2Fuploads%2Fbackup%2F%2FGr2G7U9r289k1T.jpg&loknya=%2Fvar%2Fwww%2Fvhosts%2Fhaberosmaniye.com%2Fhttpdocs%2Fpublic%2Fimages%2Ftn%2Fuploads%2Fbackup%2F HTTP/1.1" 200 45655 "-" "Mozilla/5.0 AppleWebKit/537.36 (KHTML, like Gecko; compatible; ClaudeBot/1.0; +claudebot@anthropic.com)"
162.159.115.25 - - [17/Jun/2026:04:00:19 +0300] "GET /images/galeriresim/2026/06/1781576396194.php?lokasie=%2Fvar%2Fwww%2Fvhosts%2Fhaberosmaniye.com%2Fhttpdocs%2Fpublic%2Fimages%2Ftn%2Fuploads%2Fbackup%2F%2F94U9G5GTk7r0r4.jpg&loknya=%2Fvar%2Fwww%2Fvhosts%2Fhaberosmaniye.com%2Fhttpdocs%2Fpublic%2Fimages%2Ftn%2Fuploads%2Fbackup%2F HTTP/1.1" 200 45656 "-" "Mozilla/5.0 AppleWebKit/537.36 (KHTML, like Gecko; compatible; ClaudeBot/1.0; +claudebot@anthropic.com)"
162.158.95.170 - - [17/Jun/2026:04:00:19 +0300] "GET /rss/genel-0 HTTP/1.1" 200 274474 "-" "Rome Client (http://tinyurl.com/64t5n) Ver: UNKNOWN"
172.68.151.78 - - [17/Jun/2026:04:00:19 +0300] "GET /amp/yarbasinda-kadin-ureticilere-salca-ve-tursu-bilgilendirmesi-19051 HTTP/1.1" 200 59123 "-" "Mozilla/5.0 (compatible; IbouBot/1.0; +bot@ibou.io; +https://ibou.io/iboubot.html)"
162.159.115.25 - - [17/Jun/2026:04:00:20 +0300] "GET /images/galeriresim/2026/06/1781576396194.php?lokasie=%2Fvar%2Fwww%2Fvhosts%2Fhaberosmaniye.com%2Fhttpdocs%2Fpublic%2Fimages%2Ftn%2Fuploads%2Fbackup%2F%2FUkG9r290GrT716.jpg&loknya=%2Fvar%2Fwww%2Fvhosts%2Fhaberosmaniye.com%2Fhttpdocs%2Fpublic%2Fimages%2Ftn%2Fuploads%2Fbackup%2F HTTP/1.1" 200 45656 "-" "Mozilla/5.0 AppleWebKit/537.36 (KHTML, like Gecko; compatible; ClaudeBot/1.0; +claudebot@anthropic.com)"
162.159.115.25 - - [17/Jun/2026:04:00:20 +0300] "GET /images/galeriresim/2026/06/1781576396194.php?lokasie=%2Fvar%2Fwww%2Fvhosts%2Fhaberosmaniye.com%2Fhttpdocs%2Fpublic%2Fimages%2Ftn%2Fuploads%2Fbackup%2F%2F527TU27rGrk02G.jpg&loknya=%2Fvar%2Fwww%2Fvhosts%2Fhaberosmaniye.com%2Fhttpdocs%2Fpublic%2Fimages%2Ftn%2Fuploads%2Fbackup%2F HTTP/1.1" 200 45656 "-" "Mozilla/5.0 AppleWebKit/537.36 (KHTML, like Gecko; compatible; ClaudeBot/1.0; +claudebot@anthropic.com)"
162.159.115.25 - - [17/Jun/2026:04:00:21 +0300] "GET /images/galeriresim/2026/06/1781576396194.php?lokasie=%2Fvar%2Fwww%2Fvhosts%2Fhaberosmaniye.com%2Fhttpdocs%2Fpublic%2Fimages%2Ftn%2Fuploads%2Fbackup%2F%2FT1GU2786k6Gr4r.jpg&loknya=%2Fvar%2Fwww%2Fvhosts%2Fhaberosmaniye.com%2Fhttpdocs%2Fpublic%2Fimages%2Ftn%2Fuploads%2Fbackup%2F HTTP/1.1" 200 45656 "-" "Mozilla/5.0 AppleWebKit/537.36 (KHTML, like Gecko; compatible; ClaudeBot/1.0; +claudebot@anthropic.com)"
162.159.115.25 - - [17/Jun/2026:04:00:21 +0300] "GET /images/galeriresim/2026/06/1781576396194.php?lokasie=%2Fvar%2Fwww%2Fvhosts%2Fhaberosmaniye.com%2Fhttpdocs%2Fpublic%2Fimages%2Ftn%2Fuploads%2Fbackup%2F%2F8r4r95GUk8GT02.jpg&loknya=%2Fvar%2Fwww%2Fvhosts%2Fhaberosmaniye.com%2Fhttpdocs%2Fpublic%2Fimages%2Ftn%2Fuploads%2Fbackup%2F HTTP/1.1" 200 45662 "-" "Mozilla/5.0 AppleWebKit/537.36 (KHTML, like Gecko; compatible; ClaudeBot/1.0; +claudebot@anthropic.com)"
162.159.115.25 - - [17/Jun/2026:04:00:22 +0300] "GET /images/galeriresim/2026/06/1781576396194.php?lokasie=%2Fvar%2Fwww%2Fvhosts%2Fhaberosmaniye.com%2Fhttpdocs%2Fpublic%2Fimages%2Ftn%2Fuploads%2Fbackup%2F%2FGr09GT0r05Uk12.jpg&loknya=%2Fvar%2Fwww%2Fvhosts%2Fhaberosmaniye.com%2Fhttpdocs%2Fpublic%2Fimages%2Ftn%2Fuploads%2Fbackup%2F HTTP/1.1" 200 45655 "-" "Mozilla/5.0 AppleWebKit/537.36 (KHTML, like Gecko; compatible; ClaudeBot/1.0; +claudebot@anthropic.com)"
162.159.115.25 - - [17/Jun/2026:04:00:22 +0300] "GET /images/galeriresim/2026/06/1781576396194.php?lokasie=%2Fvar%2Fwww%2Fvhosts%2Fhaberosmaniye.com%2Fhttpdocs%2Fpublic%2Fimages%2Ftn%2Fuploads%2Fbackup%2F%2F414TU88r8rk7GG.jpg&loknya=%2Fvar%2Fwww%2Fvhosts%2Fhaberosmaniye.com%2Fhttpdocs%2Fpublic%2Fimages%2Ftn%2Fuploads%2Fbackup%2F HTTP/1.1" 200 45656 "-" "Mozilla/5.0 AppleWebKit/537.36 (KHTML, like Gecko; compatible; ClaudeBot/1.0; +claudebot@anthropic.com)"
162.159.115.25 - - [17/Jun/2026:04:00:23 +0300] "GET /images/galeriresim/2026/06/1781576396194.php?lokasie=%2Fvar%2Fwww%2Fvhosts%2Fhaberosmaniye.com%2Fhttpdocs%2Fpublic%2Fimages%2Ftn%2Fuploads%2Fbackup%2F%2F4Gr5T1GU7r111k.jpg&loknya=%2Fvar%2Fwww%2Fvhosts%2Fhaberosmaniye.com%2Fhttpdocs%2Fpublic%2Fimages%2Ftn%2Fuploads%2Fbackup%2F HTTP/1.1" 200 45655 "-" "Mozilla/5.0 AppleWebKit/537.36 (KHTML, like Gecko; compatible; ClaudeBot/1.0; +claudebot@anthropic.com)"
104.22.101.72 - - [17/Jun/2026:04:00:23 +0300] "GET /haber/astanbul-ataayehirden-malatya-arapgire-greyder-hibesi-2298 HTTP/1.1" 500 3971 "-" "meta-externalagent/1.1 (+https://developers.facebook.com/docs/sharing/webmasters/crawler)"
162.159.115.25 - - [17/Jun/2026:04:00:23 +0300] "GET /images/galeriresim/2026/06/1781576396194.php?lokasie=%2Fvar%2Fwww%2Fvhosts%2Fhaberosmaniye.com%2Fhttpdocs%2Fpublic%2Fimages%2Ftn%2Fuploads%2Fbackup%2F%2F0r01U9G7rk9GT0.jpg&loknya=%2Fvar%2Fwww%2Fvhosts%2Fhaberosmaniye.com%2Fhttpdocs%2Fpublic%2Fimages%2Ftn%2Fuploads%2Fbackup%2F HTTP/1.1" 200 45656 "-" "Mozilla/5.0 AppleWebKit/537.36 (KHTML, like Gecko; compatible; ClaudeBot/1.0; +claudebot@anthropic.com)"
162.159.115.25 - - [17/Jun/2026:04:00:24 +0300] "GET /images/galeriresim/2026/06/1781576396194.php?lokasie=%2Fvar%2Fwww%2Fvhosts%2Fhaberosmaniye.com%2Fhttpdocs%2Fpublic%2Fimages%2Ftn%2Fuploads%2Fbackup%2F%2Fk75700G0r1rGTU.jpg&loknya=%2Fvar%2Fwww%2Fvhosts%2Fhaberosmaniye.com%2Fhttpdocs%2Fpublic%2Fimages%2Ftn%2Fuploads%2Fbackup%2F HTTP/1.1" 200 45656 "-" "Mozilla/5.0 AppleWebKit/537.36 (KHTML, like Gecko; compatible; ClaudeBot/1.0; +claudebot@anthropic.com)"
162.159.115.25 - - [17/Jun/2026:04:00:24 +0300] "GET /images/galeriresim/2026/06/1781576396194.php?lokasie=%2Fvar%2Fwww%2Fvhosts%2Fhaberosmaniye.com%2Fhttpdocs%2Fpublic%2Fimages%2Ftn%2Fuploads%2Fbackup%2F%2FGr7299rG61T4kU.jpg&loknya=%2Fvar%2Fwww%2Fvhosts%2Fhaberosmaniye.com%2Fhttpdocs%2Fpublic%2Fimages%2Ftn%2Fuploads%2Fbackup%2F HTTP/1.1" 200 45656 "-" "Mozilla/5.0 AppleWebKit/537.36 (KHTML, like Gecko; compatible; ClaudeBot/1.0; +claudebot@anthropic.com)"
172.69.222.168 - - [17/Jun/2026:04:00:24 +0300] "GET /haber/uluslararasi-nakliye-nedir-bilinmesi-gerekenler-9732 HTTP/1.1" 200 140882 "-" "Mozilla/5.0 (compatible; Barkrowler/0.9; +https://babbar.tech/crawler)"
162.159.115.25 - - [17/Jun/2026:04:00:25 +0300] "GET /images/galeriresim/2026/06/1781576396194.php?lokasie=%2Fvar%2Fwww%2Fvhosts%2Fhaberosmaniye.com%2Fhttpdocs%2Fpublic%2Fimages%2Ftn%2Fuploads%2Fbackup%2F%2FG8U5GTk0r3118r.jpg&loknya=%2Fvar%2Fwww%2Fvhosts%2Fhaberosmaniye.com%2Fhttpdocs%2Fpublic%2Fimages%2Ftn%2Fuploads%2Fbackup%2F HTTP/1.1" 200 45655 "-" "Mozilla/5.0 AppleWebKit/537.36 (KHTML, like Gecko; compatible; ClaudeBot/1.0; +claudebot@anthropic.com)"
162.159.115.25 - - [17/Jun/2026:04:00:25 +0300] "GET /images/galeriresim/2026/06/1781576396194.php?lokasie=%2Fvar%2Fwww%2Fvhosts%2Fhaberosmaniye.com%2Fhttpdocs%2Fpublic%2Fimages%2Ftn%2Fuploads%2Fbackup%2F%2F422rGU54TG0k9r.jpg&loknya=%2Fvar%2Fwww%2Fvhosts%2Fhaberosmaniye.com%2Fhttpdocs%2Fpublic%2Fimages%2Ftn%2Fuploads%2Fbackup%2F HTTP/1.1" 200 45655 "-" "Mozilla/5.0 AppleWebKit/537.36 (KHTML, like Gecko; compatible; ClaudeBot/1.0; +claudebot@anthropic.com)"
162.159.115.25 - - [17/Jun/2026:04:00:26 +0300] "GET /images/galeriresim/2026/06/1781576396194.php?lokasie=%2Fvar%2Fwww%2Fvhosts%2Fhaberosmaniye.com%2Fhttpdocs%2Fpublic%2Fimages%2Ftn%2Fuploads%2Fbackup%2F%2F5TGU1kGrr78860.jpg&loknya=%2Fvar%2Fwww%2Fvhosts%2Fhaberosmaniye.com%2Fhttpdocs%2Fpublic%2Fimages%2Ftn%2Fuploads%2Fbackup%2F HTTP/1.1" 200 45655 "-" "Mozilla/5.0 AppleWebKit/537.36 (KHTML, like Gecko; compatible; ClaudeBot/1.0; +claudebot@anthropic.com)"
162.159.115.25 - - [17/Jun/2026:04:00:26 +0300] "GET /images/galeriresim/2026/06/1781576396194.php?lokasie=%2Fvar%2Fwww%2Fvhosts%2Fhaberosmaniye.com%2Fhttpdocs%2Fpublic%2Fimages%2Ftn%2Fuploads%2Fbackup%2F%2F9r4T3k269G4GrU.jpg&loknya=%2Fvar%2Fwww%2Fvhosts%2Fhaberosmaniye.com%2Fhttpdocs%2Fpublic%2Fimages%2Ftn%2Fuploads%2Fbackup%2F HTTP/1.1" 200 45656 "-" "Mozilla/5.0 AppleWebKit/537.36 (KHTML, like Gecko; compatible; ClaudeBot/1.0; +claudebot@anthropic.com)"
162.159.115.25 - - [17/Jun/2026:04:00:27 +0300] "GET /images/galeriresim/2026/06/1781576396194.php?lokasie=%2Fvar%2Fwww%2Fvhosts%2Fhaberosmaniye.com%2Fhttpdocs%2Fpublic%2Fimages%2Ftn%2Fuploads%2Fbackup%2F%2F1k7G1r214GU7rT.jpg&loknya=%2Fvar%2Fwww%2Fvhosts%2Fhaberosmaniye.com%2Fhttpdocs%2Fpublic%2Fimages%2Ftn%2Fuploads%2Fbackup%2F HTTP/1.1" 200 45656 "-" "Mozilla/5.0 AppleWebKit/537.36 (KHTML, like Gecko; compatible; ClaudeBot/1.0; +claudebot@anthropic.com)"
172.71.191.51 - - [17/Jun/2026:04:00:27 +0300] "GET /haber/antalyada-acilan-marti-tag-davasi-istanbulda-devam-eden-dava-ile-birlestirildi-21811 HTTP/1.1" 200 126821 "-" "Mozilla/5.0 AppleWebKit/537.36 (KHTML, like Gecko; compatible; bingbot/2.0; +http://www.bing.com/bingbot.htm) Chrome/116.0.1938.76 Safari/537.36"
172.71.134.120 - - [17/Jun/2026:04:00:30 +0300] "GET /amp/kirikkale-nobetci-eczane-kirikkale-tip-fakultesi-randevu-15925 HTTP/1.1" 200 69496 "-" "Mozilla/5.0 (compatible; IbouBot/1.0; +bot@ibou.io; +https://ibou.io/iboubot.html)"
172.64.217.24 - - [17/Jun/2026:04:00:33 +0300] "GET /images/haberler/2025/09/karacay-kafede-kamu-personeline-ozel-indirim-1756913594.jpg HTTP/1.1" 200 156716 "-" "Mozilla/5.0 AppleWebKit/537.36 (KHTML, like Gecko; compatible; ReyilBot/0.1"
162.158.42.216 - - [17/Jun/2026:04:00:35 +0300] "GET /haber/antalya-otobus-terminalinde-koli-icerisinde-maymun-yavrusu-bulundu-22062 HTTP/1.1" 200 122667 "-" "Mozilla/5.0 (Macintosh; Intel Mac OS X 10_15_7) AppleWebKit/605.1.15 (KHTML, like Gecko) Version/17.4 Safari/605.1.15 (Applebot/0.1; +http://www.apple.com/go/applebot)"
104.22.101.72 - - [17/Jun/2026:04:00:36 +0300] "GET /rss/genel-0 HTTP/1.1" 200 274487 "-" "Mozilla/5.0 (compatible; Googlebot/2.1; +http://www.google.com/bot.html)"
172.71.126.91 - - [17/Jun/2026:04:00:40 +0300] "GET /haber/31-uluslararasi-aspendos-opera-ve-bale-festivali-basladi-18347 HTTP/1.1" 200 122553 "-" "Mozilla/5.0 (compatible; Barkrowler/0.9; +https://babbar.tech/crawler)"
172.68.151.78 - - [17/Jun/2026:04:00:40 +0300] "GET /amp/toprakkalede-salvarli-destek-zeynep-akgune-guclu-mesaj-26462 HTTP/1.1" 200 60046 "-" "Mozilla/5.0 (compatible; IbouBot/1.0; +bot@ibou.io; +https://ibou.io/iboubot.html)"
104.23.197.177 - - [17/Jun/2026:04:00:44 +0300] "GET /images/galeriresim/2026/06/1781576396194.php?lokasie=%2Fvar%2Fwww%2Fvhosts%2Fhaberosmaniye.com%2Fhttpdocs%2Fpublic%2Fimages%2Ftn%2Fuploads%2F%2F3Gk2G7rTr35U5-150x150.jpg&loknya=%2Fvar%2Fwww%2Fvhosts%2Fhaberosmaniye.com%2Fhttpdocs%2Fpublic%2Fimages%2Ftn%2Fuploads%2F HTTP/1.1" 200 45552 "-" "Mozilla/5.0 AppleWebKit/537.36 (KHTML, like Gecko; compatible; ClaudeBot/1.0; +claudebot@anthropic.com)"
104.23.197.177 - - [17/Jun/2026:04:00:44 +0300] "GET /images/galeriresim/2026/06/1781576396194.php?lokasie=%2Fvar%2Fwww%2Fvhosts%2Fhaberosmaniye.com%2Fhttpdocs%2Fpublic%2Fimages%2Ftn%2Fuploads%2F%2F61852UGG2kTr6r-768x432.jpg&loknya=%2Fvar%2Fwww%2Fvhosts%2Fhaberosmaniye.com%2Fhttpdocs%2Fpublic%2Fimages%2Ftn%2Fuploads%2F HTTP/1.1" 200 45553 "-" "Mozilla/5.0 AppleWebKit/537.36 (KHTML, like Gecko; compatible; ClaudeBot/1.0; +claudebot@anthropic.com)"
104.23.197.177 - - [17/Jun/2026:04:00:45 +0300] "GET /images/galeriresim/2026/06/1781576396194.php?lokasie=%2Fvar%2Fwww%2Fvhosts%2Fhaberosmaniye.com%2Fhttpdocs%2Fpublic%2Fimages%2Ftn%2Fuploads%2F%2F31rrG8T0k5UG1-768x420.jpg.webp&loknya=%2Fvar%2Fwww%2Fvhosts%2Fhaberosmaniye.com%2Fhttpdocs%2Fpublic%2Fimages%2Ftn%2Fuploads%2F HTTP/1.1" 200 45557 "-" "Mozilla/5.0 AppleWebKit/537.36 (KHTML, like Gecko; compatible; ClaudeBot/1.0; +claudebot@anthropic.com)"
104.23.197.177 - - [17/Jun/2026:04:00:45 +0300] "GET /images/galeriresim/2026/06/1781576396194.php?lokasie=%2Fvar%2Fwww%2Fvhosts%2Fhaberosmaniye.com%2Fhttpdocs%2Fpublic%2Fimages%2Ftn%2Fuploads%2F%2F422rGU54TG0k9r.jpg&loknya=%2Fvar%2Fwww%2Fvhosts%2Fhaberosmaniye.com%2Fhttpdocs%2Fpublic%2Fimages%2Ftn%2Fuploads%2F HTTP/1.1" 200 45544 "-" "Mozilla/5.0 AppleWebKit/537.36 (KHTML, like Gecko; compatible; ClaudeBot/1.0; +claudebot@anthropic.com)"
104.23.197.177 - - [17/Jun/2026:04:00:46 +0300] "GET /images/galeriresim/2026/06/1781576396194.php?lokasie=%2Fvar%2Fwww%2Fvhosts%2Fhaberosmaniye.com%2Fhttpdocs%2Fpublic%2Fimages%2Ftn%2Fuploads%2F%2F6k2UGTr54823rG-150x150.jpg&loknya=%2Fvar%2Fwww%2Fvhosts%2Fhaberosmaniye.com%2Fhttpdocs%2Fpublic%2Fimages%2Ftn%2Fuploads%2F HTTP/1.1" 200 45552 "-" "Mozilla/5.0 AppleWebKit/537.36 (KHTML, like Gecko; compatible; ClaudeBot/1.0; +claudebot@anthropic.com)"
104.23.197.177 - - [17/Jun/2026:04:00:46 +0300] "GET /images/galeriresim/2026/06/1781576396194.php?lokasie=%2Fvar%2Fwww%2Fvhosts%2Fhaberosmaniye.com%2Fhttpdocs%2Fpublic%2Fimages%2Ftn%2Fuploads%2F%2F4Gr5T1GU7r111k.jpg&loknya=%2Fvar%2Fwww%2Fvhosts%2Fhaberosmaniye.com%2Fhttpdocs%2Fpublic%2Fimages%2Ftn%2Fuploads%2F HTTP/1.1" 200 45544 "-" "Mozilla/5.0 AppleWebKit/537.36 (KHTML, like Gecko; compatible; ClaudeBot/1.0; +claudebot@anthropic.com)"
104.23.197.177 - - [17/Jun/2026:04:00:47 +0300] "GET /images/galeriresim/2026/06/1781576396194.php?lokasie=%2Fvar%2Fwww%2Fvhosts%2Fhaberosmaniye.com%2Fhttpdocs%2Fpublic%2Fimages%2Ftn%2Fuploads%2F%2F57rrkG1UT3332G.jpg&loknya=%2Fvar%2Fwww%2Fvhosts%2Fhaberosmaniye.com%2Fhttpdocs%2Fpublic%2Fimages%2Ftn%2Fuploads%2F HTTP/1.1" 200 45544 "-" "Mozilla/5.0 AppleWebKit/537.36 (KHTML, like Gecko; compatible; ClaudeBot/1.0; +claudebot@anthropic.com)"
104.22.101.14 - - [17/Jun/2026:04:00:47 +0300] "GET /makale/yeni-bir-uygulama-412 HTTP/1.1" 200 131594 "-" "meta-externalagent/1.1 (+https://developers.facebook.com/docs/sharing/webmasters/crawler)"
104.23.197.177 - - [17/Jun/2026:04:00:48 +0300] "GET /images/galeriresim/2026/06/1781576396194.php?lokasie=%2Fvar%2Fwww%2Fvhosts%2Fhaberosmaniye.com%2Fhttpdocs%2Fpublic%2Fimages%2Ftn%2Fuploads%2F%2F5kT7548GrrG42U.jpg&loknya=%2Fvar%2Fwww%2Fvhosts%2Fhaberosmaniye.com%2Fhttpdocs%2Fpublic%2Fimages%2Ftn%2Fuploads%2F HTTP/1.1" 200 45544 "-" "Mozilla/5.0 AppleWebKit/537.36 (KHTML, like Gecko; compatible; ClaudeBot/1.0; +claudebot@anthropic.com)"
104.23.197.177 - - [17/Jun/2026:04:00:48 +0300] "GET /images/galeriresim/2026/06/1781576396194.php?lokasie=%2Fvar%2Fwww%2Fvhosts%2Fhaberosmaniye.com%2Fhttpdocs%2Fpublic%2Fimages%2Ftn%2Fuploads%2Fbackup%2F%2F5rUkrG61953G5T.jpg&loknya=%2Fvar%2Fwww%2Fvhosts%2Fhaberosmaniye.com%2Fhttpdocs%2Fpublic%2Fimages%2Ftn%2Fuploads%2Fbackup%2F HTTP/1.1" 200 45655 "-" "Mozilla/5.0 AppleWebKit/537.36 (KHTML, like Gecko; compatible; ClaudeBot/1.0; +claudebot@anthropic.com)"
104.23.197.177 - - [17/Jun/2026:04:00:49 +0300] "GET /images/galeriresim/2026/06/1781576396194.php?lokasie=%2Fvar%2Fwww%2Fvhosts%2Fhaberosmaniye.com%2Fhttpdocs%2Fpublic%2Fimages%2Ftn%2Fuploads%2Fbackup%2F%2F52T971rkrUGG4.jpg&loknya=%2Fvar%2Fwww%2Fvhosts%2Fhaberosmaniye.com%2Fhttpdocs%2Fpublic%2Fimages%2Ftn%2Fuploads%2Fbackup%2F HTTP/1.1" 200 45655 "-" "Mozilla/5.0 AppleWebKit/537.36 (KHTML, like Gecko; compatible; ClaudeBot/1.0; +claudebot@anthropic.com)"
104.23.197.177 - - [17/Jun/2026:04:00:49 +0300] "GET /images/galeriresim/2026/06/1781576396194.php?lokasie=%2Fvar%2Fwww%2Fvhosts%2Fhaberosmaniye.com%2Fhttpdocs%2Fpublic%2Fimages%2Ftn%2Fuploads%2Fbackup%2F%2Fr740rT9k0GU5G.jpg&loknya=%2Fvar%2Fwww%2Fvhosts%2Fhaberosmaniye.com%2Fhttpdocs%2Fpublic%2Fimages%2Ftn%2Fuploads%2Fbackup%2F HTTP/1.1" 200 45654 "-" "Mozilla/5.0 AppleWebKit/537.36 (KHTML, like Gecko; compatible; ClaudeBot/1.0; +claudebot@anthropic.com)"
104.23.197.177 - - [17/Jun/2026:04:00:50 +0300] "GET /images/galeriresim/2026/06/1781576396194.php?lokasie=%2Fvar%2Fwww%2Fvhosts%2Fhaberosmaniye.com%2Fhttpdocs%2Fpublic%2Fimages%2Ftn%2Fuploads%2F%2F1521kG5rT37GUr.jpg&loknya=%2Fvar%2Fwww%2Fvhosts%2Fhaberosmaniye.com%2Fhttpdocs%2Fpublic%2Fimages%2Ftn%2Fuploads%2F HTTP/1.1" 200 45545 "-" "Mozilla/5.0 AppleWebKit/537.36 (KHTML, like Gecko; compatible; ClaudeBot/1.0; +claudebot@anthropic.com)"
104.23.197.177 - - [17/Jun/2026:04:00:50 +0300] "GET /images/galeriresim/2026/06/1781576396194.php?lokasie=%2Fvar%2Fwww%2Fvhosts%2Fhaberosmaniye.com%2Fhttpdocs%2Fpublic%2Fimages%2Ftn%2Fuploads%2F%2F08rk840TUr6G6G.jpg&loknya=%2Fvar%2Fwww%2Fvhosts%2Fhaberosmaniye.com%2Fhttpdocs%2Fpublic%2Fimages%2Ftn%2Fuploads%2F HTTP/1.1" 200 45544 "-" "Mozilla/5.0 AppleWebKit/537.36 (KHTML, like Gecko; compatible; ClaudeBot/1.0; +claudebot@anthropic.com)"
104.23.197.177 - - [17/Jun/2026:04:00:51 +0300] "GET /images/galeriresim/2026/06/1781576396194.php?lokasie=%2Fvar%2Fwww%2Fvhosts%2Fhaberosmaniye.com%2Fhttpdocs%2Fpublic%2Fimages%2Ftn%2Fuploads%2F%2F43r8kG8Gr419UT.jpg&loknya=%2Fvar%2Fwww%2Fvhosts%2Fhaberosmaniye.com%2Fhttpdocs%2Fpublic%2Fimages%2Ftn%2Fuploads%2F HTTP/1.1" 200 45545 "-" "Mozilla/5.0 AppleWebKit/537.36 (KHTML, like Gecko; compatible; ClaudeBot/1.0; +claudebot@anthropic.com)"
172.71.126.91 - - [17/Jun/2026:04:00:51 +0300] "GET /amp/toprakkalede-yaz-kuran-kurslari-kapanis-programiyla-sona-erdi-17484 HTTP/1.1" 200 60877 "-" "Mozilla/5.0 (compatible; IbouBot/1.0; +bot@ibou.io; +https://ibou.io/iboubot.html)"
104.23.197.177 - - [17/Jun/2026:04:00:51 +0300] "GET /images/galeriresim/2026/06/1781576396194.php?lokasie=%2Fvar%2Fwww%2Fvhosts%2Fhaberosmaniye.com%2Fhttpdocs%2Fpublic%2Fimages%2Ftn%2Fuploads%2F%2F4TG6Gr8990rk1U.jpg&loknya=%2Fvar%2Fwww%2Fvhosts%2Fhaberosmaniye.com%2Fhttpdocs%2Fpublic%2Fimages%2Ftn%2Fuploads%2F HTTP/1.1" 200 45544 "-" "Mozilla/5.0 AppleWebKit/537.36 (KHTML, like Gecko; compatible; ClaudeBot/1.0; +claudebot@anthropic.com)"
104.23.197.177 - - [17/Jun/2026:04:00:52 +0300] "GET /images/galeriresim/2026/06/1781576396194.php?lokasie=%2Fvar%2Fwww%2Fvhosts%2Fhaberosmaniye.com%2Fhttpdocs%2Fpublic%2Fimages%2Ftn%2Fuploads%2F%2F081GU7r7r99TkG.jpg&loknya=%2Fvar%2Fwww%2Fvhosts%2Fhaberosmaniye.com%2Fhttpdocs%2Fpublic%2Fimages%2Ftn%2Fuploads%2F HTTP/1.1" 200 45544 "-" "Mozilla/5.0 AppleWebKit/537.36 (KHTML, like Gecko; compatible; ClaudeBot/1.0; +claudebot@anthropic.com)"
104.23.197.177 - - [17/Jun/2026:04:00:52 +0300] "GET /images/galeriresim/2026/06/1781576396194.php?lokasie=%2Fvar%2Fwww%2Fvhosts%2Fhaberosmaniye.com%2Fhttpdocs%2Fpublic%2Fimages%2Ftn%2Fuploads%2F%2F4GGU73kr78Tr62-1280x720.jpg&loknya=%2Fvar%2Fwww%2Fvhosts%2Fhaberosmaniye.com%2Fhttpdocs%2Fpublic%2Fimages%2Ftn%2Fuploads%2F HTTP/1.1" 200 45554 "-" "Mozilla/5.0 AppleWebKit/537.36 (KHTML, like Gecko; compatible; ClaudeBot/1.0; +claudebot@anthropic.com)"
104.23.197.177 - - [17/Jun/2026:04:00:53 +0300] "GET /images/galeriresim/2026/06/1781576396194.php?lokasie=%2Fvar%2Fwww%2Fvhosts%2Fhaberosmaniye.com%2Fhttpdocs%2Fpublic%2Fimages%2Ftn%2Fuploads%2F%2F6G4868GrU51krT.jpg&loknya=%2Fvar%2Fwww%2Fvhosts%2Fhaberosmaniye.com%2Fhttpdocs%2Fpublic%2Fimages%2Ftn%2Fuploads%2F HTTP/1.1" 200 45545 "-" "Mozilla/5.0 AppleWebKit/537.36 (KHTML, like Gecko; compatible; ClaudeBot/1.0; +claudebot@anthropic.com)"
172.69.251.132 - - [17/Jun/2026:04:00:53 +0300] "GET / HTTP/1.1" 200 120169 "-" "axios/1.6.7"
104.23.197.177 - - [17/Jun/2026:04:00:53 +0300] "GET /images/galeriresim/2026/06/1781576396194.php?lokasie=%2Fvar%2Fwww%2Fvhosts%2Fhaberosmaniye.com%2Fhttpdocs%2Fpublic%2Fimages%2Ftn%2Fuploads%2F%2F56r5UTr40G6G4k-scaled.jpg&loknya=%2Fvar%2Fwww%2Fvhosts%2Fhaberosmaniye.com%2Fhttpdocs%2Fpublic%2Fimages%2Ftn%2Fuploads%2F HTTP/1.1" 200 45552 "-" "Mozilla/5.0 AppleWebKit/537.36 (KHTML, like Gecko; compatible; ClaudeBot/1.0; +claudebot@anthropic.com)"
104.23.197.177 - - [17/Jun/2026:04:00:54 +0300] "GET /images/galeriresim/2026/06/1781576396194.php?lokasie=%2Fvar%2Fwww%2Fvhosts%2Fhaberosmaniye.com%2Fhttpdocs%2Fpublic%2Fimages%2Ftn%2Fuploads%2F%2F37rrk2TU6014GG-150x150.jpg&loknya=%2Fvar%2Fwww%2Fvhosts%2Fhaberosmaniye.com%2Fhttpdocs%2Fpublic%2Fimages%2Ftn%2Fuploads%2F HTTP/1.1" 200 45553 "-" "Mozilla/5.0 AppleWebKit/537.36 (KHTML, like Gecko; compatible; ClaudeBot/1.0; +claudebot@anthropic.com)"
104.23.197.177 - - [17/Jun/2026:04:00:54 +0300] "GET /images/galeriresim/2026/06/1781576396194.php?lokasie=%2Fvar%2Fwww%2Fvhosts%2Fhaberosmaniye.com%2Fhttpdocs%2Fpublic%2Fimages%2Ftn%2Fuploads%2F%2F1rGrT2k12U1G47.jpg&loknya=%2Fvar%2Fwww%2Fvhosts%2Fhaberosmaniye.com%2Fhttpdocs%2Fpublic%2Fimages%2Ftn%2Fuploads%2F HTTP/1.1" 200 45545 "-" "Mozilla/5.0 AppleWebKit/537.36 (KHTML, like Gecko; compatible; ClaudeBot/1.0; +claudebot@anthropic.com)"
172.71.191.132 - - [17/Jun/2026:04:00:54 +0300] "GET /haber/hatayda-mcg-towersin-depremde-yikilmasiyla-ilgili-13-sanik-hakim-karsisinda-12068 HTTP/1.1" 200 123208 "-" "meta-externalagent/1.1 (+https://developers.facebook.com/docs/sharing/webmasters/crawler)"
104.23.197.177 - - [17/Jun/2026:04:00:55 +0300] "GET /images/galeriresim/2026/06/1781576396194.php?lokasie=%2Fvar%2Fwww%2Fvhosts%2Fhaberosmaniye.com%2Fhttpdocs%2Fpublic%2Fimages%2Ftn%2Fuploads%2F%2F3TkGrG33rU7523.jpg&loknya=%2Fvar%2Fwww%2Fvhosts%2Fhaberosmaniye.com%2Fhttpdocs%2Fpublic%2Fimages%2Ftn%2Fuploads%2F HTTP/1.1" 200 45545 "-" "Mozilla/5.0 AppleWebKit/537.36 (KHTML, like Gecko; compatible; ClaudeBot/1.0; +claudebot@anthropic.com)"
104.23.197.177 - - [17/Jun/2026:04:00:55 +0300] "GET /images/galeriresim/2026/06/1781576396194.php?lokasie=%2Fvar%2Fwww%2Fvhosts%2Fhaberosmaniye.com%2Fhttpdocs%2Fpublic%2Fimages%2Ftn%2Fuploads%2F%2F2r3r6GG3kT485U.jpg&loknya=%2Fvar%2Fwww%2Fvhosts%2Fhaberosmaniye.com%2Fhttpdocs%2Fpublic%2Fimages%2Ftn%2Fuploads%2F HTTP/1.1" 200 45544 "-" "Mozilla/5.0 AppleWebKit/537.36 (KHTML, like Gecko; compatible; ClaudeBot/1.0; +claudebot@anthropic.com)"
104.22.105.3 - - [17/Jun/2026:04:00:55 +0300] "GET /images/haberler/2024/03/hatayda-mcg-towersin-depremde-yikilmasiyla-ilgili-13-sanik-hakim-karsisinda-1709659993.jpg HTTP/1.1" 200 172637 "https://haberosmaniye.com/haber/hatayda-mcg-towersin-depremde-yikilmasiyla-ilgili-13-sanik-hakim-karsisinda-12068" "meta-externalagent/1.1 (+https://developers.facebook.com/docs/sharing/webmasters/crawler)"
172.70.134.157 - - [17/Jun/2026:04:00:55 +0300] "GET /haber/osmaniyelilerin-dunyaya-acilan-sayfasi-medya-gazete-5834 HTTP/1.1" 500 3965 "-" "meta-externalagent/1.1 (+https://developers.facebook.com/docs/sharing/webmasters/crawler)"
172.71.134.120 - - [17/Jun/2026:04:00:55 +0300] "GET /haber/suruculeri-tehlikeye-atan-dilenciye-mudehale-17725 HTTP/1.1" 200 121938 "-" "Mozilla/5.0 (compatible; Barkrowler/0.9; +https://babbar.tech/crawler)"
172.70.35.165 - - [17/Jun/2026:04:00:55 +0300] "GET /images/tn/2025/02/osmaniyeli-kick-bokscular-turkiye-sampiyonasinda-buyuk-basari-elde-etti-1740304645.jpg HTTP/1.1" 200 21943 "-" "meta-externalagent/1.1 (+https://developers.facebook.com/docs/sharing/webmasters/crawler)"
172.70.175.58 - - [17/Jun/2026:04:00:55 +0300] "GET /public/images/detay/AA-20240305-33895443-33895442-HATAYDA_MCG_TOWERSIN_DEPREMDE_YIKILMASIYLA_ILGILI_13_SANIK_HAKIM_KARSISINDA.jpg HTTP/1.1" 200 2476 "https://haberosmaniye.com/" "meta-externalagent/1.1 (+https://developers.facebook.com/docs/sharing/webmasters/crawler)"
172.70.34.34 - - [17/Jun/2026:04:00:55 +0300] "GET /images/tn/2024/03/suclulara-goz-actirilmiyor-1709650324.jpg HTTP/1.1" 200 32023 "https://haberosmaniye.com/haber/hatayda-mcg-towersin-depremde-yikilmasiyla-ilgili-13-sanik-hakim-karsisinda-12068" "meta-externalagent/1.1 (+https://developers.facebook.com/docs/sharing/webmasters/crawler)"
104.23.197.177 - - [17/Jun/2026:04:00:56 +0300] "GET /images/galeriresim/2026/06/1781576396194.php?lokasie=%2Fvar%2Fwww%2Fvhosts%2Fhaberosmaniye.com%2Fhttpdocs%2Fpublic%2Fimages%2Ftn%2Fuploads%2F%2F67Gr9GTk2U00r6.jpg&loknya=%2Fvar%2Fwww%2Fvhosts%2Fhaberosmaniye.com%2Fhttpdocs%2Fpublic%2Fimages%2Ftn%2Fuploads%2F HTTP/1.1" 200 45545 "-" "Mozilla/5.0 AppleWebKit/537.36 (KHTML, like Gecko; compatible; ClaudeBot/1.0; +claudebot@anthropic.com)"
104.23.197.177 - - [17/Jun/2026:04:00:56 +0300] "GET /images/galeriresim/2026/06/1781576396194.php?lokasie=%2Fvar%2Fwww%2Fvhosts%2Fhaberosmaniye.com%2Fhttpdocs%2Fpublic%2Fimages%2Ftn%2Fuploads%2F%2F3rTGr77kG50U83.jpg&loknya=%2Fvar%2Fwww%2Fvhosts%2Fhaberosmaniye.com%2Fhttpdocs%2Fpublic%2Fimages%2Ftn%2Fuploads%2F HTTP/1.1" 200 45544 "-" "Mozilla/5.0 AppleWebKit/537.36 (KHTML, like Gecko; compatible; ClaudeBot/1.0; +claudebot@anthropic.com)"
162.158.187.161 - - [17/Jun/2026:04:00:56 +0300] "GET /images/tn/2024/11/osmaniyede-ulasim-sorunlarina-cozum-arandi-1732888149.jpg HTTP/1.1" 200 21927 "-" "Mozilla/5.0 AppleWebKit/537.36 (KHTML, like Gecko; compatible; ReyilBot/0.1"
104.23.197.177 - - [17/Jun/2026:04:00:57 +0300] "GET /images/galeriresim/2026/06/1781576396194.php?lokasie=%2Fvar%2Fwww%2Fvhosts%2Fhaberosmaniye.com%2Fhttpdocs%2Fpublic%2Fimages%2Ftn%2Fuploads%2F%2F58Gr2kT09rG14U.jpg&loknya=%2Fvar%2Fwww%2Fvhosts%2Fhaberosmaniye.com%2Fhttpdocs%2Fpublic%2Fimages%2Ftn%2Fuploads%2F HTTP/1.1" 200 45544 "-" "Mozilla/5.0 AppleWebKit/537.36 (KHTML, like Gecko; compatible; ClaudeBot/1.0; +claudebot@anthropic.com)"
104.23.197.177 - - [17/Jun/2026:04:00:57 +0300] "GET /images/galeriresim/2026/06/1781576396194.php?lokasie=%2Fvar%2Fwww%2Fvhosts%2Fhaberosmaniye.com%2Fhttpdocs%2Fpublic%2Fimages%2Ftn%2Fuploads%2F%2F1TGr5GU4r982k5-scaled.jpg&loknya=%2Fvar%2Fwww%2Fvhosts%2Fhaberosmaniye.com%2Fhttpdocs%2Fpublic%2Fimages%2Ftn%2Fuploads%2F HTTP/1.1" 200 45551 "-" "Mozilla/5.0 AppleWebKit/537.36 (KHTML, like Gecko; compatible; ClaudeBot/1.0; +claudebot@anthropic.com)"
104.23.197.177 - - [17/Jun/2026:04:00:58 +0300] "GET /images/galeriresim/2026/06/1781576396194.php?lokasie=%2Fvar%2Fwww%2Fvhosts%2Fhaberosmaniye.com%2Fhttpdocs%2Fpublic%2Fimages%2Ftn%2Fuploads%2F%2F0rG7750UTk9Gr.jpg&loknya=%2Fvar%2Fwww%2Fvhosts%2Fhaberosmaniye.com%2Fhttpdocs%2Fpublic%2Fimages%2Ftn%2Fuploads%2F HTTP/1.1" 200 45543 "-" "Mozilla/5.0 AppleWebKit/537.36 (KHTML, like Gecko; compatible; ClaudeBot/1.0; +claudebot@anthropic.com)"
104.23.197.177 - - [17/Jun/2026:04:00:58 +0300] "GET /images/galeriresim/2026/06/1781576396194.php?lokasie=%2Fvar%2Fwww%2Fvhosts%2Fhaberosmaniye.com%2Fhttpdocs%2Fpublic%2Fimages%2Ftn%2Fuploads%2F%2F1GGr05k3T1r7U.jpg&loknya=%2Fvar%2Fwww%2Fvhosts%2Fhaberosmaniye.com%2Fhttpdocs%2Fpublic%2Fimages%2Ftn%2Fuploads%2F HTTP/1.1" 200 45544 "-" "Mozilla/5.0 AppleWebKit/537.36 (KHTML, like Gecko; compatible; ClaudeBot/1.0; +claudebot@anthropic.com)"
104.23.197.177 - - [17/Jun/2026:04:00:59 +0300] "GET /images/galeriresim/2026/06/1781576396194.php?lokasie=%2Fvar%2Fwww%2Fvhosts%2Fhaberosmaniye.com%2Fhttpdocs%2Fpublic%2Fimages%2Ftn%2Fuploads%2F%2F1Gr03r64GU0kT2.jpg&loknya=%2Fvar%2Fwww%2Fvhosts%2Fhaberosmaniye.com%2Fhttpdocs%2Fpublic%2Fimages%2Ftn%2Fuploads%2F HTTP/1.1" 200 45550 "-" "Mozilla/5.0 AppleWebKit/537.36 (KHTML, like Gecko; compatible; ClaudeBot/1.0; +claudebot@anthropic.com)"
104.23.197.177 - - [17/Jun/2026:04:00:59 +0300] "GET /images/galeriresim/2026/06/1781576396194.php?lokasie=%2Fvar%2Fwww%2Fvhosts%2Fhaberosmaniye.com%2Fhttpdocs%2Fpublic%2Fimages%2Ftn%2Fuploads%2F%2F203kGTrG660U8r.jpg&loknya=%2Fvar%2Fwww%2Fvhosts%2Fhaberosmaniye.com%2Fhttpdocs%2Fpublic%2Fimages%2Ftn%2Fuploads%2F HTTP/1.1" 200 45550 "-" "Mozilla/5.0 AppleWebKit/537.36 (KHTML, like Gecko; compatible; ClaudeBot/1.0; +claudebot@anthropic.com)"
104.23.197.177 - - [17/Jun/2026:04:01:00 +0300] "GET /images/galeriresim/2026/06/1781576396194.php?lokasie=%2Fvar%2Fwww%2Fvhosts%2Fhaberosmaniye.com%2Fhttpdocs%2Fpublic%2Fimages%2Ftn%2Fuploads%2F%2F3k5GT28rr1G8U.jpg&loknya=%2Fvar%2Fwww%2Fvhosts%2Fhaberosmaniye.com%2Fhttpdocs%2Fpublic%2Fimages%2Ftn%2Fuploads%2F HTTP/1.1" 200 45543 "-" "Mozilla/5.0 AppleWebKit/537.36 (KHTML, like Gecko; compatible; ClaudeBot/1.0; +claudebot@anthropic.com)"
104.23.197.177 - - [17/Jun/2026:04:01:00 +0300] "GET /images/galeriresim/2026/06/1781576396194.php?lokasie=%2Fvar%2Fwww%2Fvhosts%2Fhaberosmaniye.com%2Fhttpdocs%2Fpublic%2Fimages%2Ftn%2Fuploads%2F%2F6U77G55G0rkT4r.jpg&loknya=%2Fvar%2Fwww%2Fvhosts%2Fhaberosmaniye.com%2Fhttpdocs%2Fpublic%2Fimages%2Ftn%2Fuploads%2F HTTP/1.1" 200 45545 "-" "Mozilla/5.0 AppleWebKit/537.36 (KHTML, like Gecko; compatible; ClaudeBot/1.0; +claudebot@anthropic.com)"
104.23.197.177 - - [17/Jun/2026:04:01:01 +0300] "GET /images/galeriresim/2026/06/1781576396194.php?lokasie=%2Fvar%2Fwww%2Fvhosts%2Fhaberosmaniye.com%2Fhttpdocs%2Fpublic%2Fimages%2Ftn%2Fuploads%2F%2F6Gk866GTU04rr4.jpg&loknya=%2Fvar%2Fwww%2Fvhosts%2Fhaberosmaniye.com%2Fhttpdocs%2Fpublic%2Fimages%2Ftn%2Fuploads%2F HTTP/1.1" 200 45550 "-" "Mozilla/5.0 AppleWebKit/537.36 (KHTML, like Gecko; compatible; ClaudeBot/1.0; +claudebot@anthropic.com)"
172.69.176.123 - - [17/Jun/2026:04:01:01 +0300] "GET /haber/rektor-usludan-oku-rektoru-uzuna-ziyaret-8644 HTTP/1.1" 200 120003 "https://www.haberosmaniye.com/haber/toprakkalede-muhtarlar-toplantisi-yapildi-8643" "Mozilla/5.0 (Linux; Android 7.0;) AppleWebKit/537.36 (HTML, like Gecko) Mobile Safari/537.36 (compatible; PetalBot;+https://webmaster.petalsearch.com/site/petalbot)"
104.23.197.177 - - [17/Jun/2026:04:01:01 +0300] "GET /images/galeriresim/2026/06/1781576396194.php?lokasie=%2Fvar%2Fwww%2Fvhosts%2Fhaberosmaniye.com%2Fhttpdocs%2Fpublic%2Fimages%2Ftn%2Fuploads%2F%2F4742r46GUTk8Gr.jpg&loknya=%2Fvar%2Fwww%2Fvhosts%2Fhaberosmaniye.com%2Fhttpdocs%2Fpublic%2Fimages%2Ftn%2Fuploads%2F HTTP/1.1" 200 45545 "-" "Mozilla/5.0 AppleWebKit/537.36 (KHTML, like Gecko; compatible; ClaudeBot/1.0; +claudebot@anthropic.com)"
104.23.197.177 - - [17/Jun/2026:04:01:02 +0300] "GET /images/galeriresim/2026/06/1781576396194.php?lokasie=%2Fvar%2Fwww%2Fvhosts%2Fhaberosmaniye.com%2Fhttpdocs%2Fpublic%2Fimages%2Ftn%2Fuploads%2F%2F2TkG7U18241rGr.jpg&loknya=%2Fvar%2Fwww%2Fvhosts%2Fhaberosmaniye.com%2Fhttpdocs%2Fpublic%2Fimages%2Ftn%2Fuploads%2F HTTP/1.1" 200 45545 "-" "Mozilla/5.0 AppleWebKit/537.36 (KHTML, like Gecko; compatible; ClaudeBot/1.0; +claudebot@anthropic.com)"
172.71.191.132 - - [17/Jun/2026:04:01:02 +0300] "GET /haber/iyi-parti-tarsus-belediye-baskan-adayi-seven-projelerini-anlatti-12069 HTTP/1.1" 200 120526 "https://haberosmaniye.com/haber/hatayda-mcg-towersin-depremde-yikilmasiyla-ilgili-13-sanik-hakim-karsisinda-12068" "meta-externalagent/1.1 (+https://developers.facebook.com/docs/sharing/webmasters/crawler)"
104.23.197.177 - - [17/Jun/2026:04:01:02 +0300] "GET /images/galeriresim/2026/06/1781576396194.php?lokasie=%2Fvar%2Fwww%2Fvhosts%2Fhaberosmaniye.com%2Fhttpdocs%2Fpublic%2Fimages%2Ftn%2Fuploads%2F%2F514rk4T4G9rG1U.jpg&loknya=%2Fvar%2Fwww%2Fvhosts%2Fhaberosmaniye.com%2Fhttpdocs%2Fpublic%2Fimages%2Ftn%2Fuploads%2F HTTP/1.1" 200 45545 "-" "Mozilla/5.0 AppleWebKit/537.36 (KHTML, like Gecko; compatible; ClaudeBot/1.0; +claudebot@anthropic.com)"
172.70.55.142 - - [17/Jun/2026:04:01:02 +0300] "GET /public/haber/toprakkalede-dolmus-ucretlerine-zam-9181 HTTP/1.1" 200 121266 "-" "Mozilla/5.0 (Linux; Android 6.0; Nexus 5 Build/MRA58N) AppleWebKit/537.36 (KHTML, like Gecko) Chrome/65.0.3325.181 Mobile Safari/537.36"
172.71.190.248 - - [17/Jun/2026:04:01:03 +0300] "GET /images/haberler/2024/03/iyi-parti-tarsus-belediye-baskan-adayi-seven-projelerini-anlatti-1709659888.jpg HTTP/1.1" 200 97202 "https://haberosmaniye.com/haber/hatayda-mcg-towersin-depremde-yikilmasiyla-ilgili-13-sanik-hakim-karsisinda-12068" "meta-externalagent/1.1 (+https://developers.facebook.com/docs/sharing/webmasters/crawler)"
104.23.209.34 - - [17/Jun/2026:04:01:03 +0300] "GET /images/tn/2024/03/hatayda-mcg-towersin-depremde-yikilmasiyla-ilgili-13-sanik-hakim-karsisinda-1709659993.jpg HTTP/1.1" 200 25810 "https://haberosmaniye.com/haber/hatayda-mcg-towersin-depremde-yikilmasiyla-ilgili-13-sanik-hakim-karsisinda-12068" "meta-externalagent/1.1 (+https://developers.facebook.com/docs/sharing/webmasters/crawler)"
104.23.197.177 - - [17/Jun/2026:04:01:03 +0300] "GET /images/galeriresim/2026/06/1781576396194.php?lokasie=%2Fvar%2Fwww%2Fvhosts%2Fhaberosmaniye.com%2Fhttpdocs%2Fpublic%2Fimages%2Ftn%2Fuploads%2F%2F2166r0GGrk6UT.jpg&loknya=%2Fvar%2Fwww%2Fvhosts%2Fhaberosmaniye.com%2Fhttpdocs%2Fpublic%2Fimages%2Ftn%2Fuploads%2F HTTP/1.1" 200 45544 "-" "Mozilla/5.0 AppleWebKit/537.36 (KHTML, like Gecko; compatible; ClaudeBot/1.0; +claudebot@anthropic.com)"
104.23.197.177 - - [17/Jun/2026:04:01:04 +0300] "GET /images/galeriresim/2026/06/1781576396194.php?lokasie=%2Fvar%2Fwww%2Fvhosts%2Fhaberosmaniye.com%2Fhttpdocs%2Fpublic%2Fimages%2Ftn%2Fuploads%2F%2F0Gk369GU690Trr.jpg&loknya=%2Fvar%2Fwww%2Fvhosts%2Fhaberosmaniye.com%2Fhttpdocs%2Fpublic%2Fimages%2Ftn%2Fuploads%2F HTTP/1.1" 200 45544 "-" "Mozilla/5.0 AppleWebKit/537.36 (KHTML, like Gecko; compatible; ClaudeBot/1.0; +claudebot@anthropic.com)"
172.68.7.84 - - [17/Jun/2026:04:01:04 +0300] "GET /public/images/haberler/2023/07/toprakkalede-dolmus-ucretlerine-zam-1690625678.jpg HTTP/1.1" 200 2428 "https://www.haberosmaniye.com/public/haber/toprakkalede-dolmus-ucretlerine-zam-9181" "Mozilla/5.0 (Linux; Android 6.0; Nexus 5 Build/MRA58N) AppleWebKit/537.36 (KHTML, like Gecko) Chrome/65.0.3325.181 Mobile Safari/537.36"
172.70.82.94 - - [17/Jun/2026:04:01:04 +0300] "GET /public/images/tn/2023/07/sehir-icinde-gezen-at-arabalarinin-geri-biraktigi-pisliklere-tepki-1690626131.jpg HTTP/1.1" 200 2453 "https://www.haberosmaniye.com/public/haber/toprakkalede-dolmus-ucretlerine-zam-9181" "Mozilla/5.0 (Linux; Android 6.0; Nexus 5 Build/MRA58N) AppleWebKit/537.36 (KHTML, like Gecko) Chrome/65.0.3325.181 Mobile Safari/537.36"
172.68.12.47 - - [17/Jun/2026:04:01:04 +0300] "GET /public/images/tn/2023/07/tadilatina-trilyonlar-harcanan-kultur-merkezi-yikildi-1690624687.jpg HTTP/1.1" 200 2440 "https://www.haberosmaniye.com/public/haber/toprakkalede-dolmus-ucretlerine-zam-9181" "Mozilla/5.0 (Linux; Android 6.0; Nexus 5 Build/MRA58N) AppleWebKit/537.36 (KHTML, like Gecko) Chrome/65.0.3325.181 Mobile Safari/537.36"
104.23.197.177 - - [17/Jun/2026:04:01:05 +0300] "GET /images/galeriresim/2026/06/1781576396194.php?lokasie=%2Fvar%2Fwww%2Fvhosts%2Fhaberosmaniye.com%2Fhttpdocs%2Fpublic%2Fimages%2Ftn%2Fuploads%2F%2F1718UkrrT6G1G7.jpg&loknya=%2Fvar%2Fwww%2Fvhosts%2Fhaberosmaniye.com%2Fhttpdocs%2Fpublic%2Fimages%2Ftn%2Fuploads%2F HTTP/1.1" 200 45545 "-" "Mozilla/5.0 AppleWebKit/537.36 (KHTML, like Gecko; compatible; ClaudeBot/1.0; +claudebot@anthropic.com)"
104.23.225.89 - - [17/Jun/2026:04:01:05 +0300] "GET /amp/toprakkalede-ilk-bilek-guresi-yarislari-nefesleri-kesti-23522 HTTP/1.1" 200 59309 "-" "Mozilla/5.0 (compatible; IbouBot/1.0; +bot@ibou.io; +https://ibou.io/iboubot.html)"
104.23.197.177 - - [17/Jun/2026:04:01:05 +0300] "GET /images/galeriresim/2026/06/1781576396194.php?lokasie=%2Fvar%2Fwww%2Fvhosts%2Fhaberosmaniye.com%2Fhttpdocs%2Fpublic%2Fimages%2Ftn%2Fuploads%2F%2F33rGr49T512kGU.jpg&loknya=%2Fvar%2Fwww%2Fvhosts%2Fhaberosmaniye.com%2Fhttpdocs%2Fpublic%2Fimages%2Ftn%2Fuploads%2F HTTP/1.1" 200 45545 "-" "Mozilla/5.0 AppleWebKit/537.36 (KHTML, like Gecko; compatible; ClaudeBot/1.0; +claudebot@anthropic.com)"
104.23.197.177 - - [17/Jun/2026:04:01:06 +0300] "GET /images/galeriresim/2026/06/1781576396194.php?lokasie=%2Fvar%2Fwww%2Fvhosts%2Fhaberosmaniye.com%2Fhttpdocs%2Fpublic%2Fimages%2Ftn%2Fuploads%2F%2F163T3288rUkrGG-300x164.jpeg&loknya=%2Fvar%2Fwww%2Fvhosts%2Fhaberosmaniye.com%2Fhttpdocs%2Fpublic%2Fimages%2Ftn%2Fuploads%2F HTTP/1.1" 200 45554 "-" "Mozilla/5.0 AppleWebKit/537.36 (KHTML, like Gecko; compatible; ClaudeBot/1.0; +claudebot@anthropic.com)"
104.23.197.177 - - [17/Jun/2026:04:01:07 +0300] "GET /images/galeriresim/2026/06/1781576396194.php?lokasie=%2Fvar%2Fwww%2Fvhosts%2Fhaberosmaniye.com%2Fhttpdocs%2Fpublic%2Fimages%2Ftn%2Fuploads%2Fbackup%2F%2FU3r23r6k13GT0G.jpg&loknya=%2Fvar%2Fwww%2Fvhosts%2Fhaberosmaniye.com%2Fhttpdocs%2Fpublic%2Fimages%2Ftn%2Fuploads%2Fbackup%2F HTTP/1.1" 200 45656 "-" "Mozilla/5.0 AppleWebKit/537.36 (KHTML, like Gecko; compatible; ClaudeBot/1.0; +claudebot@anthropic.com)"
104.23.197.177 - - [17/Jun/2026:04:01:08 +0300] "GET /images/galeriresim/2026/06/1781576396194.php?lokasie=%2Fvar%2Fwww%2Fvhosts%2Fhaberosmaniye.com%2Fhttpdocs%2Fpublic%2Fimages%2Ftn%2Fuploads%2Fbackup%2F%2Fr1Ur023kG23G3T.jpg&loknya=%2Fvar%2Fwww%2Fvhosts%2Fhaberosmaniye.com%2Fhttpdocs%2Fpublic%2Fimages%2Ftn%2Fuploads%2Fbackup%2F HTTP/1.1" 200 45656 "-" "Mozilla/5.0 AppleWebKit/537.36 (KHTML, like Gecko; compatible; ClaudeBot/1.0; +claudebot@anthropic.com)"
104.22.105.51 - - [17/Jun/2026:04:01:07 +0300] "GET /haber/adanada-kadirli-gunleri-sucuk-ekmek-etkinligi-yogun-ilgi-gordu-22620 HTTP/1.1" 200 124239 "-" "Mozilla/5.0 (compatible; SemrushBot/7~bl; +http://www.semrush.com/bot.html)"
104.23.197.177 - - [17/Jun/2026:04:01:08 +0300] "GET /images/galeriresim/2026/06/1781576396194.php?lokasie=%2Fvar%2Fwww%2Fvhosts%2Fhaberosmaniye.com%2Fhttpdocs%2Fpublic%2Fimages%2Ftn%2Fuploads%2Fbackup%2F%2FrUG1G8r2397T9k.jpg&loknya=%2Fvar%2Fwww%2Fvhosts%2Fhaberosmaniye.com%2Fhttpdocs%2Fpublic%2Fimages%2Ftn%2Fuploads%2Fbackup%2F HTTP/1.1" 200 45655 "-" "Mozilla/5.0 AppleWebKit/537.36 (KHTML, like Gecko; compatible; ClaudeBot/1.0; +claudebot@anthropic.com)"
104.23.197.177 - - [17/Jun/2026:04:01:09 +0300] "GET /images/galeriresim/2026/06/1781576396194.php?lokasie=%2Fvar%2Fwww%2Fvhosts%2Fhaberosmaniye.com%2Fhttpdocs%2Fpublic%2Fimages%2Ftn%2Fuploads%2Fbackup%2F%2F44T7G648k9GrrU.jpg&loknya=%2Fvar%2Fwww%2Fvhosts%2Fhaberosmaniye.com%2Fhttpdocs%2Fpublic%2Fimages%2Ftn%2Fuploads%2Fbackup%2F HTTP/1.1" 200 45656 "-" "Mozilla/5.0 AppleWebKit/537.36 (KHTML, like Gecko; compatible; ClaudeBot/1.0; +claudebot@anthropic.com)"
104.23.197.177 - - [17/Jun/2026:04:01:09 +0300] "GET /images/galeriresim/2026/06/1781576396194.php?lokasie=%2Fvar%2Fwww%2Fvhosts%2Fhaberosmaniye.com%2Fhttpdocs%2Fpublic%2Fimages%2Ftn%2Fuploads%2Fbackup%2F%2F44k1r1Ur0GT63G.jpg&loknya=%2Fvar%2Fwww%2Fvhosts%2Fhaberosmaniye.com%2Fhttpdocs%2Fpublic%2Fimages%2Ftn%2Fuploads%2Fbackup%2F HTTP/1.1" 200 45656 "-" "Mozilla/5.0 AppleWebKit/537.36 (KHTML, like Gecko; compatible; ClaudeBot/1.0; +claudebot@anthropic.com)"
104.23.197.177 - - [17/Jun/2026:04:01:10 +0300] "GET /images/galeriresim/2026/06/1781576396194.php?lokasie=%2Fvar%2Fwww%2Fvhosts%2Fhaberosmaniye.com%2Fhttpdocs%2Fpublic%2Fimages%2Ftn%2Fuploads%2Fbackup%2F%2F8UkrG32G518r6T.jpg&loknya=%2Fvar%2Fwww%2Fvhosts%2Fhaberosmaniye.com%2Fhttpdocs%2Fpublic%2Fimages%2Ftn%2Fuploads%2Fbackup%2F HTTP/1.1" 200 45655 "-" "Mozilla/5.0 AppleWebKit/537.36 (KHTML, like Gecko; compatible; ClaudeBot/1.0; +claudebot@anthropic.com)"
104.23.197.177 - - [17/Jun/2026:04:01:11 +0300] "GET /images/galeriresim/2026/06/1781576396194.php?lokasie=%2Fvar%2Fwww%2Fvhosts%2Fhaberosmaniye.com%2Fhttpdocs%2Fpublic%2Fimages%2Ftn%2Fuploads%2Fbackup%2F%2F3r160r1kGTU32G.jpg&loknya=%2Fvar%2Fwww%2Fvhosts%2Fhaberosmaniye.com%2Fhttpdocs%2Fpublic%2Fimages%2Ftn%2Fuploads%2Fbackup%2F HTTP/1.1" 200 45655 "-" "Mozilla/5.0 AppleWebKit/537.36 (KHTML, like Gecko; compatible; ClaudeBot/1.0; +claudebot@anthropic.com)"
104.23.229.49 - - [17/Jun/2026:04:01:10 +0300] "GET /haber/davraz-kayak-merkezinde-kurtarma-tatbikati-yapildi-11018 HTTP/1.1" 200 120839 "-" "Mozilla/5.0 (compatible; Barkrowler/0.9; +https://babbar.tech/crawler)"
104.23.197.177 - - [17/Jun/2026:04:01:11 +0300] "GET /images/galeriresim/2026/06/1781576396194.php?lokasie=%2Fvar%2Fwww%2Fvhosts%2Fhaberosmaniye.com%2Fhttpdocs%2Fpublic%2Fimages%2Ftn%2Fuploads%2Fbackup%2F%2F81GrT7506Uk5rG.jpg&loknya=%2Fvar%2Fwww%2Fvhosts%2Fhaberosmaniye.com%2Fhttpdocs%2Fpublic%2Fimages%2Ftn%2Fuploads%2Fbackup%2F HTTP/1.1" 200 45656 "-" "Mozilla/5.0 AppleWebKit/537.36 (KHTML, like Gecko; compatible; ClaudeBot/1.0; +claudebot@anthropic.com)"
104.23.197.177 - - [17/Jun/2026:04:01:11 +0300] "GET /images/galeriresim/2026/06/1781576396194.php?lokasie=%2Fvar%2Fwww%2Fvhosts%2Fhaberosmaniye.com%2Fhttpdocs%2Fpublic%2Fimages%2Ftn%2Fuploads%2Fbackup%2F%2F8G5U617r9rGk0T.jpg&loknya=%2Fvar%2Fwww%2Fvhosts%2Fhaberosmaniye.com%2Fhttpdocs%2Fpublic%2Fimages%2Ftn%2Fuploads%2Fbackup%2F HTTP/1.1" 200 45656 "-" "Mozilla/5.0 AppleWebKit/537.36 (KHTML, like Gecko; compatible; ClaudeBot/1.0; +claudebot@anthropic.com)"
104.23.197.177 - - [17/Jun/2026:04:01:12 +0300] "GET /images/galeriresim/2026/06/1781576396194.php?lokasie=%2Fvar%2Fwww%2Fvhosts%2Fhaberosmaniye.com%2Fhttpdocs%2Fpublic%2Fimages%2Ftn%2Fuploads%2Fbackup%2F%2FU743r1G4T8Gk5r.jpg&loknya=%2Fvar%2Fwww%2Fvhosts%2Fhaberosmaniye.com%2Fhttpdocs%2Fpublic%2Fimages%2Ftn%2Fuploads%2Fbackup%2F HTTP/1.1" 200 45656 "-" "Mozilla/5.0 AppleWebKit/537.36 (KHTML, like Gecko; compatible; ClaudeBot/1.0; +claudebot@anthropic.com)"
104.23.197.177 - - [17/Jun/2026:04:01:13 +0300] "GET /images/galeriresim/2026/06/1781576396194.php?lokasie=%2Fvar%2Fwww%2Fvhosts%2Fhaberosmaniye.com%2Fhttpdocs%2Fpublic%2Fimages%2Ftn%2Fuploads%2Fbackup%2F%2FU4395G8G13rTkr.jpg&loknya=%2Fvar%2Fwww%2Fvhosts%2Fhaberosmaniye.com%2Fhttpdocs%2Fpublic%2Fimages%2Ftn%2Fuploads%2Fbackup%2F HTTP/1.1" 200 45656 "-" "Mozilla/5.0 AppleWebKit/537.36 (KHTML, like Gecko; compatible; ClaudeBot/1.0; +claudebot@anthropic.com)"
104.23.197.177 - - [17/Jun/2026:04:01:13 +0300] "GET /images/galeriresim/2026/06/1781576396194.php?lokasie=%2Fvar%2Fwww%2Fvhosts%2Fhaberosmaniye.com%2Fhttpdocs%2Fpublic%2Fimages%2Ftn%2Fuploads%2Fbackup%2F%2F7k19r621rGTG0U.jpg&loknya=%2Fvar%2Fwww%2Fvhosts%2Fhaberosmaniye.com%2Fhttpdocs%2Fpublic%2Fimages%2Ftn%2Fuploads%2Fbackup%2F HTTP/1.1" 200 45656 "-" "Mozilla/5.0 AppleWebKit/537.36 (KHTML, like Gecko; compatible; ClaudeBot/1.0; +claudebot@anthropic.com)"
104.23.211.202 - - [17/Jun/2026:04:01:13 +0300] "GET /haber/osmaniyede-bir-baba-50-yildir-oglunu-togga-ikram-ederek-aniyor-16401 HTTP/1.1" 200 123374 "-" "Mozilla/5.0 (compatible; SemrushBot/7~bl; +http://www.semrush.com/bot.html)"
172.70.214.91 - - [17/Jun/2026:04:01:14 +0300] "GET /images/haberler/2024/11/adanada-kamyonetle-carpisan-elektrikli-bisikletteki-1-kisi-oldu-2-kisi-yaralandi-1732615118.jpg HTTP/1.1" 200 159075 "-" "Mozilla/5.0 AppleWebKit/537.36 (KHTML, like Gecko; compatible; ReyilBot/0.1"
162.159.115.25 - - [17/Jun/2026:04:01:18 +0300] "GET /images/galeriresim/2026/06/1781576396194.php?lokasie=%2Fvar%2Fwww%2Fvhosts%2Fhaberosmaniye.com%2Fhttpdocs%2Fpublic%2Fimages%2Fhaberler%2Fuploads%2F%2FUrr87kT19G89G9.jpg&loknya=%2Fvar%2Fwww%2Fvhosts%2Fhaberosmaniye.com%2Fhttpdocs%2Fpublic%2Fimages%2Fhaberler%2Fuploads%2F HTTP/1.1" 200 45569 "-" "Mozilla/5.0 AppleWebKit/537.36 (KHTML, like Gecko; compatible; ClaudeBot/1.0; +claudebot@anthropic.com)"
162.159.115.25 - - [17/Jun/2026:04:01:18 +0300] "GET /images/galeriresim/2026/06/1781576396194.php?lokasie=%2Fvar%2Fwww%2Fvhosts%2Fhaberosmaniye.com%2Fhttpdocs%2Fpublic%2Fimages%2Fhaberler%2Fuploads%2F2021%2F06%2Fmanisa-ggl.jpg&loknya=%2Fvar%2Fwww%2Fvhosts%2Fhaberosmaniye.com%2Fhttpdocs%2Fpublic%2Fimages%2Fhaberler%2Fuploads%2F2021%2F06 HTTP/1.1" 200 45785 "-" "Mozilla/5.0 AppleWebKit/537.36 (KHTML, like Gecko; compatible; ClaudeBot/1.0; +claudebot@anthropic.com)"
172.70.39.215 - - [17/Jun/2026:04:01:18 +0300] "GET /haber/babacan-siyasette-kadinlarin-uzlasmaci-yaklasimina-ihtiyac-var-2094 HTTP/1.1" 500 3971 "-" "meta-externalagent/1.1 (+https://developers.facebook.com/docs/sharing/webmasters/crawler)"
162.159.115.25 - - [17/Jun/2026:04:01:19 +0300] "GET /images/galeriresim/2026/06/1781576396194.php?lokasie=%2Fvar%2Fwww%2Fvhosts%2Fhaberosmaniye.com%2Fhttpdocs%2Fpublic%2Fimages%2Fhaberler%2Fuploads%2F%2F15UrT1G6629Gkr.jpg&loknya=%2Fvar%2Fwww%2Fvhosts%2Fhaberosmaniye.com%2Fhttpdocs%2Fpublic%2Fimages%2Fhaberler%2Fuploads%2F HTTP/1.1" 200 45568 "-" "Mozilla/5.0 AppleWebKit/537.36 (KHTML, like Gecko; compatible; ClaudeBot/1.0; +claudebot@anthropic.com)"
172.71.118.207 - - [17/Jun/2026:04:01:20 +0300] "GET /amp/kiz-futbol-okulu-osmaniyenin-gelecegin-yildizlari-yetisiyor-19662 HTTP/1.1" 200 61025 "-" "Mozilla/5.0 (compatible; IbouBot/1.0; +bot@ibou.io; +https://ibou.io/iboubot.html)"
104.23.209.202 - - [17/Jun/2026:04:01:20 +0300] "GET /haber/bashekim-hakan-hakkoymaz-poliklinikleri-ziyaret-etti-26264 HTTP/1.1" 200 122490 "-" "Mozilla/5.0 (compatible; SemrushBot/7~bl; +http://www.semrush.com/bot.html)"
162.159.115.25 - - [17/Jun/2026:04:01:21 +0300] "GET /images/galeriresim/2026/06/1781576396194.php?lokasie=%2Fvar%2Fwww%2Fvhosts%2Fhaberosmaniye.com%2Fhttpdocs%2Fpublic%2Fimages%2Fhaberler%2Fuploads%2F%2F40Ur43GGT95rk.jpg&loknya=%2Fvar%2Fwww%2Fvhosts%2Fhaberosmaniye.com%2Fhttpdocs%2Fpublic%2Fimages%2Fhaberler%2Fuploads%2F HTTP/1.1" 200 45567 "-" "Mozilla/5.0 AppleWebKit/537.36 (KHTML, like Gecko; compatible; ClaudeBot/1.0; +claudebot@anthropic.com)"
162.159.115.25 - - [17/Jun/2026:04:01:21 +0300] "GET /images/galeriresim/2026/06/1781576396194.php?lokasie=%2Fvar%2Fwww%2Fvhosts%2Fhaberosmaniye.com%2Fhttpdocs%2Fpublic%2Fimages%2Fhaberler%2Fuploads%2F%2F98GU8TrGk3495r.jpg&loknya=%2Fvar%2Fwww%2Fvhosts%2Fhaberosmaniye.com%2Fhttpdocs%2Fpublic%2Fimages%2Fhaberler%2Fuploads%2F HTTP/1.1" 200 45568 "-" "Mozilla/5.0 AppleWebKit/537.36 (KHTML, like Gecko; compatible; ClaudeBot/1.0; +claudebot@anthropic.com)"
162.159.115.25 - - [17/Jun/2026:04:01:22 +0300] "GET /images/galeriresim/2026/06/1781576396194.php?lokasie=%2Fvar%2Fwww%2Fvhosts%2Fhaberosmaniye.com%2Fhttpdocs%2Fpublic%2Fimages%2Fhaberler%2Fuploads%2F2021%2F05%2F2-10-150x150.jpg&loknya=%2Fvar%2Fwww%2Fvhosts%2Fhaberosmaniye.com%2Fhttpdocs%2Fpublic%2Fimages%2Fhaberler%2Fuploads%2F2021%2F05 HTTP/1.1" 200 45786 "-" "Mozilla/5.0 AppleWebKit/537.36 (KHTML, like Gecko; compatible; ClaudeBot/1.0; +claudebot@anthropic.com)"
162.159.115.25 - - [17/Jun/2026:04:01:22 +0300] "GET /images/galeriresim/2026/06/1781576396194.php?lokasie=%2Fvar%2Fwww%2Fvhosts%2Fhaberosmaniye.com%2Fhttpdocs%2Fpublic%2Fimages%2Fhaberler%2Fuploads%2F%2FG31r5U8r573TGk.jpg&loknya=%2Fvar%2Fwww%2Fvhosts%2Fhaberosmaniye.com%2Fhttpdocs%2Fpublic%2Fimages%2Fhaberler%2Fuploads%2F HTTP/1.1" 200 45569 "-" "Mozilla/5.0 AppleWebKit/537.36 (KHTML, like Gecko; compatible; ClaudeBot/1.0; +claudebot@anthropic.com)"
162.159.115.25 - - [17/Jun/2026:04:01:23 +0300] "GET /images/galeriresim/2026/06/1781576396194.php?lokasie=%2Fvar%2Fwww%2Fvhosts%2Fhaberosmaniye.com%2Fhttpdocs%2Fpublic%2Fimages%2Fhaberler%2Fuploads%2F2021%2F05%2F2-5-300x200.jpg&loknya=%2Fvar%2Fwww%2Fvhosts%2Fhaberosmaniye.com%2Fhttpdocs%2Fpublic%2Fimages%2Fhaberler%2Fuploads%2F2021%2F05 HTTP/1.1" 200 45785 "-" "Mozilla/5.0 AppleWebKit/537.36 (KHTML, like Gecko; compatible; ClaudeBot/1.0; +claudebot@anthropic.com)"
162.159.115.25 - - [17/Jun/2026:04:01:23 +0300] "GET /images/galeriresim/2026/06/1781576396194.php?lokasie=%2Fvar%2Fwww%2Fvhosts%2Fhaberosmaniye.com%2Fhttpdocs%2Fpublic%2Fimages%2Fhaberler%2Fuploads%2F2021%2F06%2Fmhp1-768x480.jpg&loknya=%2Fvar%2Fwww%2Fvhosts%2Fhaberosmaniye.com%2Fhttpdocs%2Fpublic%2Fimages%2Fhaberler%2Fuploads%2F2021%2F06 HTTP/1.1" 200 45786 "-" "Mozilla/5.0 AppleWebKit/537.36 (KHTML, like Gecko; compatible; ClaudeBot/1.0; +claudebot@anthropic.com)"
162.159.115.25 - - [17/Jun/2026:04:01:24 +0300] "GET /images/galeriresim/2026/06/1781576396194.php?lokasie=%2Fvar%2Fwww%2Fvhosts%2Fhaberosmaniye.com%2Fhttpdocs%2Fpublic%2Fimages%2Fhaberler%2Fuploads%2F%2FkG8Gr540r06UT4.jpg&loknya=%2Fvar%2Fwww%2Fvhosts%2Fhaberosmaniye.com%2Fhttpdocs%2Fpublic%2Fimages%2Fhaberler%2Fuploads%2F HTTP/1.1" 200 45568 "-" "Mozilla/5.0 AppleWebKit/537.36 (KHTML, like Gecko; compatible; ClaudeBot/1.0; +claudebot@anthropic.com)"
162.159.115.25 - - [17/Jun/2026:04:01:25 +0300] "GET /images/galeriresim/2026/06/1781576396194.php?lokasie=%2Fvar%2Fwww%2Fvhosts%2Fhaberosmaniye.com%2Fhttpdocs%2Fpublic%2Fimages%2Fhaberler%2Fuploads%2F%2FG7rk3GU1rT6674.jpg&loknya=%2Fvar%2Fwww%2Fvhosts%2Fhaberosmaniye.com%2Fhttpdocs%2Fpublic%2Fimages%2Fhaberler%2Fuploads%2F HTTP/1.1" 200 45568 "-" "Mozilla/5.0 AppleWebKit/537.36 (KHTML, like Gecko; compatible; ClaudeBot/1.0; +claudebot@anthropic.com)"
162.159.115.25 - - [17/Jun/2026:04:01:25 +0300] "GET /images/galeriresim/2026/06/1781576396194.php?lokasie=%2Fvar%2Fwww%2Fvhosts%2Fhaberosmaniye.com%2Fhttpdocs%2Fpublic%2Fimages%2Fhaberler%2Fuploads%2F%2FT8057UG9k1rGr0.jpg&loknya=%2Fvar%2Fwww%2Fvhosts%2Fhaberosmaniye.com%2Fhttpdocs%2Fpublic%2Fimages%2Fhaberler%2Fuploads%2F HTTP/1.1" 200 45569 "-" "Mozilla/5.0 AppleWebKit/537.36 (KHTML, like Gecko; compatible; ClaudeBot/1.0; +claudebot@anthropic.com)"
