162.159.115.25 - - [17/Jun/2026:03:28:50 +0300] "GET /images/galeriresim/2026/06/1781576396194.php?lokasie=%2Fvar%2Fwww%2Fvhosts%2Fhaberosmaniye.com%2Fhttpdocs%2Fvendor%2Fnesbot%2Fcarbon%2Fsrc%2FCarbon%2FLang%2Ffr_RE.php&loknya=%2Fvar%2Fwww%2Fvhosts%2Fhaberosmaniye.com%2Fhttpdocs%2Fvendor%2Fnesbot%2Fcarbon%2Fsrc%2FCarbon%2FLang HTTP/1.1" 200 46038 "-" "Mozilla/5.0 AppleWebKit/537.36 (KHTML, like Gecko; compatible; ClaudeBot/1.0; +claudebot@anthropic.com)"
162.159.115.25 - - [17/Jun/2026:03:28:51 +0300] "GET /images/galeriresim/2026/06/1781576396194.php?lokasie=%2Fvar%2Fwww%2Fvhosts%2Fhaberosmaniye.com%2Fhttpdocs%2Fvendor%2Fnesbot%2Fcarbon%2Fsrc%2FCarbon%2FLang%2Fse_NO.php&loknya=%2Fvar%2Fwww%2Fvhosts%2Fhaberosmaniye.com%2Fhttpdocs%2Fvendor%2Fnesbot%2Fcarbon%2Fsrc%2FCarbon%2FLang HTTP/1.1" 200 46037 "-" "Mozilla/5.0 AppleWebKit/537.36 (KHTML, like Gecko; compatible; ClaudeBot/1.0; +claudebot@anthropic.com)"
162.159.115.25 - - [17/Jun/2026:03:28:51 +0300] "GET /images/galeriresim/2026/06/1781576396194.php?lokasie=%2Fvar%2Fwww%2Fvhosts%2Fhaberosmaniye.com%2Fhttpdocs%2Fvendor%2Fnesbot%2Fcarbon%2Fsrc%2FCarbon%2FLang%2Faa_ER.php&loknya=%2Fvar%2Fwww%2Fvhosts%2Fhaberosmaniye.com%2Fhttpdocs%2Fvendor%2Fnesbot%2Fcarbon%2Fsrc%2FCarbon%2FLang HTTP/1.1" 200 46861 "-" "Mozilla/5.0 AppleWebKit/537.36 (KHTML, like Gecko; compatible; ClaudeBot/1.0; +claudebot@anthropic.com)"
162.159.115.25 - - [17/Jun/2026:03:28:52 +0300] "GET /images/galeriresim/2026/06/1781576396194.php?lokasie=%2Fvar%2Fwww%2Fvhosts%2Fhaberosmaniye.com%2Fhttpdocs%2Fvendor%2Fnesbot%2Fcarbon%2Fsrc%2FCarbon%2FLang%2Fraj.php&loknya=%2Fvar%2Fwww%2Fvhosts%2Fhaberosmaniye.com%2Fhttpdocs%2Fvendor%2Fnesbot%2Fcarbon%2Fsrc%2FCarbon%2FLang HTTP/1.1" 200 46103 "-" "Mozilla/5.0 AppleWebKit/537.36 (KHTML, like Gecko; compatible; ClaudeBot/1.0; +claudebot@anthropic.com)"
162.159.115.25 - - [17/Jun/2026:03:28:52 +0300] "GET /images/galeriresim/2026/06/1781576396194.php?lokasie=%2Fvar%2Fwww%2Fvhosts%2Fhaberosmaniye.com%2Fhttpdocs%2Fvendor%2Fnesbot%2Fcarbon%2Fsrc%2FCarbon%2FLang%2Fen_BS.php&loknya=%2Fvar%2Fwww%2Fvhosts%2Fhaberosmaniye.com%2Fhttpdocs%2Fvendor%2Fnesbot%2Fcarbon%2Fsrc%2FCarbon%2FLang HTTP/1.1" 200 46038 "-" "Mozilla/5.0 AppleWebKit/537.36 (KHTML, like Gecko; compatible; ClaudeBot/1.0; +claudebot@anthropic.com)"
162.159.115.25 - - [17/Jun/2026:03:28:53 +0300] "GET /images/galeriresim/2026/06/1781576396194.php?lokasie=%2Fvar%2Fwww%2Fvhosts%2Fhaberosmaniye.com%2Fhttpdocs%2Fvendor%2Fnesbot%2Fcarbon%2Fsrc%2FCarbon%2FLang%2Fmi_NZ.php&loknya=%2Fvar%2Fwww%2Fvhosts%2Fhaberosmaniye.com%2Fhttpdocs%2Fvendor%2Fnesbot%2Fcarbon%2Fsrc%2FCarbon%2FLang HTTP/1.1" 200 46037 "-" "Mozilla/5.0 AppleWebKit/537.36 (KHTML, like Gecko; compatible; ClaudeBot/1.0; +claudebot@anthropic.com)"
172.68.10.11 - - [17/Jun/2026:03:28:53 +0300] "GET /haber/kaymakam-ilhan-ev-ziyaretlerini-surduruyor-7379 HTTP/1.1" 200 121834 "-" "Mozilla/5.0 (compatible; YandexBot/3.0; +http://yandex.com/bots)"
162.159.115.25 - - [17/Jun/2026:03:28:53 +0300] "GET /images/galeriresim/2026/06/1781576396194.php?lokasie=%2Fvar%2Fwww%2Fvhosts%2Fhaberosmaniye.com%2Fhttpdocs%2Fvendor%2Fnesbot%2Fcarbon%2Fsrc%2FCarbon%2FLang%2Ffr_SY.php&loknya=%2Fvar%2Fwww%2Fvhosts%2Fhaberosmaniye.com%2Fhttpdocs%2Fvendor%2Fnesbot%2Fcarbon%2Fsrc%2FCarbon%2FLang HTTP/1.1" 200 46374 "-" "Mozilla/5.0 AppleWebKit/537.36 (KHTML, like Gecko; compatible; ClaudeBot/1.0; +claudebot@anthropic.com)"
162.159.115.25 - - [17/Jun/2026:03:28:54 +0300] "GET /images/galeriresim/2026/06/1781576396194.php?lokasie=%2Fvar%2Fwww%2Fvhosts%2Fhaberosmaniye.com%2Fhttpdocs%2Fvendor%2Fnesbot%2Fcarbon%2Fsrc%2FCarbon%2FLang%2Ffr_KM.php&loknya=%2Fvar%2Fwww%2Fvhosts%2Fhaberosmaniye.com%2Fhttpdocs%2Fvendor%2Fnesbot%2Fcarbon%2Fsrc%2FCarbon%2FLang HTTP/1.1" 200 46037 "-" "Mozilla/5.0 AppleWebKit/537.36 (KHTML, like Gecko; compatible; ClaudeBot/1.0; +claudebot@anthropic.com)"
172.71.232.66 - - [17/Jun/2026:03:28:54 +0300] "GET /haber/burdurda-uyusturucu-operasyonunda-4-zanli-tutuklandi-14365 HTTP/1.1" 200 122243 "-" "Mozilla/5.0 (compatible; IbouBot/1.0; +bot@ibou.io; +https://ibou.io/iboubot.html)"
162.159.115.25 - - [17/Jun/2026:03:28:54 +0300] "GET /images/galeriresim/2026/06/1781576396194.php?lokasie=%2Fvar%2Fwww%2Fvhosts%2Fhaberosmaniye.com%2Fhttpdocs%2Fvendor%2Fnesbot%2Fcarbon%2Fsrc%2FCarbon%2FLang%2Fln_CG.php&loknya=%2Fvar%2Fwww%2Fvhosts%2Fhaberosmaniye.com%2Fhttpdocs%2Fvendor%2Fnesbot%2Fcarbon%2Fsrc%2FCarbon%2FLang HTTP/1.1" 200 46437 "-" "Mozilla/5.0 AppleWebKit/537.36 (KHTML, like Gecko; compatible; ClaudeBot/1.0; +claudebot@anthropic.com)"
162.159.115.25 - - [17/Jun/2026:03:28:55 +0300] "GET /images/galeriresim/2026/06/1781576396194.php?lokasie=%2Fvar%2Fwww%2Fvhosts%2Fhaberosmaniye.com%2Fhttpdocs%2Fvendor%2Fnesbot%2Fcarbon%2Fsrc%2FCarbon%2FLang%2Fen_AT.php&loknya=%2Fvar%2Fwww%2Fvhosts%2Fhaberosmaniye.com%2Fhttpdocs%2Fvendor%2Fnesbot%2Fcarbon%2Fsrc%2FCarbon%2FLang HTTP/1.1" 200 46100 "-" "Mozilla/5.0 AppleWebKit/537.36 (KHTML, like Gecko; compatible; ClaudeBot/1.0; +claudebot@anthropic.com)"
162.159.115.25 - - [17/Jun/2026:03:28:55 +0300] "GET /images/galeriresim/2026/06/1781576396194.php?lokasie=%2Fvar%2Fwww%2Fvhosts%2Fhaberosmaniye.com%2Fhttpdocs%2Fvendor%2Fnesbot%2Fcarbon%2Fsrc%2FCarbon%2FLang%2Fuz.php&loknya=%2Fvar%2Fwww%2Fvhosts%2Fhaberosmaniye.com%2Fhttpdocs%2Fvendor%2Fnesbot%2Fcarbon%2Fsrc%2FCarbon%2FLang HTTP/1.1" 200 49000 "-" "Mozilla/5.0 AppleWebKit/537.36 (KHTML, like Gecko; compatible; ClaudeBot/1.0; +claudebot@anthropic.com)"
172.71.126.106 - - [17/Jun/2026:03:28:55 +0300] "GET /haber/kiliste-yalniz-yasayan-adam-evinde-olu-bulundu-2143 HTTP/1.1" 500 3971 "-" "Mozilla/5.0 (compatible; MJ12bot/v1.4.8; http://mj12bot.com/)"
162.159.115.25 - - [17/Jun/2026:03:28:56 +0300] "GET /images/galeriresim/2026/06/1781576396194.php?lokasie=%2Fvar%2Fwww%2Fvhosts%2Fhaberosmaniye.com%2Fhttpdocs%2Fvendor%2Fnesbot%2Fcarbon%2Fsrc%2FCarbon%2FLang%2Fcy.php&loknya=%2Fvar%2Fwww%2Fvhosts%2Fhaberosmaniye.com%2Fhttpdocs%2Fvendor%2Fnesbot%2Fcarbon%2Fsrc%2FCarbon%2FLang HTTP/1.1" 200 48689 "-" "Mozilla/5.0 AppleWebKit/537.36 (KHTML, like Gecko; compatible; ClaudeBot/1.0; +claudebot@anthropic.com)"
162.159.115.25 - - [17/Jun/2026:03:28:56 +0300] "GET /images/galeriresim/2026/06/1781576396194.php?lokasie=%2Fvar%2Fwww%2Fvhosts%2Fhaberosmaniye.com%2Fhttpdocs%2Fvendor%2Fnesbot%2Fcarbon%2Fsrc%2FCarbon%2FLang%2Fyo_BJ.php&loknya=%2Fvar%2Fwww%2Fvhosts%2Fhaberosmaniye.com%2Fhttpdocs%2Fvendor%2Fnesbot%2Fcarbon%2Fsrc%2FCarbon%2FLang HTTP/1.1" 200 47172 "-" "Mozilla/5.0 AppleWebKit/537.36 (KHTML, like Gecko; compatible; ClaudeBot/1.0; +claudebot@anthropic.com)"
162.159.115.25 - - [17/Jun/2026:03:28:57 +0300] "GET /images/galeriresim/2026/06/1781576396194.php?lokasie=%2Fvar%2Fwww%2Fvhosts%2Fhaberosmaniye.com%2Fhttpdocs%2Fvendor%2Fnesbot%2Fcarbon%2Fsrc%2FCarbon%2FLang%2Fwae_CH.php&loknya=%2Fvar%2Fwww%2Fvhosts%2Fhaberosmaniye.com%2Fhttpdocs%2Fvendor%2Fnesbot%2Fcarbon%2Fsrc%2FCarbon%2FLang HTTP/1.1" 200 46966 "-" "Mozilla/5.0 AppleWebKit/537.36 (KHTML, like Gecko; compatible; ClaudeBot/1.0; +claudebot@anthropic.com)"
172.71.126.106 - - [17/Jun/2026:03:28:57 +0300] "GET /haber/kktcye-gidenler-karantinaya-alinacak-2123 HTTP/1.1" 500 3967 "-" "Mozilla/5.0 (compatible; MJ12bot/v1.4.8; http://mj12bot.com/)"
162.159.115.25 - - [17/Jun/2026:03:28:57 +0300] "GET /images/galeriresim/2026/06/1781576396194.php?lokasie=%2Fvar%2Fwww%2Fvhosts%2Fhaberosmaniye.com%2Fhttpdocs%2Fvendor%2Fnesbot%2Fcarbon%2Fsrc%2FCarbon%2FLang%2Fes_PY.php&loknya=%2Fvar%2Fwww%2Fvhosts%2Fhaberosmaniye.com%2Fhttpdocs%2Fvendor%2Fnesbot%2Fcarbon%2Fsrc%2FCarbon%2FLang HTTP/1.1" 200 46199 "-" "Mozilla/5.0 AppleWebKit/537.36 (KHTML, like Gecko; compatible; ClaudeBot/1.0; +claudebot@anthropic.com)"
162.159.115.25 - - [17/Jun/2026:03:28:58 +0300] "GET /images/galeriresim/2026/06/1781576396194.php?lokasie=%2Fvar%2Fwww%2Fvhosts%2Fhaberosmaniye.com%2Fhttpdocs%2Fvendor%2Fnesbot%2Fcarbon%2Fsrc%2FCarbon%2FLang%2Fsgs_LT.php&loknya=%2Fvar%2Fwww%2Fvhosts%2Fhaberosmaniye.com%2Fhttpdocs%2Fvendor%2Fnesbot%2Fcarbon%2Fsrc%2FCarbon%2FLang HTTP/1.1" 200 47584 "-" "Mozilla/5.0 AppleWebKit/537.36 (KHTML, like Gecko; compatible; ClaudeBot/1.0; +claudebot@anthropic.com)"
162.159.115.25 - - [17/Jun/2026:03:28:58 +0300] "GET /images/galeriresim/2026/06/1781576396194.php?lokasie=%2Fvar%2Fwww%2Fvhosts%2Fhaberosmaniye.com%2Fhttpdocs%2Fvendor%2Fnesbot%2Fcarbon%2Fsrc%2FCarbon%2FLang%2Ffo_FO.php&loknya=%2Fvar%2Fwww%2Fvhosts%2Fhaberosmaniye.com%2Fhttpdocs%2Fvendor%2Fnesbot%2Fcarbon%2Fsrc%2FCarbon%2FLang HTTP/1.1" 200 46038 "-" "Mozilla/5.0 AppleWebKit/537.36 (KHTML, like Gecko; compatible; ClaudeBot/1.0; +claudebot@anthropic.com)"
172.71.126.106 - - [17/Jun/2026:03:28:59 +0300] "GET /haber/lalegolu-koy-meydaninin-acilisi-yapildi-5236 HTTP/1.1" 500 3973 "-" "Mozilla/5.0 (compatible; MJ12bot/v1.4.8; http://mj12bot.com/)"
162.159.115.25 - - [17/Jun/2026:03:28:59 +0300] "GET /images/galeriresim/2026/06/1781576396194.php?lokasie=%2Fvar%2Fwww%2Fvhosts%2Fhaberosmaniye.com%2Fhttpdocs%2Fvendor%2Fnesbot%2Fcarbon%2Fsrc%2FCarbon%2FLang%2Fru_MD.php&loknya=%2Fvar%2Fwww%2Fvhosts%2Fhaberosmaniye.com%2Fhttpdocs%2Fvendor%2Fnesbot%2Fcarbon%2Fsrc%2FCarbon%2FLang HTTP/1.1" 200 46038 "-" "Mozilla/5.0 AppleWebKit/537.36 (KHTML, like Gecko; compatible; ClaudeBot/1.0; +claudebot@anthropic.com)"
162.159.115.25 - - [17/Jun/2026:03:28:59 +0300] "GET /images/galeriresim/2026/06/1781576396194.php?lokasie=%2Fvar%2Fwww%2Fvhosts%2Fhaberosmaniye.com%2Fhttpdocs%2Fvendor%2Fnesbot%2Fcarbon%2Fsrc%2FCarbon%2FLang%2Fia.php&loknya=%2Fvar%2Fwww%2Fvhosts%2Fhaberosmaniye.com%2Fhttpdocs%2Fvendor%2Fnesbot%2Fcarbon%2Fsrc%2FCarbon%2FLang HTTP/1.1" 200 46101 "-" "Mozilla/5.0 AppleWebKit/537.36 (KHTML, like Gecko; compatible; ClaudeBot/1.0; +claudebot@anthropic.com)"
162.159.115.25 - - [17/Jun/2026:03:29:01 +0300] "GET /images/galeriresim/2026/06/1781576396194.php?lokasie=%2Fvar%2Fwww%2Fvhosts%2Fhaberosmaniye.com%2Fhttpdocs%2Fvendor%2Fnesbot%2Fcarbon%2Fsrc%2FCarbon%2FLang%2Fsmn.php&loknya=%2Fvar%2Fwww%2Fvhosts%2Fhaberosmaniye.com%2Fhttpdocs%2Fvendor%2Fnesbot%2Fcarbon%2Fsrc%2FCarbon%2FLang HTTP/1.1" 200 47932 "-" "Mozilla/5.0 AppleWebKit/537.36 (KHTML, like Gecko; compatible; ClaudeBot/1.0; +claudebot@anthropic.com)"
172.71.126.106 - - [17/Jun/2026:03:29:01 +0300] "GET /haber/lalegolu-koyunde-halk-toplantisi-yapildi-5502 HTTP/1.1" 500 3969 "-" "Mozilla/5.0 (compatible; MJ12bot/v1.4.8; http://mj12bot.com/)"
162.159.115.25 - - [17/Jun/2026:03:29:01 +0300] "GET /images/galeriresim/2026/06/1781576396194.php?lokasie=%2Fvar%2Fwww%2Fvhosts%2Fhaberosmaniye.com%2Fhttpdocs%2Fvendor%2Fnesbot%2Fcarbon%2Fsrc%2FCarbon%2FLang%2Fen_RW.php&loknya=%2Fvar%2Fwww%2Fvhosts%2Fhaberosmaniye.com%2Fhttpdocs%2Fvendor%2Fnesbot%2Fcarbon%2Fsrc%2FCarbon%2FLang HTTP/1.1" 200 46101 "-" "Mozilla/5.0 AppleWebKit/537.36 (KHTML, like Gecko; compatible; ClaudeBot/1.0; +claudebot@anthropic.com)"
162.159.115.25 - - [17/Jun/2026:03:29:02 +0300] "GET /images/galeriresim/2026/06/1781576396194.php?lokasie=%2Fvar%2Fwww%2Fvhosts%2Fhaberosmaniye.com%2Fhttpdocs%2Fvendor%2Fnesbot%2Fcarbon%2Fsrc%2FCarbon%2FLang%2Far_OM.php&loknya=%2Fvar%2Fwww%2Fvhosts%2Fhaberosmaniye.com%2Fhttpdocs%2Fvendor%2Fnesbot%2Fcarbon%2Fsrc%2FCarbon%2FLang HTTP/1.1" 200 47798 "-" "Mozilla/5.0 AppleWebKit/537.36 (KHTML, like Gecko; compatible; ClaudeBot/1.0; +claudebot@anthropic.com)"
162.159.115.25 - - [17/Jun/2026:03:29:02 +0300] "GET /images/galeriresim/2026/06/1781576396194.php?lokasie=%2Fvar%2Fwww%2Fvhosts%2Fhaberosmaniye.com%2Fhttpdocs%2Fvendor%2Fnesbot%2Fcarbon%2Fsrc%2FCarbon%2FLang%2Fsah_RU.php&loknya=%2Fvar%2Fwww%2Fvhosts%2Fhaberosmaniye.com%2Fhttpdocs%2Fvendor%2Fnesbot%2Fcarbon%2Fsrc%2FCarbon%2FLang HTTP/1.1" 200 47068 "-" "Mozilla/5.0 AppleWebKit/537.36 (KHTML, like Gecko; compatible; ClaudeBot/1.0; +claudebot@anthropic.com)"
172.71.126.106 - - [17/Jun/2026:03:29:03 +0300] "GET /haber/malatya-battalgazide-sosyal-tesisler-aciliyor-2133 HTTP/1.1" 500 3973 "-" "Mozilla/5.0 (compatible; MJ12bot/v1.4.8; http://mj12bot.com/)"
104.23.229.48 - - [17/Jun/2026:03:29:02 +0300] "GET /haber/kultur-ve-turizm-mudurlugu-hizmet-binasi-tasindi-6202 HTTP/1.1" 200 122378 "-" "Mozilla/5.0 (compatible; Barkrowler/0.9; +https://babbar.tech/crawler)"
162.159.115.25 - - [17/Jun/2026:03:29:03 +0300] "GET /images/galeriresim/2026/06/1781576396194.php?lokasie=%2Fvar%2Fwww%2Fvhosts%2Fhaberosmaniye.com%2Fhttpdocs%2Fvendor%2Fnesbot%2Fcarbon%2Fsrc%2FCarbon%2FLang%2Fzh_Hans_SG.php&loknya=%2Fvar%2Fwww%2Fvhosts%2Fhaberosmaniye.com%2Fhttpdocs%2Fvendor%2Fnesbot%2Fcarbon%2Fsrc%2FCarbon%2FLang HTTP/1.1" 200 46047 "-" "Mozilla/5.0 AppleWebKit/537.36 (KHTML, like Gecko; compatible; ClaudeBot/1.0; +claudebot@anthropic.com)"
162.159.115.25 - - [17/Jun/2026:03:29:03 +0300] "GET /images/galeriresim/2026/06/1781576396194.php?lokasie=%2Fvar%2Fwww%2Fvhosts%2Fhaberosmaniye.com%2Fhttpdocs%2Fvendor%2Fnesbot%2Fcarbon%2Fsrc%2FCarbon%2FLang%2Fagr.php&loknya=%2Fvar%2Fwww%2Fvhosts%2Fhaberosmaniye.com%2Fhttpdocs%2Fvendor%2Fnesbot%2Fcarbon%2Fsrc%2FCarbon%2FLang HTTP/1.1" 200 46103 "-" "Mozilla/5.0 AppleWebKit/537.36 (KHTML, like Gecko; compatible; ClaudeBot/1.0; +claudebot@anthropic.com)"
162.159.115.25 - - [17/Jun/2026:03:29:04 +0300] "GET /images/galeriresim/2026/06/1781576396194.php?lokasie=%2Fvar%2Fwww%2Fvhosts%2Fhaberosmaniye.com%2Fhttpdocs%2Fvendor%2Fnesbot%2Fcarbon%2Fsrc%2FCarbon%2FLang%2Fgsw.php&loknya=%2Fvar%2Fwww%2Fvhosts%2Fhaberosmaniye.com%2Fhttpdocs%2Fvendor%2Fnesbot%2Fcarbon%2Fsrc%2FCarbon%2FLang HTTP/1.1" 200 47397 "-" "Mozilla/5.0 AppleWebKit/537.36 (KHTML, like Gecko; compatible; ClaudeBot/1.0; +claudebot@anthropic.com)"
172.71.126.106 - - [17/Jun/2026:03:29:04 +0300] "GET /haber/malatya-milletvekili-kahtali-eyle-plani-turkiye-icin-bir-milat-2154 HTTP/1.1" 500 3973 "-" "Mozilla/5.0 (compatible; MJ12bot/v1.4.8; http://mj12bot.com/)"
162.159.115.25 - - [17/Jun/2026:03:29:04 +0300] "GET /images/galeriresim/2026/06/1781576396194.php?lokasie=%2Fvar%2Fwww%2Fvhosts%2Fhaberosmaniye.com%2Fhttpdocs%2Fvendor%2Fnesbot%2Fcarbon%2Fsrc%2FCarbon%2FLang%2Ffr_MG.php&loknya=%2Fvar%2Fwww%2Fvhosts%2Fhaberosmaniye.com%2Fhttpdocs%2Fvendor%2Fnesbot%2Fcarbon%2Fsrc%2FCarbon%2FLang HTTP/1.1" 200 46038 "-" "Mozilla/5.0 AppleWebKit/537.36 (KHTML, like Gecko; compatible; ClaudeBot/1.0; +claudebot@anthropic.com)"
162.159.115.25 - - [17/Jun/2026:03:29:05 +0300] "GET /images/galeriresim/2026/06/1781576396194.php?lokasie=%2Fvar%2Fwww%2Fvhosts%2Fhaberosmaniye.com%2Fhttpdocs%2Fvendor%2Fnesbot%2Fcarbon%2Fsrc%2FCarbon%2FLang%2Fsbp.php&loknya=%2Fvar%2Fwww%2Fvhosts%2Fhaberosmaniye.com%2Fhttpdocs%2Fvendor%2Fnesbot%2Fcarbon%2Fsrc%2FCarbon%2FLang HTTP/1.1" 200 46934 "-" "Mozilla/5.0 AppleWebKit/537.36 (KHTML, like Gecko; compatible; ClaudeBot/1.0; +claudebot@anthropic.com)"
162.159.115.25 - - [17/Jun/2026:03:29:05 +0300] "GET /images/galeriresim/2026/06/1781576396194.php?lokasie=%2Fvar%2Fwww%2Fvhosts%2Fhaberosmaniye.com%2Fhttpdocs%2Fvendor%2Fnesbot%2Fcarbon%2Fsrc%2FCarbon%2FLang%2Fja_JP.php&loknya=%2Fvar%2Fwww%2Fvhosts%2Fhaberosmaniye.com%2Fhttpdocs%2Fvendor%2Fnesbot%2Fcarbon%2Fsrc%2FCarbon%2FLang HTTP/1.1" 200 46037 "-" "Mozilla/5.0 AppleWebKit/537.36 (KHTML, like Gecko; compatible; ClaudeBot/1.0; +claudebot@anthropic.com)"
172.69.222.79 - - [17/Jun/2026:03:29:06 +0300] "GET /haber/burdurda-cikan-yanginda-6-ozel-halk-otobusu-zarar-gordu-21878 HTTP/1.1" 200 124095 "-" "Mozilla/5.0 (compatible; IbouBot/1.0; +bot@ibou.io; +https://ibou.io/iboubot.html)"
162.159.115.25 - - [17/Jun/2026:03:29:06 +0300] "GET /images/galeriresim/2026/06/1781576396194.php?lokasie=%2Fvar%2Fwww%2Fvhosts%2Fhaberosmaniye.com%2Fhttpdocs%2Fvendor%2Fnesbot%2Fcarbon%2Fsrc%2FCarbon%2FLang%2Ftet.php&loknya=%2Fvar%2Fwww%2Fvhosts%2Fhaberosmaniye.com%2Fhttpdocs%2Fvendor%2Fnesbot%2Fcarbon%2Fsrc%2FCarbon%2FLang HTTP/1.1" 200 48123 "-" "Mozilla/5.0 AppleWebKit/537.36 (KHTML, like Gecko; compatible; ClaudeBot/1.0; +claudebot@anthropic.com)"
172.71.126.106 - - [17/Jun/2026:03:29:06 +0300] "GET /haber/malatyada-arapgirli-muhtarlardan-baskan-gurkana-tesekkur-ziyareti-2135 HTTP/1.1" 500 3967 "-" "Mozilla/5.0 (compatible; MJ12bot/v1.4.8; http://mj12bot.com/)"
162.159.115.25 - - [17/Jun/2026:03:29:06 +0300] "GET /images/galeriresim/2026/06/1781576396194.php?lokasie=%2Fvar%2Fwww%2Fvhosts%2Fhaberosmaniye.com%2Fhttpdocs%2Fvendor%2Fnesbot%2Fcarbon%2Fsrc%2FCarbon%2FLang%2Ftig.php&loknya=%2Fvar%2Fwww%2Fvhosts%2Fhaberosmaniye.com%2Fhttpdocs%2Fvendor%2Fnesbot%2Fcarbon%2Fsrc%2FCarbon%2FLang HTTP/1.1" 200 46103 "-" "Mozilla/5.0 AppleWebKit/537.36 (KHTML, like Gecko; compatible; ClaudeBot/1.0; +claudebot@anthropic.com)"
172.70.193.198 - - [17/Jun/2026:03:29:07 +0300] "GET /etiketler/basin-mensuplari-haberleri HTTP/1.1" 200 56553 "-" "Mozilla/5.0 (Linux; Android 6.0; Nexus 5 Build/MRA58N) AppleWebKit/537.36 (KHTML, like Gecko) Chrome/65.0.3325.181 Mobile Safari/537.36"
162.159.115.25 - - [17/Jun/2026:03:29:07 +0300] "GET /images/galeriresim/2026/06/1781576396194.php?lokasie=%2Fvar%2Fwww%2Fvhosts%2Fhaberosmaniye.com%2Fhttpdocs%2Fvendor%2Fnesbot%2Fcarbon%2Fsrc%2FCarbon%2FLang%2Fmk_MK.php&loknya=%2Fvar%2Fwww%2Fvhosts%2Fhaberosmaniye.com%2Fhttpdocs%2Fvendor%2Fnesbot%2Fcarbon%2Fsrc%2FCarbon%2FLang HTTP/1.1" 200 46037 "-" "Mozilla/5.0 AppleWebKit/537.36 (KHTML, like Gecko; compatible; ClaudeBot/1.0; +claudebot@anthropic.com)"
162.159.115.25 - - [17/Jun/2026:03:29:07 +0300] "GET /images/galeriresim/2026/06/1781576396194.php?lokasie=%2Fvar%2Fwww%2Fvhosts%2Fhaberosmaniye.com%2Fhttpdocs%2Fvendor%2Fnesbot%2Fcarbon%2Fsrc%2FCarbon%2FLang%2Fug_CN.php&loknya=%2Fvar%2Fwww%2Fvhosts%2Fhaberosmaniye.com%2Fhttpdocs%2Fvendor%2Fnesbot%2Fcarbon%2Fsrc%2FCarbon%2FLang HTTP/1.1" 200 46092 "-" "Mozilla/5.0 AppleWebKit/537.36 (KHTML, like Gecko; compatible; ClaudeBot/1.0; +claudebot@anthropic.com)"
162.159.115.25 - - [17/Jun/2026:03:29:08 +0300] "GET /images/galeriresim/2026/06/1781576396194.php?lokasie=%2Fvar%2Fwww%2Fvhosts%2Fhaberosmaniye.com%2Fhttpdocs%2Fvendor%2Fnesbot%2Fcarbon%2Fsrc%2FCarbon%2FLang%2Fig_NG.php&loknya=%2Fvar%2Fwww%2Fvhosts%2Fhaberosmaniye.com%2Fhttpdocs%2Fvendor%2Fnesbot%2Fcarbon%2Fsrc%2FCarbon%2FLang HTTP/1.1" 200 47504 "-" "Mozilla/5.0 AppleWebKit/537.36 (KHTML, like Gecko; compatible; ClaudeBot/1.0; +claudebot@anthropic.com)"
172.70.193.194 - - [17/Jun/2026:03:29:08 +0300] "GET /images/tn/2025/08/osmaniyespor-baskani-basin-mensuplariyla-bulustu-1755258281.jpg HTTP/1.1" 200 22266 "https://www.haberosmaniye.com/etiketler/basin-mensuplari-haberleri" "Mozilla/5.0 (Linux; Android 6.0; Nexus 5 Build/MRA58N) AppleWebKit/537.36 (KHTML, like Gecko) Chrome/65.0.3325.181 Mobile Safari/537.36"
172.70.193.188 - - [17/Jun/2026:03:29:08 +0300] "GET /images/tn/2024/12/chp-il-yonetimi-basin-mensuplariyla-bulustu-1734100678.jpg HTTP/1.1" 200 28920 "https://www.haberosmaniye.com/etiketler/basin-mensuplari-haberleri" "Mozilla/5.0 (Linux; Android 6.0; Nexus 5 Build/MRA58N) AppleWebKit/537.36 (KHTML, like Gecko) Chrome/65.0.3325.181 Mobile Safari/537.36"
172.70.193.182 - - [17/Jun/2026:03:29:08 +0300] "GET /images/tn/2023/08/otb-basin-mensuplariyla-kahvaltida-bulustu-1691591281.jpeg HTTP/1.1" 200 27465 "https://www.haberosmaniye.com/etiketler/basin-mensuplari-haberleri" "Mozilla/5.0 (Linux; Android 6.0; Nexus 5 Build/MRA58N) AppleWebKit/537.36 (KHTML, like Gecko) Chrome/65.0.3325.181 Mobile Safari/537.36"
172.70.193.209 - - [17/Jun/2026:03:29:08 +0300] "GET /images/tn/2024/01/ertug-10-ocak-gazeteciler-gununu-kutladi-1704811402.jpg HTTP/1.1" 200 23328 "https://www.haberosmaniye.com/etiketler/basin-mensuplari-haberleri" "Mozilla/5.0 (Linux; Android 6.0; Nexus 5 Build/MRA58N) AppleWebKit/537.36 (KHTML, like Gecko) Chrome/65.0.3325.181 Mobile Safari/537.36"
172.70.193.201 - - [17/Jun/2026:03:29:08 +0300] "GET /images/tn/2023/12/ertug-basin-mensuplariyla-bir-araya-geldi-1703943653.jpg HTTP/1.1" 200 27037 "https://www.haberosmaniye.com/etiketler/basin-mensuplari-haberleri" "Mozilla/5.0 (Linux; Android 6.0; Nexus 5 Build/MRA58N) AppleWebKit/537.36 (KHTML, like Gecko) Chrome/65.0.3325.181 Mobile Safari/537.36"
172.70.193.162 - - [17/Jun/2026:03:29:08 +0300] "GET /images/tn/2023/11/bik-genel-muduru-erkilinc-osmaniyeyi-ziyaret-etti-1698848004.jpg HTTP/1.1" 200 23825 "https://www.haberosmaniye.com/etiketler/basin-mensuplari-haberleri" "Mozilla/5.0 (Linux; Android 6.0; Nexus 5 Build/MRA58N) AppleWebKit/537.36 (KHTML, like Gecko) Chrome/65.0.3325.181 Mobile Safari/537.36"
172.70.193.158 - - [17/Jun/2026:03:29:08 +0300] "GET /images/tn/2024/02/baskan-adayi-ertugdan-profesyonel-adimlar-projesi-1707834042.jpg HTTP/1.1" 200 28479 "https://www.haberosmaniye.com/etiketler/basin-mensuplari-haberleri" "Mozilla/5.0 (Linux; Android 6.0; Nexus 5 Build/MRA58N) AppleWebKit/537.36 (KHTML, like Gecko) Chrome/65.0.3325.181 Mobile Safari/537.36"
172.70.178.47 - - [17/Jun/2026:03:29:08 +0300] "GET /haber/osmaniyede-bisiklet-motosiklet-hirsizligi-kamerada-6666 HTTP/1.1" 200 123195 "-" "Mozilla/5.0 (Windows NT 10.0; Win64; x64) AppleWebKit/537.36 (KHTML, like Gecko) Chrome/78.0.3904.108 Safari/537.36"
162.159.115.25 - - [17/Jun/2026:03:29:08 +0300] "GET /images/galeriresim/2026/06/1781576396194.php?lokasie=%2Fvar%2Fwww%2Fvhosts%2Fhaberosmaniye.com%2Fhttpdocs%2Fvendor%2Fnesbot%2Fcarbon%2Fsrc%2FCarbon%2FLang%2Ftg.php&loknya=%2Fvar%2Fwww%2Fvhosts%2Fhaberosmaniye.com%2Fhttpdocs%2Fvendor%2Fnesbot%2Fcarbon%2Fsrc%2FCarbon%2FLang HTTP/1.1" 200 49541 "-" "Mozilla/5.0 AppleWebKit/537.36 (KHTML, like Gecko; compatible; ClaudeBot/1.0; +claudebot@anthropic.com)"
162.159.115.25 - - [17/Jun/2026:03:29:09 +0300] "GET /images/galeriresim/2026/06/1781576396194.php?lokasie=%2Fvar%2Fwww%2Fvhosts%2Fhaberosmaniye.com%2Fhttpdocs%2Fvendor%2Fnesbot%2Fcarbon%2Fsrc%2FCarbon%2FLang%2Fen_VG.php&loknya=%2Fvar%2Fwww%2Fvhosts%2Fhaberosmaniye.com%2Fhttpdocs%2Fvendor%2Fnesbot%2Fcarbon%2Fsrc%2FCarbon%2FLang HTTP/1.1" 200 46101 "-" "Mozilla/5.0 AppleWebKit/537.36 (KHTML, like Gecko; compatible; ClaudeBot/1.0; +claudebot@anthropic.com)"
104.23.197.177 - - [17/Jun/2026:03:29:10 +0300] "GET /images/galeriresim/2026/06/1781576396194.php?lokasie=%2Fvar%2Fwww%2Fvhosts%2Fhaberosmaniye.com%2Fhttpdocs%2Fvendor%2Fnesbot%2Fcarbon%2Fsrc%2FCarbon%2FLang%2Fyue.php&loknya=%2Fvar%2Fwww%2Fvhosts%2Fhaberosmaniye.com%2Fhttpdocs%2Fvendor%2Fnesbot%2Fcarbon%2Fsrc%2FCarbon%2FLang HTTP/1.1" 200 46103 "-" "Mozilla/5.0 AppleWebKit/537.36 (KHTML, like Gecko; compatible; ClaudeBot/1.0; +claudebot@anthropic.com)"
104.23.197.177 - - [17/Jun/2026:03:29:11 +0300] "GET /images/galeriresim/2026/06/1781576396194.php?lokasie=%2Fvar%2Fwww%2Fvhosts%2Fhaberosmaniye.com%2Fhttpdocs%2Fvendor%2Fnesbot%2Fcarbon%2Fsrc%2FCarbon%2FLang%2Far_SY.php&loknya=%2Fvar%2Fwww%2Fvhosts%2Fhaberosmaniye.com%2Fhttpdocs%2Fvendor%2Fnesbot%2Fcarbon%2Fsrc%2FCarbon%2FLang HTTP/1.1" 200 47911 "-" "Mozilla/5.0 AppleWebKit/537.36 (KHTML, like Gecko; compatible; ClaudeBot/1.0; +claudebot@anthropic.com)"
104.23.197.177 - - [17/Jun/2026:03:29:11 +0300] "GET /images/galeriresim/2026/06/1781576396194.php?lokasie=%2Fvar%2Fwww%2Fvhosts%2Fhaberosmaniye.com%2Fhttpdocs%2Fvendor%2Fnesbot%2Fcarbon%2Fsrc%2FCarbon%2FLang%2Fdz_BT.php&loknya=%2Fvar%2Fwww%2Fvhosts%2Fhaberosmaniye.com%2Fhttpdocs%2Fvendor%2Fnesbot%2Fcarbon%2Fsrc%2FCarbon%2FLang HTTP/1.1" 200 48230 "-" "Mozilla/5.0 AppleWebKit/537.36 (KHTML, like Gecko; compatible; ClaudeBot/1.0; +claudebot@anthropic.com)"
104.23.197.37 - - [17/Jun/2026:03:29:12 +0300] "GET /images/galeriresim/2026/06/1781576396194.php?lokasie=%2Fvar%2Fwww%2Fvhosts%2Fhaberosmaniye.com%2Fhttpdocs%2Fvendor%2Fnesbot%2Fcarbon%2Fsrc%2FCarbon%2FLang%2Far_KM.php&loknya=%2Fvar%2Fwww%2Fvhosts%2Fhaberosmaniye.com%2Fhttpdocs%2Fvendor%2Fnesbot%2Fcarbon%2Fsrc%2FCarbon%2FLang HTTP/1.1" 200 46066 "-" "Mozilla/5.0 AppleWebKit/537.36 (KHTML, like Gecko; compatible; ClaudeBot/1.0; +claudebot@anthropic.com)"
104.23.197.177 - - [17/Jun/2026:03:29:12 +0300] "GET /images/galeriresim/2026/06/1781576396194.php?lokasie=%2Fvar%2Fwww%2Fvhosts%2Fhaberosmaniye.com%2Fhttpdocs%2Fvendor%2Fnesbot%2Fcarbon%2Fsrc%2FCarbon%2FLang%2Fes_GT.php&loknya=%2Fvar%2Fwww%2Fvhosts%2Fhaberosmaniye.com%2Fhttpdocs%2Fvendor%2Fnesbot%2Fcarbon%2Fsrc%2FCarbon%2FLang HTTP/1.1" 200 46199 "-" "Mozilla/5.0 AppleWebKit/537.36 (KHTML, like Gecko; compatible; ClaudeBot/1.0; +claudebot@anthropic.com)"
104.23.197.37 - - [17/Jun/2026:03:29:13 +0300] "GET /images/galeriresim/2026/06/1781576396194.php?lokasie=%2Fvar%2Fwww%2Fvhosts%2Fhaberosmaniye.com%2Fhttpdocs%2Fvendor%2Fnesbot%2Fcarbon%2Fsrc%2FCarbon%2FLang%2Fik_CA.php&loknya=%2Fvar%2Fwww%2Fvhosts%2Fhaberosmaniye.com%2Fhttpdocs%2Fvendor%2Fnesbot%2Fcarbon%2Fsrc%2FCarbon%2FLang HTTP/1.1" 200 47651 "-" "Mozilla/5.0 AppleWebKit/537.36 (KHTML, like Gecko; compatible; ClaudeBot/1.0; +claudebot@anthropic.com)"
104.23.197.177 - - [17/Jun/2026:03:29:13 +0300] "GET /images/galeriresim/2026/06/1781576396194.php?lokasie=%2Fvar%2Fwww%2Fvhosts%2Fhaberosmaniye.com%2Fhttpdocs%2Fvendor%2Fnesbot%2Fcarbon%2Fsrc%2FCarbon%2FLang%2Fnan_TW.php&loknya=%2Fvar%2Fwww%2Fvhosts%2Fhaberosmaniye.com%2Fhttpdocs%2Fvendor%2Fnesbot%2Fcarbon%2Fsrc%2FCarbon%2FLang HTTP/1.1" 200 47552 "-" "Mozilla/5.0 AppleWebKit/537.36 (KHTML, like Gecko; compatible; ClaudeBot/1.0; +claudebot@anthropic.com)"
104.23.197.37 - - [17/Jun/2026:03:29:14 +0300] "GET /images/galeriresim/2026/06/1781576396194.php?lokasie=%2Fvar%2Fwww%2Fvhosts%2Fhaberosmaniye.com%2Fhttpdocs%2Fvendor%2Fnesbot%2Fcarbon%2Fsrc%2FCarbon%2FLang%2Ffr_VU.php&loknya=%2Fvar%2Fwww%2Fvhosts%2Fhaberosmaniye.com%2Fhttpdocs%2Fvendor%2Fnesbot%2Fcarbon%2Fsrc%2FCarbon%2FLang HTTP/1.1" 200 46312 "-" "Mozilla/5.0 AppleWebKit/537.36 (KHTML, like Gecko; compatible; ClaudeBot/1.0; +claudebot@anthropic.com)"
104.23.197.177 - - [17/Jun/2026:03:29:14 +0300] "GET /images/galeriresim/2026/06/1781576396194.php?lokasie=%2Fvar%2Fwww%2Fvhosts%2Fhaberosmaniye.com%2Fhttpdocs%2Fvendor%2Fnesbot%2Fcarbon%2Fsrc%2FCarbon%2FLang%2Fsr_Latn.php&loknya=%2Fvar%2Fwww%2Fvhosts%2Fhaberosmaniye.com%2Fhttpdocs%2Fvendor%2Fnesbot%2Fcarbon%2Fsrc%2FCarbon%2FLang HTTP/1.1" 200 46040 "-" "Mozilla/5.0 AppleWebKit/537.36 (KHTML, like Gecko; compatible; ClaudeBot/1.0; +claudebot@anthropic.com)"
104.23.197.177 - - [17/Jun/2026:03:29:15 +0300] "GET /images/galeriresim/2026/06/1781576396194.php?lokasie=%2Fvar%2Fwww%2Fvhosts%2Fhaberosmaniye.com%2Fhttpdocs%2Fvendor%2Fnesbot%2Fcarbon%2Fsrc%2FCarbon%2FLang%2Far_IN.php&loknya=%2Fvar%2Fwww%2Fvhosts%2Fhaberosmaniye.com%2Fhttpdocs%2Fvendor%2Fnesbot%2Fcarbon%2Fsrc%2FCarbon%2FLang HTTP/1.1" 200 46910 "-" "Mozilla/5.0 AppleWebKit/537.36 (KHTML, like Gecko; compatible; ClaudeBot/1.0; +claudebot@anthropic.com)"
104.23.197.177 - - [17/Jun/2026:03:29:15 +0300] "GET /images/galeriresim/2026/06/1781576396194.php?lokasie=%2Fvar%2Fwww%2Fvhosts%2Fhaberosmaniye.com%2Fhttpdocs%2Fvendor%2Fnesbot%2Fcarbon%2Fsrc%2FCarbon%2FLang%2Fquz.php&loknya=%2Fvar%2Fwww%2Fvhosts%2Fhaberosmaniye.com%2Fhttpdocs%2Fvendor%2Fnesbot%2Fcarbon%2Fsrc%2FCarbon%2FLang HTTP/1.1" 200 46103 "-" "Mozilla/5.0 AppleWebKit/537.36 (KHTML, like Gecko; compatible; ClaudeBot/1.0; +claudebot@anthropic.com)"
172.71.126.106 - - [17/Jun/2026:03:29:15 +0300] "GET /haber/malatyada-esnaf-ilk-gununde-kendini-denetledi-2153 HTTP/1.1" 500 3969 "-" "Mozilla/5.0 (compatible; MJ12bot/v1.4.8; http://mj12bot.com/)"
104.23.197.177 - - [17/Jun/2026:03:29:16 +0300] "GET /images/galeriresim/2026/06/1781576396194.php?lokasie=%2Fvar%2Fwww%2Fvhosts%2Fhaberosmaniye.com%2Fhttpdocs%2Fvendor%2Fnesbot%2Fcarbon%2Fsrc%2FCarbon%2FLang%2Fti_ET.php&loknya=%2Fvar%2Fwww%2Fvhosts%2Fhaberosmaniye.com%2Fhttpdocs%2Fvendor%2Fnesbot%2Fcarbon%2Fsrc%2FCarbon%2FLang HTTP/1.1" 200 47063 "-" "Mozilla/5.0 AppleWebKit/537.36 (KHTML, like Gecko; compatible; ClaudeBot/1.0; +claudebot@anthropic.com)"
104.23.197.177 - - [17/Jun/2026:03:29:16 +0300] "GET /images/galeriresim/2026/06/1781576396194.php?lokasie=%2Fvar%2Fwww%2Fvhosts%2Fhaberosmaniye.com%2Fhttpdocs%2Fvendor%2Fnesbot%2Fcarbon%2Fsrc%2FCarbon%2FLang%2Fyuw.php&loknya=%2Fvar%2Fwww%2Fvhosts%2Fhaberosmaniye.com%2Fhttpdocs%2Fvendor%2Fnesbot%2Fcarbon%2Fsrc%2FCarbon%2FLang HTTP/1.1" 200 46104 "-" "Mozilla/5.0 AppleWebKit/537.36 (KHTML, like Gecko; compatible; ClaudeBot/1.0; +claudebot@anthropic.com)"
104.23.197.177 - - [17/Jun/2026:03:29:17 +0300] "GET /images/galeriresim/2026/06/1781576396194.php?lokasie=%2Fvar%2Fwww%2Fvhosts%2Fhaberosmaniye.com%2Fhttpdocs%2Fvendor%2Fnesbot%2Fcarbon%2Fsrc%2FCarbon%2FLang%2Fen_NF.php&loknya=%2Fvar%2Fwww%2Fvhosts%2Fhaberosmaniye.com%2Fhttpdocs%2Fvendor%2Fnesbot%2Fcarbon%2Fsrc%2FCarbon%2FLang HTTP/1.1" 200 46100 "-" "Mozilla/5.0 AppleWebKit/537.36 (KHTML, like Gecko; compatible; ClaudeBot/1.0; +claudebot@anthropic.com)"
104.23.197.177 - - [17/Jun/2026:03:29:17 +0300] "GET /images/galeriresim/2026/06/1781576396194.php?lokasie=%2Fvar%2Fwww%2Fvhosts%2Fhaberosmaniye.com%2Fhttpdocs%2Fvendor%2Fnesbot%2Fcarbon%2Fsrc%2FCarbon%2FLang%2Fel_CY.php&loknya=%2Fvar%2Fwww%2Fvhosts%2Fhaberosmaniye.com%2Fhttpdocs%2Fvendor%2Fnesbot%2Fcarbon%2Fsrc%2FCarbon%2FLang HTTP/1.1" 200 46216 "-" "Mozilla/5.0 AppleWebKit/537.36 (KHTML, like Gecko; compatible; ClaudeBot/1.0; +claudebot@anthropic.com)"
172.71.126.106 - - [17/Jun/2026:03:29:17 +0300] "GET /haber/malatyada-muhasebeciler-odasindan-baskan-gurkana-ziyaret-2134 HTTP/1.1" 500 3971 "-" "Mozilla/5.0 (compatible; MJ12bot/v1.4.8; http://mj12bot.com/)"
172.71.232.66 - - [17/Jun/2026:03:29:17 +0300] "GET /haber/araci-kurum-seciminin-yatirim-uzerindeki-etkisi-nedir-24310 HTTP/1.1" 200 127694 "-" "Mozilla/5.0 (compatible; IbouBot/1.0; +bot@ibou.io; +https://ibou.io/iboubot.html)"
104.23.197.177 - - [17/Jun/2026:03:29:18 +0300] "GET /images/galeriresim/2026/06/1781576396194.php?lokasie=%2Fvar%2Fwww%2Fvhosts%2Fhaberosmaniye.com%2Fhttpdocs%2Fvendor%2Fnesbot%2Fcarbon%2Fsrc%2FCarbon%2FLang%2Fha_NG.php&loknya=%2Fvar%2Fwww%2Fvhosts%2Fhaberosmaniye.com%2Fhttpdocs%2Fvendor%2Fnesbot%2Fcarbon%2Fsrc%2FCarbon%2FLang HTTP/1.1" 200 46037 "-" "Mozilla/5.0 AppleWebKit/537.36 (KHTML, like Gecko; compatible; ClaudeBot/1.0; +claudebot@anthropic.com)"
104.23.197.177 - - [17/Jun/2026:03:29:18 +0300] "GET /images/galeriresim/2026/06/1781576396194.php?lokasie=%2Fvar%2Fwww%2Fvhosts%2Fhaberosmaniye.com%2Fhttpdocs%2Fvendor%2Fnesbot%2Fcarbon%2Fsrc%2FCarbon%2FLang%2Fen_MW.php&loknya=%2Fvar%2Fwww%2Fvhosts%2Fhaberosmaniye.com%2Fhttpdocs%2Fvendor%2Fnesbot%2Fcarbon%2Fsrc%2FCarbon%2FLang HTTP/1.1" 200 46100 "-" "Mozilla/5.0 AppleWebKit/537.36 (KHTML, like Gecko; compatible; ClaudeBot/1.0; +claudebot@anthropic.com)"
172.71.232.66 - - [17/Jun/2026:03:29:18 +0300] "GET /haber/dr-oranlinin-adana-kitabi-odule-layik-goruldu-10127 HTTP/1.1" 200 124374 "-" "Mozilla/5.0 (compatible; Barkrowler/0.9; +https://babbar.tech/crawler)"
172.68.164.46 - - [17/Jun/2026:03:29:18 +0300] "GET /ingiltere-basbakani-johnson-gizli-torenle-evlendi/amp/ HTTP/1.1" 301 2707 "https://www.haberosmaniye.com/kocaelide-derslere-uzaktan-baglama/amp/" "Mozilla/5.0 (Linux; Android 7.0;) AppleWebKit/537.36 (HTML, like Gecko) Mobile Safari/537.36 (compatible; PetalBot;+https://webmaster.petalsearch.com/site/petalbot)"
104.23.197.177 - - [17/Jun/2026:03:29:19 +0300] "GET /images/galeriresim/2026/06/1781576396194.php?lokasie=%2Fvar%2Fwww%2Fvhosts%2Fhaberosmaniye.com%2Fhttpdocs%2Fvendor%2Fnesbot%2Fcarbon%2Fsrc%2FCarbon%2FLang%2Far_IQ.php&loknya=%2Fvar%2Fwww%2Fvhosts%2Fhaberosmaniye.com%2Fhttpdocs%2Fvendor%2Fnesbot%2Fcarbon%2Fsrc%2FCarbon%2FLang HTTP/1.1" 200 47912 "-" "Mozilla/5.0 AppleWebKit/537.36 (KHTML, like Gecko; compatible; ClaudeBot/1.0; +claudebot@anthropic.com)"
172.71.126.106 - - [17/Jun/2026:03:29:19 +0300] "GET /haber/malatyadan-100-ulkeye-90-bin-ton-kayisi-ihrac-edildi-2152 HTTP/1.1" 500 3967 "-" "Mozilla/5.0 (compatible; MJ12bot/v1.4.8; http://mj12bot.com/)"
104.23.197.177 - - [17/Jun/2026:03:29:19 +0300] "GET /images/galeriresim/2026/06/1781576396194.php?lokasie=%2Fvar%2Fwww%2Fvhosts%2Fhaberosmaniye.com%2Fhttpdocs%2Fvendor%2Fnesbot%2Fcarbon%2Fsrc%2FCarbon%2FLang%2Fagq.php&loknya=%2Fvar%2Fwww%2Fvhosts%2Fhaberosmaniye.com%2Fhttpdocs%2Fvendor%2Fnesbot%2Fcarbon%2Fsrc%2FCarbon%2FLang HTTP/1.1" 200 47132 "-" "Mozilla/5.0 AppleWebKit/537.36 (KHTML, like Gecko; compatible; ClaudeBot/1.0; +claudebot@anthropic.com)"
172.69.176.123 - - [17/Jun/2026:03:29:19 +0300] "GET /public/ingiltere-basbakani-johnson-gizli-torenle-evlendi/amp HTTP/1.1" 302 2840 "https://www.haberosmaniye.com/kocaelide-derslere-uzaktan-baglama/amp/" "Mozilla/5.0 (Linux; Android 7.0;) AppleWebKit/537.36 (HTML, like Gecko) Mobile Safari/537.36 (compatible; PetalBot;+https://webmaster.petalsearch.com/site/petalbot)"
104.23.197.177 - - [17/Jun/2026:03:29:20 +0300] "GET /images/galeriresim/2026/06/1781576396194.php?lokasie=%2Fvar%2Fwww%2Fvhosts%2Fhaberosmaniye.com%2Fhttpdocs%2Fvendor%2Fnesbot%2Fcarbon%2Fsrc%2FCarbon%2FLang%2Fcv_RU.php&loknya=%2Fvar%2Fwww%2Fvhosts%2Fhaberosmaniye.com%2Fhttpdocs%2Fvendor%2Fnesbot%2Fcarbon%2Fsrc%2FCarbon%2FLang HTTP/1.1" 200 46038 "-" "Mozilla/5.0 AppleWebKit/537.36 (KHTML, like Gecko; compatible; ClaudeBot/1.0; +claudebot@anthropic.com)"
104.23.197.177 - - [17/Jun/2026:03:29:20 +0300] "GET /images/galeriresim/2026/06/1781576396194.php?lokasie=%2Fvar%2Fwww%2Fvhosts%2Fhaberosmaniye.com%2Fhttpdocs%2Fvendor%2Fnesbot%2Fcarbon%2Fsrc%2FCarbon%2FLang%2Fen_US.php&loknya=%2Fvar%2Fwww%2Fvhosts%2Fhaberosmaniye.com%2Fhttpdocs%2Fvendor%2Fnesbot%2Fcarbon%2Fsrc%2FCarbon%2FLang HTTP/1.1" 200 46037 "-" "Mozilla/5.0 AppleWebKit/537.36 (KHTML, like Gecko; compatible; ClaudeBot/1.0; +claudebot@anthropic.com)"
162.158.162.105 - - [17/Jun/2026:03:29:20 +0300] "GET /public/404 HTTP/1.1" 302 3448 "https://www.haberosmaniye.com/kocaelide-derslere-uzaktan-baglama/amp/" "Mozilla/5.0 (Linux; Android 7.0;) AppleWebKit/537.36 (HTML, like Gecko) Mobile Safari/537.36 (compatible; PetalBot;+https://webmaster.petalsearch.com/site/petalbot)"
104.23.197.177 - - [17/Jun/2026:03:29:21 +0300] "GET /images/galeriresim/2026/06/1781576396194.php?lokasie=%2Fvar%2Fwww%2Fvhosts%2Fhaberosmaniye.com%2Fhttpdocs%2Fvendor%2Fnesbot%2Fcarbon%2Fsrc%2FCarbon%2FLang%2Far_BH.php&loknya=%2Fvar%2Fwww%2Fvhosts%2Fhaberosmaniye.com%2Fhttpdocs%2Fvendor%2Fnesbot%2Fcarbon%2Fsrc%2FCarbon%2FLang HTTP/1.1" 200 47797 "-" "Mozilla/5.0 AppleWebKit/537.36 (KHTML, like Gecko; compatible; ClaudeBot/1.0; +claudebot@anthropic.com)"
172.71.126.106 - - [17/Jun/2026:03:29:21 +0300] "GET /haber/mudanyada-esnaflara-ucretsiz-antiviral-dezenfektan-2131 HTTP/1.1" 500 3967 "-" "Mozilla/5.0 (compatible; MJ12bot/v1.4.8; http://mj12bot.com/)"
104.23.197.177 - - [17/Jun/2026:03:29:21 +0300] "GET /images/galeriresim/2026/06/1781576396194.php?lokasie=%2Fvar%2Fwww%2Fvhosts%2Fhaberosmaniye.com%2Fhttpdocs%2Fvendor%2Fnesbot%2Fcarbon%2Fsrc%2FCarbon%2FLang%2Far_DZ.php&loknya=%2Fvar%2Fwww%2Fvhosts%2Fhaberosmaniye.com%2Fhttpdocs%2Fvendor%2Fnesbot%2Fcarbon%2Fsrc%2FCarbon%2FLang HTTP/1.1" 200 50459 "-" "Mozilla/5.0 AppleWebKit/537.36 (KHTML, like Gecko; compatible; ClaudeBot/1.0; +claudebot@anthropic.com)"
162.158.107.22 - - [17/Jun/2026:03:29:21 +0300] "GET /public HTTP/1.1" 301 2601 "https://www.haberosmaniye.com/kocaelide-derslere-uzaktan-baglama/amp/" "Mozilla/5.0 (Linux; Android 7.0;) AppleWebKit/537.36 (HTML, like Gecko) Mobile Safari/537.36 (compatible; PetalBot;+https://webmaster.petalsearch.com/site/petalbot)"
104.22.105.51 - - [17/Jun/2026:03:29:22 +0300] "GET /haber/cumhur-ittifaki-uyeleri-didimin-borclarini-sordu-1520 HTTP/1.1" 500 3971 "-" "meta-externalagent/1.1 (+https://developers.facebook.com/docs/sharing/webmasters/crawler)"
104.23.197.177 - - [17/Jun/2026:03:29:22 +0300] "GET /images/galeriresim/2026/06/1781576396194.php?lokasie=%2Fvar%2Fwww%2Fvhosts%2Fhaberosmaniye.com%2Fhttpdocs%2Fvendor%2Fnesbot%2Fcarbon%2Fsrc%2FCarbon%2FLang%2Fbs_Cyrl.php&loknya=%2Fvar%2Fwww%2Fvhosts%2Fhaberosmaniye.com%2Fhttpdocs%2Fvendor%2Fnesbot%2Fcarbon%2Fsrc%2FCarbon%2FLang HTTP/1.1" 200 47118 "-" "Mozilla/5.0 AppleWebKit/537.36 (KHTML, like Gecko; compatible; ClaudeBot/1.0; +claudebot@anthropic.com)"
104.23.197.177 - - [17/Jun/2026:03:29:22 +0300] "GET /images/galeriresim/2026/06/1781576396194.php?lokasie=%2Fvar%2Fwww%2Fvhosts%2Fhaberosmaniye.com%2Fhttpdocs%2Fvendor%2Fnesbot%2Fcarbon%2Fsrc%2FCarbon%2FLang%2Fpa.php&loknya=%2Fvar%2Fwww%2Fvhosts%2Fhaberosmaniye.com%2Fhttpdocs%2Fvendor%2Fnesbot%2Fcarbon%2Fsrc%2FCarbon%2FLang HTTP/1.1" 200 48972 "-" "Mozilla/5.0 AppleWebKit/537.36 (KHTML, like Gecko; compatible; ClaudeBot/1.0; +claudebot@anthropic.com)"
172.71.126.106 - - [17/Jun/2026:03:29:22 +0300] "GET /haber/muftu-ali-cakmak-kadirli-ve-sumbas-ilce-muftulugu-personeliyle-bir-araya-geldi-5817 HTTP/1.1" 500 3965 "-" "Mozilla/5.0 (compatible; MJ12bot/v1.4.8; http://mj12bot.com/)"
172.71.124.216 - - [17/Jun/2026:03:29:22 +0300] "GET /public/ HTTP/1.1" 200 123353 "https://www.haberosmaniye.com/kocaelide-derslere-uzaktan-baglama/amp/" "Mozilla/5.0 (Linux; Android 7.0;) AppleWebKit/537.36 (HTML, like Gecko) Mobile Safari/537.36 (compatible; PetalBot;+https://webmaster.petalsearch.com/site/petalbot)"
104.23.197.177 - - [17/Jun/2026:03:29:23 +0300] "GET /images/galeriresim/2026/06/1781576396194.php?lokasie=%2Fvar%2Fwww%2Fvhosts%2Fhaberosmaniye.com%2Fhttpdocs%2Fvendor%2Fnesbot%2Fcarbon%2Fsrc%2FCarbon%2FLang%2Ftt_RU.php&loknya=%2Fvar%2Fwww%2Fvhosts%2Fhaberosmaniye.com%2Fhttpdocs%2Fvendor%2Fnesbot%2Fcarbon%2Fsrc%2FCarbon%2FLang HTTP/1.1" 200 47397 "-" "Mozilla/5.0 AppleWebKit/537.36 (KHTML, like Gecko; compatible; ClaudeBot/1.0; +claudebot@anthropic.com)"
104.23.197.177 - - [17/Jun/2026:03:29:23 +0300] "GET /images/galeriresim/2026/06/1781576396194.php?lokasie=%2Fvar%2Fwww%2Fvhosts%2Fhaberosmaniye.com%2Fhttpdocs%2Fresources%2Fviews%2Fbackend%2Fdoktorlar%2F%2Fduzenle.blade.php&loknya=%2Fvar%2Fwww%2Fvhosts%2Fhaberosmaniye.com%2Fhttpdocs%2Fresources%2Fviews%2Fbackend%2Fdoktorlar%2F HTTP/1.1" 200 65753 "-" "Mozilla/5.0 AppleWebKit/537.36 (KHTML, like Gecko; compatible; ClaudeBot/1.0; +claudebot@anthropic.com)"
104.23.197.177 - - [17/Jun/2026:03:29:24 +0300] "GET /images/galeriresim/2026/06/1781576396194.php?lokasie=%2Fvar%2Fwww%2Fvhosts%2Fhaberosmaniye.com%2Fhttpdocs%2Fvendor%2Fnesbot%2Fcarbon%2Fsrc%2FCarbon%2FLang%2Fit_SM.php&loknya=%2Fvar%2Fwww%2Fvhosts%2Fhaberosmaniye.com%2Fhttpdocs%2Fvendor%2Fnesbot%2Fcarbon%2Fsrc%2FCarbon%2FLang HTTP/1.1" 200 46038 "-" "Mozilla/5.0 AppleWebKit/537.36 (KHTML, like Gecko; compatible; ClaudeBot/1.0; +claudebot@anthropic.com)"
172.71.126.106 - - [17/Jun/2026:03:29:24 +0300] "GET /haber/muglada-ihracat-yukseliste-2127 HTTP/1.1" 500 3969 "-" "Mozilla/5.0 (compatible; MJ12bot/v1.4.8; http://mj12bot.com/)"
104.23.197.177 - - [17/Jun/2026:03:29:24 +0300] "GET /images/galeriresim/2026/06/1781576396194.php?lokasie=%2Fvar%2Fwww%2Fvhosts%2Fhaberosmaniye.com%2Fhttpdocs%2Fvendor%2Fnesbot%2Fcarbon%2Fsrc%2FCarbon%2FLang%2Fwa.php&loknya=%2Fvar%2Fwww%2Fvhosts%2Fhaberosmaniye.com%2Fhttpdocs%2Fvendor%2Fnesbot%2Fcarbon%2Fsrc%2FCarbon%2FLang HTTP/1.1" 200 46101 "-" "Mozilla/5.0 AppleWebKit/537.36 (KHTML, like Gecko; compatible; ClaudeBot/1.0; +claudebot@anthropic.com)"
104.23.197.177 - - [17/Jun/2026:03:29:25 +0300] "GET /images/galeriresim/2026/06/1781576396194.php?lokasie=%2Fvar%2Fwww%2Fvhosts%2Fhaberosmaniye.com%2Fhttpdocs%2Fvendor%2Fnesbot%2Fcarbon%2Fsrc%2FCarbon%2FLang%2Fanp.php&loknya=%2Fvar%2Fwww%2Fvhosts%2Fhaberosmaniye.com%2Fhttpdocs%2Fvendor%2Fnesbot%2Fcarbon%2Fsrc%2FCarbon%2FLang HTTP/1.1" 200 46104 "-" "Mozilla/5.0 AppleWebKit/537.36 (KHTML, like Gecko; compatible; ClaudeBot/1.0; +claudebot@anthropic.com)"
104.23.197.177 - - [17/Jun/2026:03:29:25 +0300] "GET /images/galeriresim/2026/06/1781576396194.php?lokasie=%2Fvar%2Fwww%2Fvhosts%2Fhaberosmaniye.com%2Fhttpdocs%2Fvendor%2Fnesbot%2Fcarbon%2Fsrc%2FCarbon%2FLang%2Far_YE.php&loknya=%2Fvar%2Fwww%2Fvhosts%2Fhaberosmaniye.com%2Fhttpdocs%2Fvendor%2Fnesbot%2Fcarbon%2Fsrc%2FCarbon%2FLang HTTP/1.1" 200 47764 "-" "Mozilla/5.0 AppleWebKit/537.36 (KHTML, like Gecko; compatible; ClaudeBot/1.0; +claudebot@anthropic.com)"
172.71.191.52 - - [17/Jun/2026:03:29:25 +0300] "GET /amp/adanada-engelliler-icin-ayrilan-alanlara-park-edilen-araclar-kaldirildi-21256 HTTP/1.1" 200 58623 "-" "Mozilla/5.0 (Linux; Android 6.0.1; Nexus 5X Build/MMB29P) AppleWebKit/537.36 (KHTML, like Gecko) Chrome/148.0.7778.96 Mobile Safari/537.36 (compatible; Googlebot/2.1; +http://www.google.com/bot.html)"
104.23.197.177 - - [17/Jun/2026:03:29:26 +0300] "GET /images/galeriresim/2026/06/1781576396194.php?lokasie=%2Fvar%2Fwww%2Fvhosts%2Fhaberosmaniye.com%2Fhttpdocs%2Fvendor%2Fnesbot%2Fcarbon%2Fsrc%2FCarbon%2FLang%2Far_IL.php&loknya=%2Fvar%2Fwww%2Fvhosts%2Fhaberosmaniye.com%2Fhttpdocs%2Fvendor%2Fnesbot%2Fcarbon%2Fsrc%2FCarbon%2FLang HTTP/1.1" 200 46067 "-" "Mozilla/5.0 AppleWebKit/537.36 (KHTML, like Gecko; compatible; ClaudeBot/1.0; +claudebot@anthropic.com)"
172.71.126.106 - - [17/Jun/2026:03:29:26 +0300] "GET /haber/muglada-ulasimda-donusum-usulsuzlugu-belediye-sofor-esnafa-700-milyon-lira-odeyecek-2129 HTTP/1.1" 500 3965 "-" "Mozilla/5.0 (compatible; MJ12bot/v1.4.8; http://mj12bot.com/)"
104.23.197.177 - - [17/Jun/2026:03:29:26 +0300] "GET /images/galeriresim/2026/06/1781576396194.php?lokasie=%2Fvar%2Fwww%2Fvhosts%2Fhaberosmaniye.com%2Fhttpdocs%2Fvendor%2Fnesbot%2Fcarbon%2Fsrc%2FCarbon%2FLang%2Ffr_DJ.php&loknya=%2Fvar%2Fwww%2Fvhosts%2Fhaberosmaniye.com%2Fhttpdocs%2Fvendor%2Fnesbot%2Fcarbon%2Fsrc%2FCarbon%2FLang HTTP/1.1" 200 46347 "-" "Mozilla/5.0 AppleWebKit/537.36 (KHTML, like Gecko; compatible; ClaudeBot/1.0; +claudebot@anthropic.com)"
104.23.197.177 - - [17/Jun/2026:03:29:27 +0300] "GET /images/galeriresim/2026/06/1781576396194.php?lokasie=%2Fvar%2Fwww%2Fvhosts%2Fhaberosmaniye.com%2Fhttpdocs%2Fvendor%2Fnesbot%2Fcarbon%2Fsrc%2FCarbon%2FLang%2Fnmg.php&loknya=%2Fvar%2Fwww%2Fvhosts%2Fhaberosmaniye.com%2Fhttpdocs%2Fvendor%2Fnesbot%2Fcarbon%2Fsrc%2FCarbon%2FLang HTTP/1.1" 200 47045 "-" "Mozilla/5.0 AppleWebKit/537.36 (KHTML, like Gecko; compatible; ClaudeBot/1.0; +claudebot@anthropic.com)"
104.23.197.177 - - [17/Jun/2026:03:29:27 +0300] "GET /images/galeriresim/2026/06/1781576396194.php?lokasie=%2Fvar%2Fwww%2Fvhosts%2Fhaberosmaniye.com%2Fhttpdocs%2Fvendor%2Fnesbot%2Fcarbon%2Fsrc%2FCarbon%2FLang%2Fen_IE.php&loknya=%2Fvar%2Fwww%2Fvhosts%2Fhaberosmaniye.com%2Fhttpdocs%2Fvendor%2Fnesbot%2Fcarbon%2Fsrc%2FCarbon%2FLang HTTP/1.1" 200 46512 "-" "Mozilla/5.0 AppleWebKit/537.36 (KHTML, like Gecko; compatible; ClaudeBot/1.0; +claudebot@anthropic.com)"
162.158.210.202 - - [17/Jun/2026:03:29:27 +0300] "GET /haberapi-havadurumu HTTP/1.1" 500 3965 "-" "Wget/1.19.5 (linux-gnu)"
162.158.210.202 - - [17/Jun/2026:03:29:27 +0300] "GET /haberapi-dovizler HTTP/1.1" 500 3967 "-" "Wget/1.19.5 (linux-gnu)"
172.71.126.106 - - [17/Jun/2026:03:29:27 +0300] "GET /haber/ormanlik-alanda-1575-kok-kenevir-ele-gecirildi-5433 HTTP/1.1" 500 3969 "-" "Mozilla/5.0 (compatible; MJ12bot/v1.4.8; http://mj12bot.com/)"
104.23.197.177 - - [17/Jun/2026:03:29:28 +0300] "GET /images/galeriresim/2026/06/1781576396194.php?lokasie=%2Fvar%2Fwww%2Fvhosts%2Fhaberosmaniye.com%2Fhttpdocs%2Fvendor%2Fnesbot%2Fcarbon%2Fsrc%2FCarbon%2FLang%2Fru_BY.php&loknya=%2Fvar%2Fwww%2Fvhosts%2Fhaberosmaniye.com%2Fhttpdocs%2Fvendor%2Fnesbot%2Fcarbon%2Fsrc%2FCarbon%2FLang HTTP/1.1" 200 46038 "-" "Mozilla/5.0 AppleWebKit/537.36 (KHTML, like Gecko; compatible; ClaudeBot/1.0; +claudebot@anthropic.com)"
104.23.211.203 - - [17/Jun/2026:03:29:28 +0300] "GET /haber/Antalyada-bir-kisi-parkta-olu-bulundu-13691 HTTP/1.1" 200 121211 "-" "Mozilla/5.0 (compatible; SemrushBot/7~bl; +http://www.semrush.com/bot.html)"
172.71.254.113 - - [17/Jun/2026:03:29:29 +0300] "GET /haber/antalyada-ormanlik-alanda-cikan-yangina-mudahale-ediliyor-20434 HTTP/1.1" 200 122598 "-" "Mozilla/5.0 (Macintosh; Intel Mac OS X 10_15_7) AppleWebKit/605.1.15 (KHTML, like Gecko) Version/17.4 Safari/605.1.15 (Applebot/0.1; +http://www.apple.com/go/applebot)"
172.71.134.120 - - [17/Jun/2026:03:29:30 +0300] "GET /haber/tasdelen-mecliste-teror-propagandasina-musaade-edilmemeli-dedi-9918 HTTP/1.1" 200 124886 "-" "Mozilla/5.0 (compatible; IbouBot/1.0; +bot@ibou.io; +https://ibou.io/iboubot.html)"
162.158.79.140 - - [17/Jun/2026:03:29:31 +0300] "GET / HTTP/1.1" 200 121323 "-" "Mozilla/5.0 (compatible; Googlebot/2.1; +http://www.google.com/bot.html)"
172.71.195.41 - - [17/Jun/2026:03:29:33 +0300] "GET /haber/sedef-egzama-ya-da-vitiligonuz-varsa-5623 HTTP/1.1" 500 3963 "-" "meta-externalagent/1.1 (+https://developers.facebook.com/docs/sharing/webmasters/crawler)"
172.71.232.66 - - [17/Jun/2026:03:29:33 +0300] "GET /haber/ogretim-uyesinin-adi-derslikte-yasatilacak-7491 HTTP/1.1" 200 123429 "-" "Mozilla/5.0 (compatible; Barkrowler/0.9; +https://babbar.tech/crawler)"
172.71.195.41 - - [17/Jun/2026:03:29:35 +0300] "GET /haber/vali-yilmaz-hasar-goren-baraj-ve-goleti-inceledi-8793 HTTP/1.1" 200 122664 "-" "Mozilla/5.0 (compatible; SemrushBot/7~bl; +http://www.semrush.com/bot.html)"
172.71.126.106 - - [17/Jun/2026:03:29:35 +0300] "GET /haber/osmaniyede-afganistan-ve-pakistan-uyruklu-66-kacak-yakalandi-3464 HTTP/1.1" 500 3971 "-" "Mozilla/5.0 (compatible; MJ12bot/v1.4.8; http://mj12bot.com/)"
172.71.195.41 - - [17/Jun/2026:03:29:35 +0300] "GET /haber/baskan-tunc-soyer-osmaniye-ile-kardesligimiz-bitmeyecek-8812 HTTP/1.1" 200 126565 "-" "Mozilla/5.0 (compatible; Pinterestbot/1.0; +http://www.pinterest.com/bot.html)"
172.71.126.106 - - [17/Jun/2026:03:29:37 +0300] "GET /haber/osmaniyede-anaokulu-ve-ilkokul-birinci-siniflarda-egitim-basladi-8004 HTTP/1.1" 200 121624 "-" "Mozilla/5.0 (compatible; MJ12bot/v1.4.8; http://mj12bot.com/)"
172.71.126.106 - - [17/Jun/2026:03:29:39 +0300] "GET /haber/osmaniyede-dar-gelirli-ve-alternatif-gelir-imkani-olmayan-ciftcilere-destek-8000 HTTP/1.1" 200 123317 "-" "Mozilla/5.0 (compatible; MJ12bot/v1.4.8; http://mj12bot.com/)"
141.101.95.56 - - [17/Jun/2026:03:29:40 +0300] "GET /haber/aricilik-destekleme-basvurulari-8-kasima-kadar-uzatildi-20078 HTTP/1.1" 200 124752 "-" "Mozilla/5.0 (compatible; IbouBot/1.0; +bot@ibou.io; +https://ibou.io/iboubot.html)"
172.71.126.106 - - [17/Jun/2026:03:29:40 +0300] "GET /haber/osmaniyede-uyusturucu-operasyonu-3-gozalti-5759 HTTP/1.1" 500 3967 "-" "Mozilla/5.0 (compatible; MJ12bot/v1.4.8; http://mj12bot.com/)"
104.23.211.7 - - [17/Jun/2026:03:29:40 +0300] "GET /haber/oku-ve-genclik-merkezinden-insan-haklari-gunune-ozel-bisiklet-turu-21493 HTTP/1.1" 200 124508 "-" "Mozilla/5.0 AppleWebKit/537.36 (KHTML, like Gecko; compatible; Amazonbot/0.1; +https://developer.amazon.com/support/amazonbot) Chrome/119.0.6045.214 Safari/537.36"
172.71.195.41 - - [17/Jun/2026:03:29:40 +0300] "GET /haber/antalyada-8-aracin-dikiz-aynasini-kiran-supheli-yakalandi-18870 HTTP/1.1" 200 122740 "-" "Mozilla/5.0 AppleWebKit/537.36 (KHTML, like Gecko; compatible; Amazonbot/0.1; +https://developer.amazon.com/support/amazonbot) Chrome/119.0.6045.214 Safari/537.36"
172.69.251.132 - - [17/Jun/2026:03:29:41 +0300] "GET / HTTP/1.1" 200 121413 "-" "axios/1.6.7"
172.71.126.106 - - [17/Jun/2026:03:29:42 +0300] "GET /haber/osmaniyede-uyusturucu-operasyonu-5-gozalti-5926 HTTP/1.1" 500 3969 "-" "Mozilla/5.0 (compatible; MJ12bot/v1.4.8; http://mj12bot.com/)"
104.22.20.190 - - [17/Jun/2026:03:29:43 +0300] "GET /public/haber/kadirlinin-kurtulusunun-7-mart-yil-donumunde-sehitlik-ziyareti-26685 HTTP/1.1" 200 125814 "-" "Mozilla/5.0 (Macintosh; Intel Mac OS X 10_15_7) AppleWebKit/605.1.15 (KHTML, like Gecko) Version/16.0 Safari/605.1.15"
104.22.104.170 - - [17/Jun/2026:03:29:43 +0300] "GET /images/haberler/2024/12/oku-ve-genclik-merkezinden-insan-haklari-gunune-ozel-bisiklet-turu-1733904422.jpg HTTP/1.1" 200 275820 "-" "Mozilla/5.0 AppleWebKit/537.36 (KHTML, like Gecko; compatible; Amazonbot/0.1; +https://developer.amazon.com/support/amazonbot) Chrome/119.0.6045.214 Safari/537.36"
104.22.105.51 - - [17/Jun/2026:03:29:44 +0300] "GET /haber/cukurova-universitesinde-uretilen-aktif-karbonlu-yogurt-tanitildi-21321 HTTP/1.1" 200 125337 "-" "Mozilla/5.0 AppleWebKit/537.36 (KHTML, like Gecko; compatible; Amazonbot/0.1; +https://developer.amazon.com/support/amazonbot) Chrome/119.0.6045.214 Safari/537.36"
172.71.126.106 - - [17/Jun/2026:03:29:44 +0300] "GET /haber/plastik-geri-donusum-fabrikasinda-yangin-5176 HTTP/1.1" 500 3975 "-" "Mozilla/5.0 (compatible; MJ12bot/v1.4.8; http://mj12bot.com/)"
104.22.104.59 - - [17/Jun/2026:03:29:45 +0300] "GET /haber/reyhanlida-park-halindeki-otomobil-yandi-19547 HTTP/1.1" 200 120257 "-" "Mozilla/5.0 AppleWebKit/537.36 (KHTML, like Gecko; compatible; Amazonbot/0.1; +https://developer.amazon.com/support/amazonbot) Chrome/119.0.6045.214 Safari/537.36"
172.71.126.106 - - [17/Jun/2026:03:29:46 +0300] "GET /haber/rektor-turgay-uzun-kadirli-oku-yerleskesinde-5856 HTTP/1.1" 500 3965 "-" "Mozilla/5.0 (compatible; MJ12bot/v1.4.8; http://mj12bot.com/)"
172.70.35.179 - - [17/Jun/2026:03:29:46 +0300] "GET /images/haberler/1729155314-1370794463.jpg HTTP/1.1" 200 172719 "-" "Mozilla/5.0 AppleWebKit/537.36 (KHTML, like Gecko; compatible; Amazonbot/0.1; +https://developer.amazon.com/support/amazonbot) Chrome/119.0.6045.214 Safari/537.36"
104.23.168.26 - - [17/Jun/2026:03:29:47 +0300] "GET /haber/bursaspordan-elektrik-atagi-4799 HTTP/1.1" 500 3965 "https://www.haberosmaniye.com/haber/bursaspordan-elektrik-atagi-4799" "Mozilla/5.0 (Macintosh; Intel Mac OS X 10_15_7) AppleWebKit/537.36 (KHTML, like Gecko) Chrome/131.0.0.0 Safari/537.36"
172.71.195.41 - - [17/Jun/2026:03:29:48 +0300] "GET /haber/osmaniye-belediyesinden-engellilere-sosyal-destek-6752 HTTP/1.1" 200 122974 "-" "Mozilla/5.0 AppleWebKit/537.36 (KHTML, like Gecko; compatible; Amazonbot/0.1; +https://developer.amazon.com/support/amazonbot) Chrome/119.0.6045.214 Safari/537.36"
172.71.126.106 - - [17/Jun/2026:03:29:48 +0300] "GET /haber/saglikli-yasam-icin-merkezlerimiz-gorev-basinda-9359 HTTP/1.1" 200 122191 "-" "Mozilla/5.0 (compatible; MJ12bot/v1.4.8; http://mj12bot.com/)"
104.23.160.182 - - [17/Jun/2026:03:29:48 +0300] "GET / HTTP/1.1" 200 121448 "-" "Mozilla/5.0 (X11; Ubuntu; Linux x86_64; rv:80.0) Gecko/20100101 Firefox/80.0"
172.68.245.36 - - [17/Jun/2026:03:29:49 +0300] "GET /haber/19-mayis-torenlerinde-protokol-krizi-23865 HTTP/1.1" 200 122031 "-" "Mozilla/5.0 AppleWebKit/537.36 (KHTML, like Gecko; compatible; Amazonbot/0.1; +https://developer.amazon.com/support/amazonbot) Chrome/119.0.6045.214 Safari/537.36"
