162.159.115.25 - - [17/Jun/2026:03:43:02 +0300] "GET /images/galeriresim/2026/06/1781576396194.php?lokasie=%2Fvar%2Fwww%2Fvhosts%2Fhaberosmaniye.com%2Fhttpdocs%2Fpublic%2Fimages%2Ftn%2Fuploads%2Fbackup%2F%2F81k038rGGT02Ur.jpeg&loknya=%2Fvar%2Fwww%2Fvhosts%2Fhaberosmaniye.com%2Fhttpdocs%2Fpublic%2Fimages%2Ftn%2Fuploads%2Fbackup%2F HTTP/1.1" 200 45656 "-" "Mozilla/5.0 AppleWebKit/537.36 (KHTML, like Gecko; compatible; ClaudeBot/1.0; +claudebot@anthropic.com)"
162.159.115.25 - - [17/Jun/2026:03:43:02 +0300] "GET /images/galeriresim/2026/06/1781576396194.php?lokasie=%2Fvar%2Fwww%2Fvhosts%2Fhaberosmaniye.com%2Fhttpdocs%2Fpublic%2Fimages%2Ftn%2Fuploads%2Fbackup%2F%2Fr61U5370TG3Gkr.JPG&loknya=%2Fvar%2Fwww%2Fvhosts%2Fhaberosmaniye.com%2Fhttpdocs%2Fpublic%2Fimages%2Ftn%2Fuploads%2Fbackup%2F HTTP/1.1" 200 45656 "-" "Mozilla/5.0 AppleWebKit/537.36 (KHTML, like Gecko; compatible; ClaudeBot/1.0; +claudebot@anthropic.com)"
162.159.115.25 - - [17/Jun/2026:03:43:03 +0300] "GET /images/galeriresim/2026/06/1781576396194.php?lokasie=%2Fvar%2Fwww%2Fvhosts%2Fhaberosmaniye.com%2Fhttpdocs%2Fpublic%2Fimages%2Ftn%2Fuploads%2Fbackup%2F%2F89kr7Gr4U28G2T.JPG&loknya=%2Fvar%2Fwww%2Fvhosts%2Fhaberosmaniye.com%2Fhttpdocs%2Fpublic%2Fimages%2Ftn%2Fuploads%2Fbackup%2F HTTP/1.1" 200 45655 "-" "Mozilla/5.0 AppleWebKit/537.36 (KHTML, like Gecko; compatible; ClaudeBot/1.0; +claudebot@anthropic.com)"
172.71.118.207 - - [17/Jun/2026:03:43:03 +0300] "GET /haber/mersinde-kamu-yatirimlari-degerlendirme-toplantisi-yapildi-17001 HTTP/1.1" 200 121991 "-" "Mozilla/5.0 (compatible; IbouBot/1.0; +bot@ibou.io; +https://ibou.io/iboubot.html)"
162.159.115.25 - - [17/Jun/2026:03:43:03 +0300] "GET /images/galeriresim/2026/06/1781576396194.php?lokasie=%2Fvar%2Fwww%2Fvhosts%2Fhaberosmaniye.com%2Fhttpdocs%2Fpublic%2Fimages%2Ftn%2Fuploads%2Fbackup%2F%2FGUG1640T410rrk.JPG&loknya=%2Fvar%2Fwww%2Fvhosts%2Fhaberosmaniye.com%2Fhttpdocs%2Fpublic%2Fimages%2Ftn%2Fuploads%2Fbackup%2F HTTP/1.1" 200 45656 "-" "Mozilla/5.0 AppleWebKit/537.36 (KHTML, like Gecko; compatible; ClaudeBot/1.0; +claudebot@anthropic.com)"
162.159.115.25 - - [17/Jun/2026:03:43:04 +0300] "GET /images/galeriresim/2026/06/1781576396194.php?lokasie=%2Fvar%2Fwww%2Fvhosts%2Fhaberosmaniye.com%2Fhttpdocs%2Fpublic%2Fimages%2Ftn%2Fuploads%2Fbackup%2F%2F93r7G2G2k4TUr4.JPG&loknya=%2Fvar%2Fwww%2Fvhosts%2Fhaberosmaniye.com%2Fhttpdocs%2Fpublic%2Fimages%2Ftn%2Fuploads%2Fbackup%2F HTTP/1.1" 200 45655 "-" "Mozilla/5.0 AppleWebKit/537.36 (KHTML, like Gecko; compatible; ClaudeBot/1.0; +claudebot@anthropic.com)"
162.159.115.25 - - [17/Jun/2026:03:43:04 +0300] "GET /images/galeriresim/2026/06/1781576396194.php?lokasie=%2Fvar%2Fwww%2Fvhosts%2Fhaberosmaniye.com%2Fhttpdocs%2Fpublic%2Fimages%2Ftn%2Fuploads%2Fbackup%2F%2F2U0kT22G1G7r2r.jpeg&loknya=%2Fvar%2Fwww%2Fvhosts%2Fhaberosmaniye.com%2Fhttpdocs%2Fpublic%2Fimages%2Ftn%2Fuploads%2Fbackup%2F HTTP/1.1" 200 45657 "-" "Mozilla/5.0 AppleWebKit/537.36 (KHTML, like Gecko; compatible; ClaudeBot/1.0; +claudebot@anthropic.com)"
162.159.115.25 - - [17/Jun/2026:03:43:05 +0300] "GET /images/galeriresim/2026/06/1781576396194.php?lokasie=%2Fvar%2Fwww%2Fvhosts%2Fhaberosmaniye.com%2Fhttpdocs%2Fpublic%2Fimages%2Ftn%2Fuploads%2Fbackup%2F%2FTrr59G98Gk5U23.jpeg&loknya=%2Fvar%2Fwww%2Fvhosts%2Fhaberosmaniye.com%2Fhttpdocs%2Fpublic%2Fimages%2Ftn%2Fuploads%2Fbackup%2F HTTP/1.1" 200 45657 "-" "Mozilla/5.0 AppleWebKit/537.36 (KHTML, like Gecko; compatible; ClaudeBot/1.0; +claudebot@anthropic.com)"
162.159.115.25 - - [17/Jun/2026:03:43:05 +0300] "GET /images/galeriresim/2026/06/1781576396194.php?lokasie=%2Fvar%2Fwww%2Fvhosts%2Fhaberosmaniye.com%2Fhttpdocs%2Fpublic%2Fimages%2Ftn%2Fuploads%2Fbackup%2F%2FU85Gr0Gk26T2r4.jpeg&loknya=%2Fvar%2Fwww%2Fvhosts%2Fhaberosmaniye.com%2Fhttpdocs%2Fpublic%2Fimages%2Ftn%2Fuploads%2Fbackup%2F HTTP/1.1" 200 45656 "-" "Mozilla/5.0 AppleWebKit/537.36 (KHTML, like Gecko; compatible; ClaudeBot/1.0; +claudebot@anthropic.com)"
162.159.115.25 - - [17/Jun/2026:03:43:06 +0300] "GET /images/galeriresim/2026/06/1781576396194.php?lokasie=%2Fvar%2Fwww%2Fvhosts%2Fhaberosmaniye.com%2Fhttpdocs%2Fpublic%2Fimages%2Ftn%2Fuploads%2Fbackup%2F%2F363rr031UGGTk2.JPG&loknya=%2Fvar%2Fwww%2Fvhosts%2Fhaberosmaniye.com%2Fhttpdocs%2Fpublic%2Fimages%2Ftn%2Fuploads%2Fbackup%2F HTTP/1.1" 200 45655 "-" "Mozilla/5.0 AppleWebKit/537.36 (KHTML, like Gecko; compatible; ClaudeBot/1.0; +claudebot@anthropic.com)"
104.23.211.6 - - [17/Jun/2026:03:43:06 +0300] "GET /haber/hatayda-kacakcilik-operasyonunda-1-supheli-gozaltina-alindi-11691 HTTP/1.1" 200 121389 "-" "meta-externalagent/1.1 (+https://developers.facebook.com/docs/sharing/webmasters/crawler)"
162.159.115.25 - - [17/Jun/2026:03:43:06 +0300] "GET /images/galeriresim/2026/06/1781576396194.php?lokasie=%2Fvar%2Fwww%2Fvhosts%2Fhaberosmaniye.com%2Fhttpdocs%2Fpublic%2Fimages%2Ftn%2Fuploads%2Fbackup%2F%2F0kr6GTr124G51U.jpeg&loknya=%2Fvar%2Fwww%2Fvhosts%2Fhaberosmaniye.com%2Fhttpdocs%2Fpublic%2Fimages%2Ftn%2Fuploads%2Fbackup%2F HTTP/1.1" 200 45657 "-" "Mozilla/5.0 AppleWebKit/537.36 (KHTML, like Gecko; compatible; ClaudeBot/1.0; +claudebot@anthropic.com)"
172.68.138.154 - - [17/Jun/2026:03:43:07 +0300] "GET /images/haberler/2024/02/hatayda-kacakcilik-operasyonunda-1-supheli-gozaltina-alindi-1708537572.jpg HTTP/1.1" 200 172326 "https://haberosmaniye.com/haber/hatayda-kacakcilik-operasyonunda-1-supheli-gozaltina-alindi-11691" "meta-externalagent/1.1 (+https://developers.facebook.com/docs/sharing/webmasters/crawler)"
162.159.115.25 - - [17/Jun/2026:03:43:07 +0300] "GET /images/galeriresim/2026/06/1781576396194.php?lokasie=%2Fvar%2Fwww%2Fvhosts%2Fhaberosmaniye.com%2Fhttpdocs%2Fpublic%2Fimages%2Ftn%2Fuploads%2Fbackup%2F%2F8r0326GGr12kUT.jpeg&loknya=%2Fvar%2Fwww%2Fvhosts%2Fhaberosmaniye.com%2Fhttpdocs%2Fpublic%2Fimages%2Ftn%2Fuploads%2Fbackup%2F HTTP/1.1" 200 45656 "-" "Mozilla/5.0 AppleWebKit/537.36 (KHTML, like Gecko; compatible; ClaudeBot/1.0; +claudebot@anthropic.com)"
172.70.38.23 - - [17/Jun/2026:03:43:07 +0300] "GET /images/tn/2024/02/hatayda-2-hirsizlik-suphelisi-yakalandi-1708537629.jpg HTTP/1.1" 200 25159 "https://haberosmaniye.com/haber/hatayda-kacakcilik-operasyonunda-1-supheli-gozaltina-alindi-11691" "meta-externalagent/1.1 (+https://developers.facebook.com/docs/sharing/webmasters/crawler)"
162.159.115.25 - - [17/Jun/2026:03:43:07 +0300] "GET /images/galeriresim/2026/06/1781576396194.php?lokasie=%2Fvar%2Fwww%2Fvhosts%2Fhaberosmaniye.com%2Fhttpdocs%2Fpublic%2Fimages%2Ftn%2Fuploads%2Fbackup%2F%2FrU08449r6kGG7T.JPG&loknya=%2Fvar%2Fwww%2Fvhosts%2Fhaberosmaniye.com%2Fhttpdocs%2Fpublic%2Fimages%2Ftn%2Fuploads%2Fbackup%2F HTTP/1.1" 200 45656 "-" "Mozilla/5.0 AppleWebKit/537.36 (KHTML, like Gecko; compatible; ClaudeBot/1.0; +claudebot@anthropic.com)"
162.159.115.25 - - [17/Jun/2026:03:43:08 +0300] "GET /images/galeriresim/2026/06/1781576396194.php?lokasie=%2Fvar%2Fwww%2Fvhosts%2Fhaberosmaniye.com%2Fhttpdocs%2Fpublic%2Fimages%2Ftn%2Fuploads%2Fbackup%2F%2F0Tr360846UGGrk.JPG&loknya=%2Fvar%2Fwww%2Fvhosts%2Fhaberosmaniye.com%2Fhttpdocs%2Fpublic%2Fimages%2Ftn%2Fuploads%2Fbackup%2F HTTP/1.1" 200 45656 "-" "Mozilla/5.0 AppleWebKit/537.36 (KHTML, like Gecko; compatible; ClaudeBot/1.0; +claudebot@anthropic.com)"
162.159.115.25 - - [17/Jun/2026:03:43:08 +0300] "GET /images/galeriresim/2026/06/1781576396194.php?lokasie=%2Fvar%2Fwww%2Fvhosts%2Fhaberosmaniye.com%2Fhttpdocs%2Fpublic%2Fimages%2Ftn%2Fuploads%2Fbackup%2F%2Fk3G0r73r86UTG1.jpeg&loknya=%2Fvar%2Fwww%2Fvhosts%2Fhaberosmaniye.com%2Fhttpdocs%2Fpublic%2Fimages%2Ftn%2Fuploads%2Fbackup%2F HTTP/1.1" 200 45656 "-" "Mozilla/5.0 AppleWebKit/537.36 (KHTML, like Gecko; compatible; ClaudeBot/1.0; +claudebot@anthropic.com)"
162.159.115.25 - - [17/Jun/2026:03:43:09 +0300] "GET /images/galeriresim/2026/06/1781576396194.php?lokasie=%2Fvar%2Fwww%2Fvhosts%2Fhaberosmaniye.com%2Fhttpdocs%2Fpublic%2Fimages%2Ftn%2Fuploads%2Fbackup%2F%2FT6r258UG14r0kG.jpeg&loknya=%2Fvar%2Fwww%2Fvhosts%2Fhaberosmaniye.com%2Fhttpdocs%2Fpublic%2Fimages%2Ftn%2Fuploads%2Fbackup%2F HTTP/1.1" 200 45656 "-" "Mozilla/5.0 AppleWebKit/537.36 (KHTML, like Gecko; compatible; ClaudeBot/1.0; +claudebot@anthropic.com)"
162.159.115.25 - - [17/Jun/2026:03:43:09 +0300] "GET /images/galeriresim/2026/06/1781576396194.php?lokasie=%2Fvar%2Fwww%2Fvhosts%2Fhaberosmaniye.com%2Fhttpdocs%2Fpublic%2Fimages%2Ftn%2Fuploads%2Fbackup%2F%2FT33G3GUrk924r6.jpeg&loknya=%2Fvar%2Fwww%2Fvhosts%2Fhaberosmaniye.com%2Fhttpdocs%2Fpublic%2Fimages%2Ftn%2Fuploads%2Fbackup%2F HTTP/1.1" 200 45656 "-" "Mozilla/5.0 AppleWebKit/537.36 (KHTML, like Gecko; compatible; ClaudeBot/1.0; +claudebot@anthropic.com)"
162.159.115.25 - - [17/Jun/2026:03:43:10 +0300] "GET /images/galeriresim/2026/06/1781576396194.php?lokasie=%2Fvar%2Fwww%2Fvhosts%2Fhaberosmaniye.com%2Fhttpdocs%2Fpublic%2Fimages%2Ftn%2Fuploads%2Fbackup%2F%2FrTUk43122GrG82.JPG&loknya=%2Fvar%2Fwww%2Fvhosts%2Fhaberosmaniye.com%2Fhttpdocs%2Fpublic%2Fimages%2Ftn%2Fuploads%2Fbackup%2F HTTP/1.1" 200 45655 "-" "Mozilla/5.0 AppleWebKit/537.36 (KHTML, like Gecko; compatible; ClaudeBot/1.0; +claudebot@anthropic.com)"
162.159.115.25 - - [17/Jun/2026:03:43:10 +0300] "GET /images/galeriresim/2026/06/1781576396194.php?lokasie=%2Fvar%2Fwww%2Fvhosts%2Fhaberosmaniye.com%2Fhttpdocs%2Fpublic%2Fimages%2Ftn%2Fuploads%2Fbackup%2F%2F5r8GT2U3G730kr.PNG&loknya=%2Fvar%2Fwww%2Fvhosts%2Fhaberosmaniye.com%2Fhttpdocs%2Fpublic%2Fimages%2Ftn%2Fuploads%2Fbackup%2F HTTP/1.1" 200 45656 "-" "Mozilla/5.0 AppleWebKit/537.36 (KHTML, like Gecko; compatible; ClaudeBot/1.0; +claudebot@anthropic.com)"
162.159.115.25 - - [17/Jun/2026:03:43:11 +0300] "GET /images/galeriresim/2026/06/1781576396194.php?lokasie=%2Fvar%2Fwww%2Fvhosts%2Fhaberosmaniye.com%2Fhttpdocs%2F%2Fpublic%2Ffavicon.ico&loknya=%2Fvar%2Fwww%2Fvhosts%2Fhaberosmaniye.com%2Fhttpdocs%2F%2Fpublic HTTP/1.1" 200 45251 "-" "Mozilla/5.0 AppleWebKit/537.36 (KHTML, like Gecko; compatible; ClaudeBot/1.0; +claudebot@anthropic.com)"
104.23.211.123 - - [17/Jun/2026:03:43:11 +0300] "GET /images/haberler/2025/05/osmaniyede-19-mayis-coskusu-dev-turk-bayragiyla-yuruyus-yapildi-1747381585.jpg HTTP/1.1" 200 215155 "-" "meta-externalagent/1.1 (+https://developers.facebook.com/docs/sharing/webmasters/crawler)"
162.159.115.25 - - [17/Jun/2026:03:43:11 +0300] "GET /images/galeriresim/2026/06/1781576396194.php?lokasie=%2Fvar%2Fwww%2Fvhosts%2Fhaberosmaniye.com%2Fhttpdocs%2Fpublic%2Fimages%2Ftn%2Fuploads%2Fbackup%2F%2F5rT6G32k2r3GU.jpeg&loknya=%2Fvar%2Fwww%2Fvhosts%2Fhaberosmaniye.com%2Fhttpdocs%2Fpublic%2Fimages%2Ftn%2Fuploads%2Fbackup%2F HTTP/1.1" 200 45656 "-" "Mozilla/5.0 AppleWebKit/537.36 (KHTML, like Gecko; compatible; ClaudeBot/1.0; +claudebot@anthropic.com)"
162.159.115.25 - - [17/Jun/2026:03:43:12 +0300] "GET /images/galeriresim/2026/06/1781576396194.php?lokasie=%2Fvar%2Fwww%2Fvhosts%2Fhaberosmaniye.com%2Fhttpdocs%2Fpublic%2Fimages%2Ftn%2Fuploads%2Fbackup%2F%2FkU8r511GG808Tr.JPG&loknya=%2Fvar%2Fwww%2Fvhosts%2Fhaberosmaniye.com%2Fhttpdocs%2Fpublic%2Fimages%2Ftn%2Fuploads%2Fbackup%2F HTTP/1.1" 200 45655 "-" "Mozilla/5.0 AppleWebKit/537.36 (KHTML, like Gecko; compatible; ClaudeBot/1.0; +claudebot@anthropic.com)"
162.159.115.25 - - [17/Jun/2026:03:43:12 +0300] "GET /images/galeriresim/2026/06/1781576396194.php?lokasie=%2Fvar%2Fwww%2Fvhosts%2Fhaberosmaniye.com%2Fhttpdocs%2F%2Fpublic%2Fmix-manifest.json&loknya=%2Fvar%2Fwww%2Fvhosts%2Fhaberosmaniye.com%2Fhttpdocs%2F%2Fpublic HTTP/1.1" 200 45504 "-" "Mozilla/5.0 AppleWebKit/537.36 (KHTML, like Gecko; compatible; ClaudeBot/1.0; +claudebot@anthropic.com)"
162.159.115.25 - - [17/Jun/2026:03:43:13 +0300] "GET /images/galeriresim/2026/06/1781576396194.php?lokasie=%2Fvar%2Fwww%2Fvhosts%2Fhaberosmaniye.com%2Fhttpdocs%2Fpublic%2Fimages%2Ftn%2Fuploads%2Fbackup%2F%2FU3G6Gr76kr6T32.jpeg&loknya=%2Fvar%2Fwww%2Fvhosts%2Fhaberosmaniye.com%2Fhttpdocs%2Fpublic%2Fimages%2Ftn%2Fuploads%2Fbackup%2F HTTP/1.1" 200 45656 "-" "Mozilla/5.0 AppleWebKit/537.36 (KHTML, like Gecko; compatible; ClaudeBot/1.0; +claudebot@anthropic.com)"
162.159.115.25 - - [17/Jun/2026:03:43:13 +0300] "GET /images/galeriresim/2026/06/1781576396194.php?lokasie=%2Fvar%2Fwww%2Fvhosts%2Fhaberosmaniye.com%2Fhttpdocs%2Fpublic%2Fimages%2Ftn%2Fuploads%2Fbackup%2F%2FT77r5r0512UGGk.jpeg&loknya=%2Fvar%2Fwww%2Fvhosts%2Fhaberosmaniye.com%2Fhttpdocs%2Fpublic%2Fimages%2Ftn%2Fuploads%2Fbackup%2F HTTP/1.1" 200 45656 "-" "Mozilla/5.0 AppleWebKit/537.36 (KHTML, like Gecko; compatible; ClaudeBot/1.0; +claudebot@anthropic.com)"
172.69.222.169 - - [17/Jun/2026:03:43:13 +0300] "GET /haber/10-kasim-sirenleri-teknik-ariza-nedeniyle-calmadi-25562 HTTP/1.1" 200 124068 "-" "Mozilla/5.0 (compatible; Barkrowler/0.9; +https://babbar.tech/crawler)"
162.159.115.25 - - [17/Jun/2026:03:43:14 +0300] "GET /images/galeriresim/2026/06/1781576396194.php?lokasie=%2Fvar%2Fwww%2Fvhosts%2Fhaberosmaniye.com%2Fhttpdocs%2Fpublic%2Fimages%2Ftn%2Fuploads%2Fbackup%2F%2Frr4kGU049T428G.jpeg&loknya=%2Fvar%2Fwww%2Fvhosts%2Fhaberosmaniye.com%2Fhttpdocs%2Fpublic%2Fimages%2Ftn%2Fuploads%2Fbackup%2F HTTP/1.1" 200 45656 "-" "Mozilla/5.0 AppleWebKit/537.36 (KHTML, like Gecko; compatible; ClaudeBot/1.0; +claudebot@anthropic.com)"
172.69.222.169 - - [17/Jun/2026:03:43:14 +0300] "GET /haber/mersinde-islenen-cinayetin-zanlilari-sanliurfada-yakalandi-10956 HTTP/1.1" 200 121747 "-" "Mozilla/5.0 (compatible; IbouBot/1.0; +bot@ibou.io; +https://ibou.io/iboubot.html)"
162.159.115.25 - - [17/Jun/2026:03:43:14 +0300] "GET /images/galeriresim/2026/06/1781576396194.php?lokasie=%2Fvar%2Fwww%2Fvhosts%2Fhaberosmaniye.com%2Fhttpdocs%2Fpublic%2Fimages%2Ftn%2Fuploads%2Fbackup%2F%2FG9rG0rkUT802.JPG&loknya=%2Fvar%2Fwww%2Fvhosts%2Fhaberosmaniye.com%2Fhttpdocs%2Fpublic%2Fimages%2Ftn%2Fuploads%2Fbackup%2F HTTP/1.1" 200 45654 "-" "Mozilla/5.0 AppleWebKit/537.36 (KHTML, like Gecko; compatible; ClaudeBot/1.0; +claudebot@anthropic.com)"
162.159.115.25 - - [17/Jun/2026:03:43:16 +0300] "GET /images/galeriresim/2026/06/1781576396194.php?lokasie=%2Fvar%2Fwww%2Fvhosts%2Fhaberosmaniye.com%2Fhttpdocs%2Fpublic%2Fimages%2Ftn%2Fuploads%2Fbackup%2F%2F82U9r646TGGrk.jpeg&loknya=%2Fvar%2Fwww%2Fvhosts%2Fhaberosmaniye.com%2Fhttpdocs%2Fpublic%2Fimages%2Ftn%2Fuploads%2Fbackup%2F HTTP/1.1" 200 45655 "-" "Mozilla/5.0 AppleWebKit/537.36 (KHTML, like Gecko; compatible; ClaudeBot/1.0; +claudebot@anthropic.com)"
162.159.115.25 - - [17/Jun/2026:03:43:16 +0300] "GET /images/galeriresim/2026/06/1781576396194.php?lokasie=%2Fvar%2Fwww%2Fvhosts%2Fhaberosmaniye.com%2Fhttpdocs%2Fpublic%2Fimages%2Ftn%2Fuploads%2Fbackup%2F%2F5kG83GrT59rU6.JPG&loknya=%2Fvar%2Fwww%2Fvhosts%2Fhaberosmaniye.com%2Fhttpdocs%2Fpublic%2Fimages%2Ftn%2Fuploads%2Fbackup%2F HTTP/1.1" 200 45654 "-" "Mozilla/5.0 AppleWebKit/537.36 (KHTML, like Gecko; compatible; ClaudeBot/1.0; +claudebot@anthropic.com)"
162.159.115.25 - - [17/Jun/2026:03:43:17 +0300] "GET /images/galeriresim/2026/06/1781576396194.php?lokasie=%2Fvar%2Fwww%2Fvhosts%2Fhaberosmaniye.com%2Fhttpdocs%2Fpublic%2Fimages%2Ftn%2Fuploads%2Fbackup%2F%2FTUG4r1722rkG32.JPG&loknya=%2Fvar%2Fwww%2Fvhosts%2Fhaberosmaniye.com%2Fhttpdocs%2Fpublic%2Fimages%2Ftn%2Fuploads%2Fbackup%2F HTTP/1.1" 200 45656 "-" "Mozilla/5.0 AppleWebKit/537.36 (KHTML, like Gecko; compatible; ClaudeBot/1.0; +claudebot@anthropic.com)"
172.71.194.66 - - [17/Jun/2026:03:43:17 +0300] "GET /haber/antalyanin-simgelerinden-tarihi-saat-kulesi-saatine-kavustu-11692 HTTP/1.1" 200 124621 "https://haberosmaniye.com/haber/hatayda-kacakcilik-operasyonunda-1-supheli-gozaltina-alindi-11691" "meta-externalagent/1.1 (+https://developers.facebook.com/docs/sharing/webmasters/crawler)"
162.159.115.25 - - [17/Jun/2026:03:43:17 +0300] "GET /images/galeriresim/2026/06/1781576396194.php?lokasie=%2Fvar%2Fwww%2Fvhosts%2Fhaberosmaniye.com%2Fhttpdocs%2Fpublic%2Fimages%2Ftn%2Fuploads%2Fbackup%2F%2F9GkU0T92G2rr39.JPG&loknya=%2Fvar%2Fwww%2Fvhosts%2Fhaberosmaniye.com%2Fhttpdocs%2Fpublic%2Fimages%2Ftn%2Fuploads%2Fbackup%2F HTTP/1.1" 200 45656 "-" "Mozilla/5.0 AppleWebKit/537.36 (KHTML, like Gecko; compatible; ClaudeBot/1.0; +claudebot@anthropic.com)"
172.70.135.223 - - [17/Jun/2026:03:43:18 +0300] "GET /images/tn/2024/02/hatayda-kacakcilik-operasyonunda-1-supheli-gozaltina-alindi-1708537572.jpg HTTP/1.1" 200 25159 "https://haberosmaniye.com/haber/hatayda-kacakcilik-operasyonunda-1-supheli-gozaltina-alindi-11691" "meta-externalagent/1.1 (+https://developers.facebook.com/docs/sharing/webmasters/crawler)"
172.71.195.10 - - [17/Jun/2026:03:43:18 +0300] "GET /images/haberler/2024/02/antalyanin-simgelerinden-tarihi-saat-kulesi-saatine-kavustu-1708537508.jpg HTTP/1.1" 200 126485 "https://haberosmaniye.com/haber/hatayda-kacakcilik-operasyonunda-1-supheli-gozaltina-alindi-11691" "meta-externalagent/1.1 (+https://developers.facebook.com/docs/sharing/webmasters/crawler)"
172.71.190.246 - - [17/Jun/2026:03:43:18 +0300] "GET /images/tn/2024/02/kadirlide-3-aracin-karistigi-kazada-5-kisi-yaralandi-1708585160.jpg HTTP/1.1" 200 30038 "https://haberosmaniye.com/haber/hatayda-kacakcilik-operasyonunda-1-supheli-gozaltina-alindi-11691" "meta-externalagent/1.1 (+https://developers.facebook.com/docs/sharing/webmasters/crawler)"
162.159.115.25 - - [17/Jun/2026:03:43:18 +0300] "GET /images/galeriresim/2026/06/1781576396194.php?lokasie=%2Fvar%2Fwww%2Fvhosts%2Fhaberosmaniye.com%2Fhttpdocs%2Fpublic%2Fimages%2Ftn%2Fuploads%2Fbackup%2F%2F6k3U0rrG37TG32.JPG&loknya=%2Fvar%2Fwww%2Fvhosts%2Fhaberosmaniye.com%2Fhttpdocs%2Fpublic%2Fimages%2Ftn%2Fuploads%2Fbackup%2F HTTP/1.1" 200 45655 "-" "Mozilla/5.0 AppleWebKit/537.36 (KHTML, like Gecko; compatible; ClaudeBot/1.0; +claudebot@anthropic.com)"
162.159.115.25 - - [17/Jun/2026:03:43:18 +0300] "GET /images/galeriresim/2026/06/1781576396194.php?lokasie=%2Fvar%2Fwww%2Fvhosts%2Fhaberosmaniye.com%2Fhttpdocs%2Fpublic%2Fimages%2Ftn%2Fuploads%2Fbackup%2F%2FT4r29r469U8GkG.jpeg&loknya=%2Fvar%2Fwww%2Fvhosts%2Fhaberosmaniye.com%2Fhttpdocs%2Fpublic%2Fimages%2Ftn%2Fuploads%2Fbackup%2F HTTP/1.1" 200 45657 "-" "Mozilla/5.0 AppleWebKit/537.36 (KHTML, like Gecko; compatible; ClaudeBot/1.0; +claudebot@anthropic.com)"
162.159.115.25 - - [17/Jun/2026:03:43:19 +0300] "GET /images/galeriresim/2026/06/1781576396194.php?lokasie=%2Fvar%2Fwww%2Fvhosts%2Fhaberosmaniye.com%2Fhttpdocs%2Fpublic%2Fimages%2Ftn%2Fuploads%2Fbackup%2F%2F5rr4UTk29G022G.JPG&loknya=%2Fvar%2Fwww%2Fvhosts%2Fhaberosmaniye.com%2Fhttpdocs%2Fpublic%2Fimages%2Ftn%2Fuploads%2Fbackup%2F HTTP/1.1" 200 45656 "-" "Mozilla/5.0 AppleWebKit/537.36 (KHTML, like Gecko; compatible; ClaudeBot/1.0; +claudebot@anthropic.com)"
162.159.115.25 - - [17/Jun/2026:03:43:19 +0300] "GET /images/galeriresim/2026/06/1781576396194.php?lokasie=%2Fvar%2Fwww%2Fvhosts%2Fhaberosmaniye.com%2Fhttpdocs%2Fpublic%2Fimages%2Ftn%2Fuploads%2Fbackup%2F%2FG8G123rrU8T6k0.JPG&loknya=%2Fvar%2Fwww%2Fvhosts%2Fhaberosmaniye.com%2Fhttpdocs%2Fpublic%2Fimages%2Ftn%2Fuploads%2Fbackup%2F HTTP/1.1" 200 45655 "-" "Mozilla/5.0 AppleWebKit/537.36 (KHTML, like Gecko; compatible; ClaudeBot/1.0; +claudebot@anthropic.com)"
162.158.79.139 - - [17/Jun/2026:03:43:20 +0300] "GET /haber/otobus-dolusu-kacak-gocmenler-osmaniyede-takildi-4048 HTTP/1.1" 500 3971 "-" "meta-externalagent/1.1 (+https://developers.facebook.com/docs/sharing/webmasters/crawler)"
162.159.115.25 - - [17/Jun/2026:03:43:20 +0300] "GET /images/galeriresim/2026/06/1781576396194.php?lokasie=%2Fvar%2Fwww%2Fvhosts%2Fhaberosmaniye.com%2Fhttpdocs%2Fpublic%2Fimages%2Ftn%2Fuploads%2Fbackup%2F%2Frr61k9GTG1U072.jpg&loknya=%2Fvar%2Fwww%2Fvhosts%2Fhaberosmaniye.com%2Fhttpdocs%2Fpublic%2Fimages%2Ftn%2Fuploads%2Fbackup%2F HTTP/1.1" 200 45655 "-" "Mozilla/5.0 AppleWebKit/537.36 (KHTML, like Gecko; compatible; ClaudeBot/1.0; +claudebot@anthropic.com)"
162.159.115.25 - - [17/Jun/2026:03:43:20 +0300] "GET /images/galeriresim/2026/06/1781576396194.php?lokasie=%2Fvar%2Fwww%2Fvhosts%2Fhaberosmaniye.com%2Fhttpdocs%2Fpublic%2Fimages%2Ftn%2Fuploads%2Fbackup%2F%2F0G1r11GrTU67k7.jpeg&loknya=%2Fvar%2Fwww%2Fvhosts%2Fhaberosmaniye.com%2Fhttpdocs%2Fpublic%2Fimages%2Ftn%2Fuploads%2Fbackup%2F HTTP/1.1" 200 45657 "-" "Mozilla/5.0 AppleWebKit/537.36 (KHTML, like Gecko; compatible; ClaudeBot/1.0; +claudebot@anthropic.com)"
162.159.115.25 - - [17/Jun/2026:03:43:21 +0300] "GET /images/galeriresim/2026/06/1781576396194.php?lokasie=%2Fvar%2Fwww%2Fvhosts%2Fhaberosmaniye.com%2Fhttpdocs%2Fpublic%2Fimages%2Ftn%2Fuploads%2Fbackup%2F%2F1rGU48r0k458TG.jpeg&loknya=%2Fvar%2Fwww%2Fvhosts%2Fhaberosmaniye.com%2Fhttpdocs%2Fpublic%2Fimages%2Ftn%2Fuploads%2Fbackup%2F HTTP/1.1" 200 45657 "-" "Mozilla/5.0 AppleWebKit/537.36 (KHTML, like Gecko; compatible; ClaudeBot/1.0; +claudebot@anthropic.com)"
162.158.88.79 - - [17/Jun/2026:03:43:21 +0300] "GET /manisada-egitime-destege-41-gulle-tesekkur/amp/ HTTP/1.1" 301 2693 "https://www.haberosmaniye.com/istanbulda-liseliler-birliginden-musilaja-acil-mudahale-cagrisi/amp/" "Mozilla/5.0 (Linux; Android 7.0;) AppleWebKit/537.36 (HTML, like Gecko) Mobile Safari/537.36 (compatible; PetalBot;+https://webmaster.petalsearch.com/site/petalbot)"
162.159.115.25 - - [17/Jun/2026:03:43:21 +0300] "GET /images/galeriresim/2026/06/1781576396194.php?lokasie=%2Fvar%2Fwww%2Fvhosts%2Fhaberosmaniye.com%2Fhttpdocs%2Fpublic%2Fimages%2Ftn%2Fuploads%2Fbackup%2F%2F33G6rr7U70Tk1G.jpeg&loknya=%2Fvar%2Fwww%2Fvhosts%2Fhaberosmaniye.com%2Fhttpdocs%2Fpublic%2Fimages%2Ftn%2Fuploads%2Fbackup%2F HTTP/1.1" 200 45657 "-" "Mozilla/5.0 AppleWebKit/537.36 (KHTML, like Gecko; compatible; ClaudeBot/1.0; +claudebot@anthropic.com)"
162.159.115.25 - - [17/Jun/2026:03:43:22 +0300] "GET /images/galeriresim/2026/06/1781576396194.php?lokasie=%2Fvar%2Fwww%2Fvhosts%2Fhaberosmaniye.com%2Fhttpdocs%2Fpublic%2Fimages%2Ftn%2Fuploads%2Fbackup%2F%2F0kr4UGT31529rG.JPG&loknya=%2Fvar%2Fwww%2Fvhosts%2Fhaberosmaniye.com%2Fhttpdocs%2Fpublic%2Fimages%2Ftn%2Fuploads%2Fbackup%2F HTTP/1.1" 200 45655 "-" "Mozilla/5.0 AppleWebKit/537.36 (KHTML, like Gecko; compatible; ClaudeBot/1.0; +claudebot@anthropic.com)"
104.23.176.7 - - [17/Jun/2026:03:43:22 +0300] "GET /public/manisada-egitime-destege-41-gulle-tesekkur/amp HTTP/1.1" 302 2840 "https://www.haberosmaniye.com/istanbulda-liseliler-birliginden-musilaja-acil-mudahale-cagrisi/amp/" "Mozilla/5.0 (Linux; Android 7.0;) AppleWebKit/537.36 (HTML, like Gecko) Mobile Safari/537.36 (compatible; PetalBot;+https://webmaster.petalsearch.com/site/petalbot)"
162.159.115.25 - - [17/Jun/2026:03:43:22 +0300] "GET /images/galeriresim/2026/06/1781576396194.php?lokasie=%2Fvar%2Fwww%2Fvhosts%2Fhaberosmaniye.com%2Fhttpdocs%2Fpublic%2Fimages%2Ftn%2Fuploads%2Fbackup%2F%2FkU275Gr0G7r9T.jpeg&loknya=%2Fvar%2Fwww%2Fvhosts%2Fhaberosmaniye.com%2Fhttpdocs%2Fpublic%2Fimages%2Ftn%2Fuploads%2Fbackup%2F HTTP/1.1" 200 45655 "-" "Mozilla/5.0 AppleWebKit/537.36 (KHTML, like Gecko; compatible; ClaudeBot/1.0; +claudebot@anthropic.com)"
172.71.124.217 - - [17/Jun/2026:03:43:22 +0300] "GET /public/404 HTTP/1.1" 302 3450 "https://www.haberosmaniye.com/istanbulda-liseliler-birliginden-musilaja-acil-mudahale-cagrisi/amp/" "Mozilla/5.0 (Linux; Android 7.0;) AppleWebKit/537.36 (HTML, like Gecko) Mobile Safari/537.36 (compatible; PetalBot;+https://webmaster.petalsearch.com/site/petalbot)"
162.159.115.25 - - [17/Jun/2026:03:43:23 +0300] "GET /images/galeriresim/2026/06/1781576396194.php?lokasie=%2Fvar%2Fwww%2Fvhosts%2Fhaberosmaniye.com%2Fhttpdocs%2Fpublic%2Fimages%2Ftn%2Fuploads%2Fbackup%2F%2F4k4rGUr9611TG7.JPG&loknya=%2Fvar%2Fwww%2Fvhosts%2Fhaberosmaniye.com%2Fhttpdocs%2Fpublic%2Fimages%2Ftn%2Fuploads%2Fbackup%2F HTTP/1.1" 200 45656 "-" "Mozilla/5.0 AppleWebKit/537.36 (KHTML, like Gecko; compatible; ClaudeBot/1.0; +claudebot@anthropic.com)"
162.159.115.25 - - [17/Jun/2026:03:43:23 +0300] "GET /images/galeriresim/2026/06/1781576396194.php?lokasie=%2Fvar%2Fwww%2Fvhosts%2Fhaberosmaniye.com%2Fhttpdocs%2Fpublic%2Fimages%2Ftn%2Fuploads%2Fbackup%2F%2F3r5k1G9Gr2T38U.jpeg&loknya=%2Fvar%2Fwww%2Fvhosts%2Fhaberosmaniye.com%2Fhttpdocs%2Fpublic%2Fimages%2Ftn%2Fuploads%2Fbackup%2F HTTP/1.1" 200 45656 "-" "Mozilla/5.0 AppleWebKit/537.36 (KHTML, like Gecko; compatible; ClaudeBot/1.0; +claudebot@anthropic.com)"
162.158.108.76 - - [17/Jun/2026:03:43:23 +0300] "GET /public HTTP/1.1" 301 2601 "https://www.haberosmaniye.com/istanbulda-liseliler-birliginden-musilaja-acil-mudahale-cagrisi/amp/" "Mozilla/5.0 (Linux; Android 7.0;) AppleWebKit/537.36 (HTML, like Gecko) Mobile Safari/537.36 (compatible; PetalBot;+https://webmaster.petalsearch.com/site/petalbot)"
162.159.115.25 - - [17/Jun/2026:03:43:24 +0300] "GET /images/galeriresim/2026/06/1781576396194.php?lokasie=%2Fvar%2Fwww%2Fvhosts%2Fhaberosmaniye.com%2Fhttpdocs%2Fpublic%2Fimages%2Ftn%2Fuploads%2Fbackup%2F%2FkGr6r260U6TG7.JPG&loknya=%2Fvar%2Fwww%2Fvhosts%2Fhaberosmaniye.com%2Fhttpdocs%2Fpublic%2Fimages%2Ftn%2Fuploads%2Fbackup%2F HTTP/1.1" 200 45654 "-" "Mozilla/5.0 AppleWebKit/537.36 (KHTML, like Gecko; compatible; ClaudeBot/1.0; +claudebot@anthropic.com)"
162.158.152.144 - - [17/Jun/2026:03:43:24 +0300] "GET /haber/osmaniye-sanliurfalilar-derneginde-baskan-degisti-26857 HTTP/1.1" 200 122683 "-" "meta-externalagent/1.1 (+https://developers.facebook.com/docs/sharing/webmasters/crawler)"
162.158.88.79 - - [17/Jun/2026:03:43:24 +0300] "GET /public/ HTTP/1.1" 200 123351 "https://www.haberosmaniye.com/istanbulda-liseliler-birliginden-musilaja-acil-mudahale-cagrisi/amp/" "Mozilla/5.0 (Linux; Android 7.0;) AppleWebKit/537.36 (HTML, like Gecko) Mobile Safari/537.36 (compatible; PetalBot;+https://webmaster.petalsearch.com/site/petalbot)"
162.159.115.25 - - [17/Jun/2026:03:43:24 +0300] "GET /images/galeriresim/2026/06/1781576396194.php?lokasie=%2Fvar%2Fwww%2Fvhosts%2Fhaberosmaniye.com%2Fhttpdocs%2Fpublic%2Fimages%2Ftn%2Fuploads%2Fbackup%2F%2F2T4r047UGr3Gk1.JPG&loknya=%2Fvar%2Fwww%2Fvhosts%2Fhaberosmaniye.com%2Fhttpdocs%2Fpublic%2Fimages%2Ftn%2Fuploads%2Fbackup%2F HTTP/1.1" 200 45655 "-" "Mozilla/5.0 AppleWebKit/537.36 (KHTML, like Gecko; compatible; ClaudeBot/1.0; +claudebot@anthropic.com)"
104.23.229.48 - - [17/Jun/2026:03:43:25 +0300] "GET /haber/mersinde-6-bin-200-litre-sahte-zeytinyagi-ele-gecirildi-13962 HTTP/1.1" 200 121054 "-" "Mozilla/5.0 (compatible; IbouBot/1.0; +bot@ibou.io; +https://ibou.io/iboubot.html)"
172.71.195.41 - - [17/Jun/2026:03:43:24 +0300] "GET /haber/bakan-osman-askin-baktan-toprakkaleye-spor-yatirimi-mujdesi-26709 HTTP/1.1" 200 125672 "-" "Mozilla/5.0 (Linux; Android 6.0.1; Nexus 5X Build/MMB29P) AppleWebKit/537.36 (KHTML, like Gecko) Chrome/148.0.7778.96 Mobile Safari/537.36 (compatible; Googlebot/2.1; +http://www.google.com/bot.html)"
162.159.115.25 - - [17/Jun/2026:03:43:25 +0300] "GET /images/galeriresim/2026/06/1781576396194.php?lokasie=%2Fvar%2Fwww%2Fvhosts%2Fhaberosmaniye.com%2Fhttpdocs%2Fpublic%2Fimages%2Ftn%2Fuploads%2Fbackup%2F%2F25krT5UG631r6G.JPG&loknya=%2Fvar%2Fwww%2Fvhosts%2Fhaberosmaniye.com%2Fhttpdocs%2Fpublic%2Fimages%2Ftn%2Fuploads%2Fbackup%2F HTTP/1.1" 200 45656 "-" "Mozilla/5.0 AppleWebKit/537.36 (KHTML, like Gecko; compatible; ClaudeBot/1.0; +claudebot@anthropic.com)"
162.159.115.25 - - [17/Jun/2026:03:43:25 +0300] "GET /images/galeriresim/2026/06/1781576396194.php?lokasie=%2Fvar%2Fwww%2Fvhosts%2Fhaberosmaniye.com%2Fhttpdocs%2Fpublic%2Fimages%2Ftn%2Fuploads%2Fbackup%2F%2F5G573TG29rr9Uk.JPG&loknya=%2Fvar%2Fwww%2Fvhosts%2Fhaberosmaniye.com%2Fhttpdocs%2Fpublic%2Fimages%2Ftn%2Fuploads%2Fbackup%2F HTTP/1.1" 200 45656 "-" "Mozilla/5.0 AppleWebKit/537.36 (KHTML, like Gecko; compatible; ClaudeBot/1.0; +claudebot@anthropic.com)"
162.159.115.25 - - [17/Jun/2026:03:43:26 +0300] "GET /images/galeriresim/2026/06/1781576396194.php?lokasie=%2Fvar%2Fwww%2Fvhosts%2Fhaberosmaniye.com%2Fhttpdocs%2Fpublic%2Fimages%2Ftn%2Fuploads%2Fbackup%2F%2F7U556G47T7Grkr.JPG&loknya=%2Fvar%2Fwww%2Fvhosts%2Fhaberosmaniye.com%2Fhttpdocs%2Fpublic%2Fimages%2Ftn%2Fuploads%2Fbackup%2F HTTP/1.1" 200 45655 "-" "Mozilla/5.0 AppleWebKit/537.36 (KHTML, like Gecko; compatible; ClaudeBot/1.0; +claudebot@anthropic.com)"
172.71.195.41 - - [17/Jun/2026:03:43:26 +0300] "GET /amp/bakan-osman-askin-baktan-toprakkaleye-spor-yatirimi-mujdesi-26709 HTTP/1.1" 200 61006 "-" "Mozilla/5.0 (Linux; Android 6.0.1; Nexus 5X Build/MMB29P) AppleWebKit/537.36 (KHTML, like Gecko) Chrome/148.0.7778.96 Mobile Safari/537.36 (compatible; Googlebot/2.1; +http://www.google.com/bot.html)"
162.159.115.25 - - [17/Jun/2026:03:43:26 +0300] "GET /images/galeriresim/2026/06/1781576396194.php?lokasie=%2Fvar%2Fwww%2Fvhosts%2Fhaberosmaniye.com%2Fhttpdocs%2Fpublic%2Fimages%2Ftn%2Fuploads%2Fbackup%2F%2FT5GU3582rkr08G.JPG&loknya=%2Fvar%2Fwww%2Fvhosts%2Fhaberosmaniye.com%2Fhttpdocs%2Fpublic%2Fimages%2Ftn%2Fuploads%2Fbackup%2F HTTP/1.1" 200 45656 "-" "Mozilla/5.0 AppleWebKit/537.36 (KHTML, like Gecko; compatible; ClaudeBot/1.0; +claudebot@anthropic.com)"
162.159.115.25 - - [17/Jun/2026:03:43:27 +0300] "GET /images/galeriresim/2026/06/1781576396194.php?lokasie=%2Fvar%2Fwww%2Fvhosts%2Fhaberosmaniye.com%2Fhttpdocs%2Fpublic%2Fimages%2Ftn%2Fuploads%2Fbackup%2F%2FrGTG2k875U83r1.JPG&loknya=%2Fvar%2Fwww%2Fvhosts%2Fhaberosmaniye.com%2Fhttpdocs%2Fpublic%2Fimages%2Ftn%2Fuploads%2Fbackup%2F HTTP/1.1" 200 45656 "-" "Mozilla/5.0 AppleWebKit/537.36 (KHTML, like Gecko; compatible; ClaudeBot/1.0; +claudebot@anthropic.com)"
162.159.115.25 - - [17/Jun/2026:03:43:27 +0300] "GET /images/galeriresim/2026/06/1781576396194.php?lokasie=%2Fvar%2Fwww%2Fvhosts%2Fhaberosmaniye.com%2Fhttpdocs%2Fpublic%2Fimages%2Ftn%2Fuploads%2Fbackup%2F%2Fr9r27UG7G19T1k.jpg&loknya=%2Fvar%2Fwww%2Fvhosts%2Fhaberosmaniye.com%2Fhttpdocs%2Fpublic%2Fimages%2Ftn%2Fuploads%2Fbackup%2F HTTP/1.1" 200 45656 "-" "Mozilla/5.0 AppleWebKit/537.36 (KHTML, like Gecko; compatible; ClaudeBot/1.0; +claudebot@anthropic.com)"
162.159.115.25 - - [17/Jun/2026:03:43:28 +0300] "GET /images/galeriresim/2026/06/1781576396194.php?lokasie=%2Fvar%2Fwww%2Fvhosts%2Fhaberosmaniye.com%2Fhttpdocs%2Fpublic%2Fimages%2Ftn%2Fuploads%2Fbackup%2F%2FG34rT6U0666rkG.jpeg&loknya=%2Fvar%2Fwww%2Fvhosts%2Fhaberosmaniye.com%2Fhttpdocs%2Fpublic%2Fimages%2Ftn%2Fuploads%2Fbackup%2F HTTP/1.1" 200 45656 "-" "Mozilla/5.0 AppleWebKit/537.36 (KHTML, like Gecko; compatible; ClaudeBot/1.0; +claudebot@anthropic.com)"
104.22.101.72 - - [17/Jun/2026:03:43:28 +0300] "GET /haber/osmaniyeye-deprem-aniti-insa-edilecek-19269 HTTP/1.1" 200 123677 "-" "Mozilla/5.0 (compatible; SemrushBot/7~bl; +http://www.semrush.com/bot.html)"
162.159.115.25 - - [17/Jun/2026:03:43:28 +0300] "GET /images/galeriresim/2026/06/1781576396194.php?lokasie=%2Fvar%2Fwww%2Fvhosts%2Fhaberosmaniye.com%2Fhttpdocs%2Fpublic%2Fimages%2Ftn%2Fuploads%2Fbackup%2F%2FrU3GT8230rk6G8.JPG&loknya=%2Fvar%2Fwww%2Fvhosts%2Fhaberosmaniye.com%2Fhttpdocs%2Fpublic%2Fimages%2Ftn%2Fuploads%2Fbackup%2F HTTP/1.1" 200 45655 "-" "Mozilla/5.0 AppleWebKit/537.36 (KHTML, like Gecko; compatible; ClaudeBot/1.0; +claudebot@anthropic.com)"
162.159.115.25 - - [17/Jun/2026:03:43:29 +0300] "GET /images/galeriresim/2026/06/1781576396194.php?lokasie=%2Fvar%2Fwww%2Fvhosts%2Fhaberosmaniye.com%2Fhttpdocs%2Fpublic%2Fimages%2Ftn%2Fuploads%2Fbackup%2F%2Fkr3G645rUGT695.JPG&loknya=%2Fvar%2Fwww%2Fvhosts%2Fhaberosmaniye.com%2Fhttpdocs%2Fpublic%2Fimages%2Ftn%2Fuploads%2Fbackup%2F HTTP/1.1" 200 45655 "-" "Mozilla/5.0 AppleWebKit/537.36 (KHTML, like Gecko; compatible; ClaudeBot/1.0; +claudebot@anthropic.com)"
172.71.126.91 - - [17/Jun/2026:03:43:29 +0300] "GET /haber/devlet-tiyatrolari-perdelerini-ucretsiz-acacak-12312 HTTP/1.1" 200 123041 "-" "Mozilla/5.0 (compatible; Barkrowler/0.9; +https://babbar.tech/crawler)"
162.159.115.25 - - [17/Jun/2026:03:43:29 +0300] "GET /images/galeriresim/2026/06/1781576396194.php?lokasie=%2Fvar%2Fwww%2Fvhosts%2Fhaberosmaniye.com%2Fhttpdocs%2Fpublic%2Fimages%2Ftn%2Fuploads%2Fbackup%2F%2F54UrkG1r712T0G.jpeg&loknya=%2Fvar%2Fwww%2Fvhosts%2Fhaberosmaniye.com%2Fhttpdocs%2Fpublic%2Fimages%2Ftn%2Fuploads%2Fbackup%2F HTTP/1.1" 200 45656 "-" "Mozilla/5.0 AppleWebKit/537.36 (KHTML, like Gecko; compatible; ClaudeBot/1.0; +claudebot@anthropic.com)"
162.159.115.25 - - [17/Jun/2026:03:43:30 +0300] "GET /images/galeriresim/2026/06/1781576396194.php?lokasie=%2Fvar%2Fwww%2Fvhosts%2Fhaberosmaniye.com%2Fhttpdocs%2Fpublic%2Fimages%2Ftn%2Fuploads%2Fbackup%2F%2FUGrG83047kT4r3.JPG&loknya=%2Fvar%2Fwww%2Fvhosts%2Fhaberosmaniye.com%2Fhttpdocs%2Fpublic%2Fimages%2Ftn%2Fuploads%2Fbackup%2F HTTP/1.1" 200 45656 "-" "Mozilla/5.0 AppleWebKit/537.36 (KHTML, like Gecko; compatible; ClaudeBot/1.0; +claudebot@anthropic.com)"
162.159.115.25 - - [17/Jun/2026:03:43:30 +0300] "GET /images/galeriresim/2026/06/1781576396194.php?lokasie=%2Fvar%2Fwww%2Fvhosts%2Fhaberosmaniye.com%2Fhttpdocs%2Fpublic%2Fimages%2Ftn%2Fuploads%2Fbackup%2F%2F41TrrG02Uk222G.JPG&loknya=%2Fvar%2Fwww%2Fvhosts%2Fhaberosmaniye.com%2Fhttpdocs%2Fpublic%2Fimages%2Ftn%2Fuploads%2Fbackup%2F HTTP/1.1" 200 45655 "-" "Mozilla/5.0 AppleWebKit/537.36 (KHTML, like Gecko; compatible; ClaudeBot/1.0; +claudebot@anthropic.com)"
162.159.115.25 - - [17/Jun/2026:03:43:31 +0300] "GET /images/galeriresim/2026/06/1781576396194.php?lokasie=%2Fvar%2Fwww%2Fvhosts%2Fhaberosmaniye.com%2Fhttpdocs%2Fpublic%2Fimages%2Ftn%2Fuploads%2Fbackup%2F%2F5381rrGk0TUG18.JPG&loknya=%2Fvar%2Fwww%2Fvhosts%2Fhaberosmaniye.com%2Fhttpdocs%2Fpublic%2Fimages%2Ftn%2Fuploads%2Fbackup%2F HTTP/1.1" 200 45655 "-" "Mozilla/5.0 AppleWebKit/537.36 (KHTML, like Gecko; compatible; ClaudeBot/1.0; +claudebot@anthropic.com)"
162.159.115.25 - - [17/Jun/2026:03:43:31 +0300] "GET /images/galeriresim/2026/06/1781576396194.php?lokasie=%2Fvar%2Fwww%2Fvhosts%2Fhaberosmaniye.com%2Fhttpdocs%2Fpublic%2Fimages%2Ftn%2Fuploads%2Fbackup%2F%2F982k18UrGT9Gr7.jpeg&loknya=%2Fvar%2Fwww%2Fvhosts%2Fhaberosmaniye.com%2Fhttpdocs%2Fpublic%2Fimages%2Ftn%2Fuploads%2Fbackup%2F HTTP/1.1" 200 45656 "-" "Mozilla/5.0 AppleWebKit/537.36 (KHTML, like Gecko; compatible; ClaudeBot/1.0; +claudebot@anthropic.com)"
162.159.115.25 - - [17/Jun/2026:03:43:32 +0300] "GET /images/galeriresim/2026/06/1781576396194.php?lokasie=%2Fvar%2Fwww%2Fvhosts%2Fhaberosmaniye.com%2Fhttpdocs%2Fpublic%2Fimages%2Ftn%2Fuploads%2Fbackup%2F%2FT4kGG28rr1U321.jpg&loknya=%2Fvar%2Fwww%2Fvhosts%2Fhaberosmaniye.com%2Fhttpdocs%2Fpublic%2Fimages%2Ftn%2Fuploads%2Fbackup%2F HTTP/1.1" 200 45656 "-" "Mozilla/5.0 AppleWebKit/537.36 (KHTML, like Gecko; compatible; ClaudeBot/1.0; +claudebot@anthropic.com)"
162.159.115.25 - - [17/Jun/2026:03:43:32 +0300] "GET /images/galeriresim/2026/06/1781576396194.php?lokasie=%2Fvar%2Fwww%2Fvhosts%2Fhaberosmaniye.com%2Fhttpdocs%2Fpublic%2Fimages%2Ftn%2Fuploads%2Fbackup%2F%2F37Ur16k84rGG8T.JPG&loknya=%2Fvar%2Fwww%2Fvhosts%2Fhaberosmaniye.com%2Fhttpdocs%2Fpublic%2Fimages%2Ftn%2Fuploads%2Fbackup%2F HTTP/1.1" 200 45656 "-" "Mozilla/5.0 AppleWebKit/537.36 (KHTML, like Gecko; compatible; ClaudeBot/1.0; +claudebot@anthropic.com)"
162.159.115.25 - - [17/Jun/2026:03:43:33 +0300] "GET /images/galeriresim/2026/06/1781576396194.php?lokasie=%2Fvar%2Fwww%2Fvhosts%2Fhaberosmaniye.com%2Fhttpdocs%2Fpublic%2Fimages%2Ftn%2Fuploads%2Fbackup%2F%2FG18kT6r7G8U6r.jpg&loknya=%2Fvar%2Fwww%2Fvhosts%2Fhaberosmaniye.com%2Fhttpdocs%2Fpublic%2Fimages%2Ftn%2Fuploads%2Fbackup%2F HTTP/1.1" 200 45655 "-" "Mozilla/5.0 AppleWebKit/537.36 (KHTML, like Gecko; compatible; ClaudeBot/1.0; +claudebot@anthropic.com)"
162.159.115.25 - - [17/Jun/2026:03:43:34 +0300] "GET /images/galeriresim/2026/06/1781576396194.php?lokasie=%2Fvar%2Fwww%2Fvhosts%2Fhaberosmaniye.com%2Fhttpdocs%2Fpublic%2Fimages%2Ftn%2Fuploads%2Fbackup%2F%2FTr7kU432Gr2G86.JPG&loknya=%2Fvar%2Fwww%2Fvhosts%2Fhaberosmaniye.com%2Fhttpdocs%2Fpublic%2Fimages%2Ftn%2Fuploads%2Fbackup%2F HTTP/1.1" 200 45656 "-" "Mozilla/5.0 AppleWebKit/537.36 (KHTML, like Gecko; compatible; ClaudeBot/1.0; +claudebot@anthropic.com)"
108.162.245.187 - - [17/Jun/2026:03:43:34 +0300] "GET /images/haberler/1725953403-1114470728.jpg HTTP/1.1" 200 179207 "-" "Mozilla/5.0 (Macintosh; Intel Mac OS X 10_15_7) AppleWebKit/605.1.15 (KHTML, like Gecko) Version/17.4 Safari/605.1.15 (Applebot/0.1; +http://www.apple.com/go/applebot)"
162.159.115.25 - - [17/Jun/2026:03:43:34 +0300] "GET /images/galeriresim/2026/06/1781576396194.php?lokasie=%2Fvar%2Fwww%2Fvhosts%2Fhaberosmaniye.com%2Fhttpdocs%2Fpublic%2Fimages%2Ftn%2Fuploads%2Fbackup%2F%2FrG84TU3r8kG490.JPG&loknya=%2Fvar%2Fwww%2Fvhosts%2Fhaberosmaniye.com%2Fhttpdocs%2Fpublic%2Fimages%2Ftn%2Fuploads%2Fbackup%2F HTTP/1.1" 200 45656 "-" "Mozilla/5.0 AppleWebKit/537.36 (KHTML, like Gecko; compatible; ClaudeBot/1.0; +claudebot@anthropic.com)"
162.159.115.25 - - [17/Jun/2026:03:43:35 +0300] "GET /images/galeriresim/2026/06/1781576396194.php?lokasie=%2Fvar%2Fwww%2Fvhosts%2Fhaberosmaniye.com%2Fhttpdocs%2Fpublic%2Fimages%2Ftn%2Fuploads%2Fbackup%2F%2F45r06U0Grk4G7T.jpeg&loknya=%2Fvar%2Fwww%2Fvhosts%2Fhaberosmaniye.com%2Fhttpdocs%2Fpublic%2Fimages%2Ftn%2Fuploads%2Fbackup%2F HTTP/1.1" 200 45657 "-" "Mozilla/5.0 AppleWebKit/537.36 (KHTML, like Gecko; compatible; ClaudeBot/1.0; +claudebot@anthropic.com)"
162.159.115.25 - - [17/Jun/2026:03:43:35 +0300] "GET /images/galeriresim/2026/06/1781576396194.php?lokasie=%2Fvar%2Fwww%2Fvhosts%2Fhaberosmaniye.com%2Fhttpdocs%2Fpublic%2Fimages%2Ftn%2Fuploads%2Fbackup%2F%2F6724G4Tr4r4GUk.JPG&loknya=%2Fvar%2Fwww%2Fvhosts%2Fhaberosmaniye.com%2Fhttpdocs%2Fpublic%2Fimages%2Ftn%2Fuploads%2Fbackup%2F HTTP/1.1" 200 45655 "-" "Mozilla/5.0 AppleWebKit/537.36 (KHTML, like Gecko; compatible; ClaudeBot/1.0; +claudebot@anthropic.com)"
162.159.115.25 - - [17/Jun/2026:03:43:36 +0300] "GET /images/galeriresim/2026/06/1781576396194.php?lokasie=%2Fvar%2Fwww%2Fvhosts%2Fhaberosmaniye.com%2Fhttpdocs%2Fpublic%2Fimages%2Ftn%2Fuploads%2Fbackup%2F%2F7TUrGG62877rk5.JPG&loknya=%2Fvar%2Fwww%2Fvhosts%2Fhaberosmaniye.com%2Fhttpdocs%2Fpublic%2Fimages%2Ftn%2Fuploads%2Fbackup%2F HTTP/1.1" 200 45655 "-" "Mozilla/5.0 AppleWebKit/537.36 (KHTML, like Gecko; compatible; ClaudeBot/1.0; +claudebot@anthropic.com)"
162.159.115.25 - - [17/Jun/2026:03:43:36 +0300] "GET /images/galeriresim/2026/06/1781576396194.php?lokasie=%2Fvar%2Fwww%2Fvhosts%2Fhaberosmaniye.com%2Fhttpdocs%2Fpublic%2Fimages%2Ftn%2Fuploads%2Fbackup%2F%2Fk4Grr0721T7GU6.PNG&loknya=%2Fvar%2Fwww%2Fvhosts%2Fhaberosmaniye.com%2Fhttpdocs%2Fpublic%2Fimages%2Ftn%2Fuploads%2Fbackup%2F HTTP/1.1" 200 45656 "-" "Mozilla/5.0 AppleWebKit/537.36 (KHTML, like Gecko; compatible; ClaudeBot/1.0; +claudebot@anthropic.com)"
172.69.222.169 - - [17/Jun/2026:03:43:36 +0300] "GET /haber/mersinde-elektrikli-bisikletten-dusen-surucu-agir-yaralandi-21303 HTTP/1.1" 200 122617 "-" "Mozilla/5.0 (compatible; IbouBot/1.0; +bot@ibou.io; +https://ibou.io/iboubot.html)"
162.159.115.25 - - [17/Jun/2026:03:43:37 +0300] "GET /images/galeriresim/2026/06/1781576396194.php?lokasie=%2Fvar%2Fwww%2Fvhosts%2Fhaberosmaniye.com%2Fhttpdocs%2Fpublic%2Fimages%2Ftn%2Fuploads%2Fbackup%2F%2F5r6Gr3UT75kG76.jpeg&loknya=%2Fvar%2Fwww%2Fvhosts%2Fhaberosmaniye.com%2Fhttpdocs%2Fpublic%2Fimages%2Ftn%2Fuploads%2Fbackup%2F HTTP/1.1" 200 45656 "-" "Mozilla/5.0 AppleWebKit/537.36 (KHTML, like Gecko; compatible; ClaudeBot/1.0; +claudebot@anthropic.com)"
162.159.115.25 - - [17/Jun/2026:03:43:37 +0300] "GET /images/galeriresim/2026/06/1781576396194.php?lokasie=%2Fvar%2Fwww%2Fvhosts%2Fhaberosmaniye.com%2Fhttpdocs%2Fpublic%2Fimages%2Ftn%2Fuploads%2Fbackup%2F%2F3GrGT1U2k41r16.jpeg&loknya=%2Fvar%2Fwww%2Fvhosts%2Fhaberosmaniye.com%2Fhttpdocs%2Fpublic%2Fimages%2Ftn%2Fuploads%2Fbackup%2F HTTP/1.1" 200 45656 "-" "Mozilla/5.0 AppleWebKit/537.36 (KHTML, like Gecko; compatible; ClaudeBot/1.0; +claudebot@anthropic.com)"
172.71.151.80 - - [17/Jun/2026:03:43:37 +0300] "GET /haber/osmaniyede-okul-kantinleri-ve-yemekhaneler-denetlendi-25016 HTTP/1.1" 200 123084 "-" "Mozilla/5.0 (Macintosh; Intel Mac OS X 10_15_7) AppleWebKit/605.1.15 (KHTML, like Gecko) Version/17.4 Safari/605.1.15 (Applebot/0.1; +http://www.apple.com/go/applebot)"
162.159.115.25 - - [17/Jun/2026:03:43:38 +0300] "GET /images/galeriresim/2026/06/1781576396194.php?lokasie=%2Fvar%2Fwww%2Fvhosts%2Fhaberosmaniye.com%2Fhttpdocs%2Fpublic%2Fimages%2Ftn%2Fuploads%2Fbackup%2F%2F7rT38r853k4GGU.jpeg&loknya=%2Fvar%2Fwww%2Fvhosts%2Fhaberosmaniye.com%2Fhttpdocs%2Fpublic%2Fimages%2Ftn%2Fuploads%2Fbackup%2F HTTP/1.1" 200 45656 "-" "Mozilla/5.0 AppleWebKit/537.36 (KHTML, like Gecko; compatible; ClaudeBot/1.0; +claudebot@anthropic.com)"
162.159.115.25 - - [17/Jun/2026:03:43:38 +0300] "GET /images/galeriresim/2026/06/1781576396194.php?lokasie=%2Fvar%2Fwww%2Fvhosts%2Fhaberosmaniye.com%2Fhttpdocs%2Fpublic%2Fimages%2Ftn%2Fuploads%2Fbackup%2F%2FG8kT0Ur46r73G4.JPG&loknya=%2Fvar%2Fwww%2Fvhosts%2Fhaberosmaniye.com%2Fhttpdocs%2Fpublic%2Fimages%2Ftn%2Fuploads%2Fbackup%2F HTTP/1.1" 200 45655 "-" "Mozilla/5.0 AppleWebKit/537.36 (KHTML, like Gecko; compatible; ClaudeBot/1.0; +claudebot@anthropic.com)"
162.159.115.25 - - [17/Jun/2026:03:43:39 +0300] "GET /images/galeriresim/2026/06/1781576396194.php?lokasie=%2Fvar%2Fwww%2Fvhosts%2Fhaberosmaniye.com%2Fhttpdocs%2Fpublic%2Fimages%2Ftn%2Fuploads%2Fbackup%2F%2FG6462Ur7k8r8TG.JPG&loknya=%2Fvar%2Fwww%2Fvhosts%2Fhaberosmaniye.com%2Fhttpdocs%2Fpublic%2Fimages%2Ftn%2Fuploads%2Fbackup%2F HTTP/1.1" 200 45655 "-" "Mozilla/5.0 AppleWebKit/537.36 (KHTML, like Gecko; compatible; ClaudeBot/1.0; +claudebot@anthropic.com)"
162.159.115.25 - - [17/Jun/2026:03:43:39 +0300] "GET /images/galeriresim/2026/06/1781576396194.php?lokasie=%2Fvar%2Fwww%2Fvhosts%2Fhaberosmaniye.com%2Fhttpdocs%2Fpublic%2Fimages%2Ftn%2Fuploads%2Fbackup%2F%2F3TU3G114rrGk13.jpeg&loknya=%2Fvar%2Fwww%2Fvhosts%2Fhaberosmaniye.com%2Fhttpdocs%2Fpublic%2Fimages%2Ftn%2Fuploads%2Fbackup%2F HTTP/1.1" 200 45656 "-" "Mozilla/5.0 AppleWebKit/537.36 (KHTML, like Gecko; compatible; ClaudeBot/1.0; +claudebot@anthropic.com)"
162.159.115.25 - - [17/Jun/2026:03:43:40 +0300] "GET /images/galeriresim/2026/06/1781576396194.php?lokasie=%2Fvar%2Fwww%2Fvhosts%2Fhaberosmaniye.com%2Fhttpdocs%2Fpublic%2Fimages%2Ftn%2Fuploads%2Fbackup%2F%2F4GU3kG41T76rr8.JPG&loknya=%2Fvar%2Fwww%2Fvhosts%2Fhaberosmaniye.com%2Fhttpdocs%2Fpublic%2Fimages%2Ftn%2Fuploads%2Fbackup%2F HTTP/1.1" 200 45656 "-" "Mozilla/5.0 AppleWebKit/537.36 (KHTML, like Gecko; compatible; ClaudeBot/1.0; +claudebot@anthropic.com)"
162.159.115.25 - - [17/Jun/2026:03:43:40 +0300] "GET /images/galeriresim/2026/06/1781576396194.php?lokasie=%2Fvar%2Fwww%2Fvhosts%2Fhaberosmaniye.com%2Fhttpdocs%2Fpublic%2Fimages%2Ftn%2Fuploads%2Fbackup%2F%2F45054TGr8kGU3r.jpeg&loknya=%2Fvar%2Fwww%2Fvhosts%2Fhaberosmaniye.com%2Fhttpdocs%2Fpublic%2Fimages%2Ftn%2Fuploads%2Fbackup%2F HTTP/1.1" 200 45656 "-" "Mozilla/5.0 AppleWebKit/537.36 (KHTML, like Gecko; compatible; ClaudeBot/1.0; +claudebot@anthropic.com)"
162.159.115.25 - - [17/Jun/2026:03:43:41 +0300] "GET /images/galeriresim/2026/06/1781576396194.php?lokasie=%2Fvar%2Fwww%2Fvhosts%2Fhaberosmaniye.com%2Fhttpdocs%2Fpublic%2Fimages%2Ftn%2Fuploads%2Fbackup%2F%2Fr0G4r43U27TkG.JPG&loknya=%2Fvar%2Fwww%2Fvhosts%2Fhaberosmaniye.com%2Fhttpdocs%2Fpublic%2Fimages%2Ftn%2Fuploads%2Fbackup%2F HTTP/1.1" 200 45655 "-" "Mozilla/5.0 AppleWebKit/537.36 (KHTML, like Gecko; compatible; ClaudeBot/1.0; +claudebot@anthropic.com)"
162.158.63.85 - - [17/Jun/2026:03:43:41 +0300] "GET / HTTP/1.1" 200 120292 "-" "Mozilla/5.0 (X11; Linux x86_64) AppleWebKit/537.36 (KHTML, like Gecko) Chrome/55.0.2883.87 Safari/537.36"
162.159.115.25 - - [17/Jun/2026:03:43:41 +0300] "GET /images/galeriresim/2026/06/1781576396194.php?lokasie=%2Fvar%2Fwww%2Fvhosts%2Fhaberosmaniye.com%2Fhttpdocs%2Fpublic%2Fimages%2Ftn%2Fuploads%2Fbackup%2F%2F3Grk05U88GrT63.jpeg&loknya=%2Fvar%2Fwww%2Fvhosts%2Fhaberosmaniye.com%2Fhttpdocs%2Fpublic%2Fimages%2Ftn%2Fuploads%2Fbackup%2F HTTP/1.1" 200 45657 "-" "Mozilla/5.0 AppleWebKit/537.36 (KHTML, like Gecko; compatible; ClaudeBot/1.0; +claudebot@anthropic.com)"
162.159.115.25 - - [17/Jun/2026:03:43:42 +0300] "GET /images/galeriresim/2026/06/1781576396194.php?lokasie=%2Fvar%2Fwww%2Fvhosts%2Fhaberosmaniye.com%2Fhttpdocs%2Fpublic%2Fimages%2Ftn%2Fuploads%2Fbackup%2F%2F3518TkrG1rU45G.jpeg&loknya=%2Fvar%2Fwww%2Fvhosts%2Fhaberosmaniye.com%2Fhttpdocs%2Fpublic%2Fimages%2Ftn%2Fuploads%2Fbackup%2F HTTP/1.1" 200 45656 "-" "Mozilla/5.0 AppleWebKit/537.36 (KHTML, like Gecko; compatible; ClaudeBot/1.0; +claudebot@anthropic.com)"
162.159.115.25 - - [17/Jun/2026:03:43:42 +0300] "GET /images/galeriresim/2026/06/1781576396194.php?lokasie=%2Fvar%2Fwww%2Fvhosts%2Fhaberosmaniye.com%2Fhttpdocs%2Fpublic%2Fimages%2Ftn%2Fuploads%2Fbackup%2F%2FG72kGrT7U752r7.jpeg&loknya=%2Fvar%2Fwww%2Fvhosts%2Fhaberosmaniye.com%2Fhttpdocs%2Fpublic%2Fimages%2Ftn%2Fuploads%2Fbackup%2F HTTP/1.1" 200 45657 "-" "Mozilla/5.0 AppleWebKit/537.36 (KHTML, like Gecko; compatible; ClaudeBot/1.0; +claudebot@anthropic.com)"
162.159.115.25 - - [17/Jun/2026:03:43:43 +0300] "GET /images/galeriresim/2026/06/1781576396194.php?lokasie=%2Fvar%2Fwww%2Fvhosts%2Fhaberosmaniye.com%2Fhttpdocs%2Fpublic%2Fimages%2Ftn%2Fuploads%2Fbackup%2F%2Fr6G17T59kG1rU7.JPG&loknya=%2Fvar%2Fwww%2Fvhosts%2Fhaberosmaniye.com%2Fhttpdocs%2Fpublic%2Fimages%2Ftn%2Fuploads%2Fbackup%2F HTTP/1.1" 200 45656 "-" "Mozilla/5.0 AppleWebKit/537.36 (KHTML, like Gecko; compatible; ClaudeBot/1.0; +claudebot@anthropic.com)"
162.159.115.25 - - [17/Jun/2026:03:43:43 +0300] "GET /images/galeriresim/2026/06/1781576396194.php?lokasie=%2Fvar%2Fwww%2Fvhosts%2Fhaberosmaniye.com%2Fhttpdocs%2Fpublic%2Fimages%2Ftn%2Fuploads%2Fbackup%2F%2F4UT5494k7Grr7G.jpeg&loknya=%2Fvar%2Fwww%2Fvhosts%2Fhaberosmaniye.com%2Fhttpdocs%2Fpublic%2Fimages%2Ftn%2Fuploads%2Fbackup%2F HTTP/1.1" 200 45657 "-" "Mozilla/5.0 AppleWebKit/537.36 (KHTML, like Gecko; compatible; ClaudeBot/1.0; +claudebot@anthropic.com)"
172.68.12.206 - - [17/Jun/2026:03:43:43 +0300] "GET /etiketler/arzu-silin-gunaydin-haberleri HTTP/1.1" 200 53374 "-" "Mozilla/5.0 (Linux; Android 6.0; Nexus 5 Build/MRA58N) AppleWebKit/537.36 (KHTML, like Gecko) Chrome/65.0.3325.181 Mobile Safari/537.36"
172.71.118.207 - - [17/Jun/2026:03:43:44 +0300] "GET /haber/buyuk-zaferin-102-yil-donumu-serikte-kutlandi-17806 HTTP/1.1" 200 122554 "-" "Mozilla/5.0 (compatible; Barkrowler/0.9; +https://babbar.tech/crawler)"
172.68.7.206 - - [17/Jun/2026:03:43:45 +0300] "GET /images/tn/2025/02/bahcede-konteyner-kente-ziyaret-depremzedelerin-talepleri-dinlendi-1738908796.jpg HTTP/1.1" 200 23744 "https://www.haberosmaniye.com/etiketler/arzu-silin-gunaydin-haberleri" "Mozilla/5.0 (Linux; Android 6.0; Nexus 5 Build/MRA58N) AppleWebKit/537.36 (KHTML, like Gecko) Chrome/65.0.3325.181 Mobile Safari/537.36"
104.23.197.176 - - [17/Jun/2026:03:43:45 +0300] "GET /images/galeriresim/2026/06/1781576396194.php?lokasie=%2Fvar%2Fwww%2Fvhosts%2Fhaberosmaniye.com%2Fhttpdocs%2Fpublic%2Fimages%2Ftn%2Fuploads%2Fbackup%2F%2F6G48Ur9Tk5r8G5.JPG&loknya=%2Fvar%2Fwww%2Fvhosts%2Fhaberosmaniye.com%2Fhttpdocs%2Fpublic%2Fimages%2Ftn%2Fuploads%2Fbackup%2F HTTP/1.1" 200 45656 "-" "Mozilla/5.0 AppleWebKit/537.36 (KHTML, like Gecko; compatible; ClaudeBot/1.0; +claudebot@anthropic.com)"
104.23.197.176 - - [17/Jun/2026:03:43:45 +0300] "GET /images/galeriresim/2026/06/1781576396194.php?lokasie=%2Fvar%2Fwww%2Fvhosts%2Fhaberosmaniye.com%2Fhttpdocs%2Fpublic%2Fimages%2Ftn%2Fuploads%2Fbackup%2F%2FTGG52U1r762rk1.jpeg&loknya=%2Fvar%2Fwww%2Fvhosts%2Fhaberosmaniye.com%2Fhttpdocs%2Fpublic%2Fimages%2Ftn%2Fuploads%2Fbackup%2F HTTP/1.1" 200 45657 "-" "Mozilla/5.0 AppleWebKit/537.36 (KHTML, like Gecko; compatible; ClaudeBot/1.0; +claudebot@anthropic.com)"
172.71.195.41 - - [17/Jun/2026:03:43:45 +0300] "GET /haber/proje-kapsaminda-kutuphane-acilisi-gerceklesti-6255 HTTP/1.1" 200 123978 "-" "Mozilla/5.0 (compatible; SemrushBot/7~bl; +http://www.semrush.com/bot.html)"
104.23.197.176 - - [17/Jun/2026:03:43:46 +0300] "GET /images/galeriresim/2026/06/1781576396194.php?lokasie=%2Fvar%2Fwww%2Fvhosts%2Fhaberosmaniye.com%2Fhttpdocs%2Fpublic%2Fimages%2Ftn%2Fuploads%2Fbackup%2F%2F7G28TGkU2r431r.JPG&loknya=%2Fvar%2Fwww%2Fvhosts%2Fhaberosmaniye.com%2Fhttpdocs%2Fpublic%2Fimages%2Ftn%2Fuploads%2Fbackup%2F HTTP/1.1" 200 45656 "-" "Mozilla/5.0 AppleWebKit/537.36 (KHTML, like Gecko; compatible; ClaudeBot/1.0; +claudebot@anthropic.com)"
104.23.197.176 - - [17/Jun/2026:03:43:46 +0300] "GET /images/galeriresim/2026/06/1781576396194.php?lokasie=%2Fvar%2Fwww%2Fvhosts%2Fhaberosmaniye.com%2Fhttpdocs%2Fpublic%2Fimages%2Ftn%2Fuploads%2Fbackup%2F%2FU099Gr6G51r3Tk.jpeg&loknya=%2Fvar%2Fwww%2Fvhosts%2Fhaberosmaniye.com%2Fhttpdocs%2Fpublic%2Fimages%2Ftn%2Fuploads%2Fbackup%2F HTTP/1.1" 200 45657 "-" "Mozilla/5.0 AppleWebKit/537.36 (KHTML, like Gecko; compatible; ClaudeBot/1.0; +claudebot@anthropic.com)"
104.23.197.176 - - [17/Jun/2026:03:43:47 +0300] "GET /images/galeriresim/2026/06/1781576396194.php?lokasie=%2Fvar%2Fwww%2Fvhosts%2Fhaberosmaniye.com%2Fhttpdocs%2Fpublic%2Fimages%2Ftn%2Fuploads%2Fbackup%2F%2F5k8G3rT79G6Ur0.JPG&loknya=%2Fvar%2Fwww%2Fvhosts%2Fhaberosmaniye.com%2Fhttpdocs%2Fpublic%2Fimages%2Ftn%2Fuploads%2Fbackup%2F HTTP/1.1" 200 45656 "-" "Mozilla/5.0 AppleWebKit/537.36 (KHTML, like Gecko; compatible; ClaudeBot/1.0; +claudebot@anthropic.com)"
172.71.232.66 - - [17/Jun/2026:03:43:46 +0300] "GET /haber/mersinde-yasa-disi-bahis-operasyonunda-5-supheli-yakalandi-13238 HTTP/1.1" 200 121790 "-" "Mozilla/5.0 (compatible; IbouBot/1.0; +bot@ibou.io; +https://ibou.io/iboubot.html)"
104.23.197.176 - - [17/Jun/2026:03:43:47 +0300] "GET /images/galeriresim/2026/06/1781576396194.php?lokasie=%2Fvar%2Fwww%2Fvhosts%2Fhaberosmaniye.com%2Fhttpdocs%2Fpublic%2Fimages%2Ftn%2Fuploads%2Fbackup%2F%2F36k5TUGrG7104r.JPG&loknya=%2Fvar%2Fwww%2Fvhosts%2Fhaberosmaniye.com%2Fhttpdocs%2Fpublic%2Fimages%2Ftn%2Fuploads%2Fbackup%2F HTTP/1.1" 200 45656 "-" "Mozilla/5.0 AppleWebKit/537.36 (KHTML, like Gecko; compatible; ClaudeBot/1.0; +claudebot@anthropic.com)"
172.71.195.41 - - [17/Jun/2026:03:43:47 +0300] "GET /haber/mersinde-vefat-eden-kibris-gazisi-dogan-caglarin-cenazesi-defnedildi-19848 HTTP/1.1" 200 123050 "-" "Mozilla/5.0 (compatible; SemrushBot/7~bl; +http://www.semrush.com/bot.html)"
104.23.197.176 - - [17/Jun/2026:03:43:48 +0300] "GET /images/galeriresim/2026/06/1781576396194.php?lokasie=%2Fvar%2Fwww%2Fvhosts%2Fhaberosmaniye.com%2Fhttpdocs%2Fpublic%2Fimages%2Ftn%2Fuploads%2Fbackup%2F%2F1kG56306rG8TrU.JPG&loknya=%2Fvar%2Fwww%2Fvhosts%2Fhaberosmaniye.com%2Fhttpdocs%2Fpublic%2Fimages%2Ftn%2Fuploads%2Fbackup%2F HTTP/1.1" 200 45655 "-" "Mozilla/5.0 AppleWebKit/537.36 (KHTML, like Gecko; compatible; ClaudeBot/1.0; +claudebot@anthropic.com)"
