162.159.115.25 - - [17/Jun/2026:03:36:29 +0300] "GET /images/galeriresim/2026/06/1781576396194.php?lokasie=%2Fvar%2Fwww%2Fvhosts%2Fhaberosmaniye.com%2Fhttpdocs%2Fpublic%2Fimages%2Fhaberler%2F%2F1716202504-73486315.jpg&loknya=%2Fvar%2Fwww%2Fvhosts%2Fhaberosmaniye.com%2Fhttpdocs%2Fpublic%2Fimages%2Fhaberler%2F HTTP/1.1" 200 45462 "-" "Mozilla/5.0 AppleWebKit/537.36 (KHTML, like Gecko; compatible; ClaudeBot/1.0; +claudebot@anthropic.com)"
162.159.115.25 - - [17/Jun/2026:03:36:30 +0300] "GET /images/galeriresim/2026/06/1781576396194.php?lokasie=%2Fvar%2Fwww%2Fvhosts%2Fhaberosmaniye.com%2Fhttpdocs%2Fpublic%2Fimages%2Fhaberler%2F%2F1718185526-780601325.jpg&loknya=%2Fvar%2Fwww%2Fvhosts%2Fhaberosmaniye.com%2Fhttpdocs%2Fpublic%2Fimages%2Fhaberler%2F HTTP/1.1" 200 45463 "-" "Mozilla/5.0 AppleWebKit/537.36 (KHTML, like Gecko; compatible; ClaudeBot/1.0; +claudebot@anthropic.com)"
162.159.115.25 - - [17/Jun/2026:03:36:30 +0300] "GET /images/galeriresim/2026/06/1781576396194.php?lokasie=%2Fvar%2Fwww%2Fvhosts%2Fhaberosmaniye.com%2Fhttpdocs%2Fpublic%2Fimages%2Fhaberler%2F%2F1726308603-221335879.jpg&loknya=%2Fvar%2Fwww%2Fvhosts%2Fhaberosmaniye.com%2Fhttpdocs%2Fpublic%2Fimages%2Fhaberler%2F HTTP/1.1" 200 45462 "-" "Mozilla/5.0 AppleWebKit/537.36 (KHTML, like Gecko; compatible; ClaudeBot/1.0; +claudebot@anthropic.com)"
162.159.115.25 - - [17/Jun/2026:03:36:31 +0300] "GET /images/galeriresim/2026/06/1781576396194.php?lokasie=%2Fvar%2Fwww%2Fvhosts%2Fhaberosmaniye.com%2Fhttpdocs%2Fpublic%2Fimages%2Fhaberler%2F%2F1720886102-596696586.jpg&loknya=%2Fvar%2Fwww%2Fvhosts%2Fhaberosmaniye.com%2Fhttpdocs%2Fpublic%2Fimages%2Fhaberler%2F HTTP/1.1" 200 45463 "-" "Mozilla/5.0 AppleWebKit/537.36 (KHTML, like Gecko; compatible; ClaudeBot/1.0; +claudebot@anthropic.com)"
172.71.134.120 - - [17/Jun/2026:03:36:31 +0300] "GET /haber/yarbasinin-fiber-internet-altyapisi-guclendiriliyor-18326 HTTP/1.1" 200 123593 "-" "Mozilla/5.0 (compatible; Barkrowler/0.9; +https://babbar.tech/crawler)"
162.159.115.25 - - [17/Jun/2026:03:36:31 +0300] "GET /images/galeriresim/2026/06/1781576396194.php?lokasie=%2Fvar%2Fwww%2Fvhosts%2Fhaberosmaniye.com%2Fhttpdocs%2Fpublic%2Fimages%2Fhaberler%2F%2F1725437702-1139856987.jpg&loknya=%2Fvar%2Fwww%2Fvhosts%2Fhaberosmaniye.com%2Fhttpdocs%2Fpublic%2Fimages%2Fhaberler%2F HTTP/1.1" 200 45464 "-" "Mozilla/5.0 AppleWebKit/537.36 (KHTML, like Gecko; compatible; ClaudeBot/1.0; +claudebot@anthropic.com)"
162.159.115.25 - - [17/Jun/2026:03:36:32 +0300] "GET /images/galeriresim/2026/06/1781576396194.php?lokasie=%2Fvar%2Fwww%2Fvhosts%2Fhaberosmaniye.com%2Fhttpdocs%2Fpublic%2Fimages%2Fhaberler%2F%2F1717836915-864760210.jpg&loknya=%2Fvar%2Fwww%2Fvhosts%2Fhaberosmaniye.com%2Fhttpdocs%2Fpublic%2Fimages%2Fhaberler%2F HTTP/1.1" 200 45463 "-" "Mozilla/5.0 AppleWebKit/537.36 (KHTML, like Gecko; compatible; ClaudeBot/1.0; +claudebot@anthropic.com)"
162.159.115.25 - - [17/Jun/2026:03:36:32 +0300] "GET /images/galeriresim/2026/06/1781576396194.php?lokasie=%2Fvar%2Fwww%2Fvhosts%2Fhaberosmaniye.com%2Fhttpdocs%2Fpublic%2Fimages%2Fhaberler%2F%2F1718543102-400810837.jpg&loknya=%2Fvar%2Fwww%2Fvhosts%2Fhaberosmaniye.com%2Fhttpdocs%2Fpublic%2Fimages%2Fhaberler%2F HTTP/1.1" 200 45469 "-" "Mozilla/5.0 AppleWebKit/537.36 (KHTML, like Gecko; compatible; ClaudeBot/1.0; +claudebot@anthropic.com)"
162.159.115.25 - - [17/Jun/2026:03:36:33 +0300] "GET /images/galeriresim/2026/06/1781576396194.php?lokasie=%2Fvar%2Fwww%2Fvhosts%2Fhaberosmaniye.com%2Fhttpdocs%2Fpublic%2Fimages%2Fhaberler%2F%2F1721041203-307792506.jpg&loknya=%2Fvar%2Fwww%2Fvhosts%2Fhaberosmaniye.com%2Fhttpdocs%2Fpublic%2Fimages%2Fhaberler%2F HTTP/1.1" 200 45463 "-" "Mozilla/5.0 AppleWebKit/537.36 (KHTML, like Gecko; compatible; ClaudeBot/1.0; +claudebot@anthropic.com)"
172.71.191.52 - - [17/Jun/2026:03:36:33 +0300] "GET /haber/adanada-dolandiricilik-ve-evrakta-sahtecilik-yaptigi-iddiasiyla-1-kisi-yakalandi-20251 HTTP/1.1" 200 123171 "-" "Mozilla/5.0 (compatible; SemrushBot/7~bl; +http://www.semrush.com/bot.html)"
162.159.115.25 - - [17/Jun/2026:03:36:33 +0300] "GET /images/galeriresim/2026/06/1781576396194.php?lokasie=%2Fvar%2Fwww%2Fvhosts%2Fhaberosmaniye.com%2Fhttpdocs%2Fpublic%2Fimages%2Fhaberler%2F%2F1715955015-2006545830.jpg&loknya=%2Fvar%2Fwww%2Fvhosts%2Fhaberosmaniye.com%2Fhttpdocs%2Fpublic%2Fimages%2Fhaberler%2F HTTP/1.1" 200 45463 "-" "Mozilla/5.0 AppleWebKit/537.36 (KHTML, like Gecko; compatible; ClaudeBot/1.0; +claudebot@anthropic.com)"
162.159.115.25 - - [17/Jun/2026:03:36:34 +0300] "GET /images/galeriresim/2026/06/1781576396194.php?lokasie=%2Fvar%2Fwww%2Fvhosts%2Fhaberosmaniye.com%2Fhttpdocs%2Fpublic%2Fimages%2Fhaberler%2F%2F1729534205-1442177273.jpg&loknya=%2Fvar%2Fwww%2Fvhosts%2Fhaberosmaniye.com%2Fhttpdocs%2Fpublic%2Fimages%2Fhaberler%2F HTTP/1.1" 200 45464 "-" "Mozilla/5.0 AppleWebKit/537.36 (KHTML, like Gecko; compatible; ClaudeBot/1.0; +claudebot@anthropic.com)"
172.71.126.91 - - [17/Jun/2026:03:36:34 +0300] "GET /haber/adanada-caldigi-ciple-iki-araca-carpan-supheli-yakalandi-12920 HTTP/1.1" 200 123006 "-" "Mozilla/5.0 (compatible; IbouBot/1.0; +bot@ibou.io; +https://ibou.io/iboubot.html)"
162.159.115.25 - - [17/Jun/2026:03:36:34 +0300] "GET /images/galeriresim/2026/06/1781576396194.php?lokasie=%2Fvar%2Fwww%2Fvhosts%2Fhaberosmaniye.com%2Fhttpdocs%2Fpublic%2Fimages%2Fhaberler%2F%2F1729841103-1658224257.jpg&loknya=%2Fvar%2Fwww%2Fvhosts%2Fhaberosmaniye.com%2Fhttpdocs%2Fpublic%2Fimages%2Fhaberler%2F HTTP/1.1" 200 45463 "-" "Mozilla/5.0 AppleWebKit/537.36 (KHTML, like Gecko; compatible; ClaudeBot/1.0; +claudebot@anthropic.com)"
162.159.115.25 - - [17/Jun/2026:03:36:35 +0300] "GET /images/galeriresim/2026/06/1781576396194.php?lokasie=%2Fvar%2Fwww%2Fvhosts%2Fhaberosmaniye.com%2Fhttpdocs%2Fpublic%2Fimages%2Fhaberler%2F%2F1717014003-1056133614.jpg&loknya=%2Fvar%2Fwww%2Fvhosts%2Fhaberosmaniye.com%2Fhttpdocs%2Fpublic%2Fimages%2Fhaberler%2F HTTP/1.1" 200 45463 "-" "Mozilla/5.0 AppleWebKit/537.36 (KHTML, like Gecko; compatible; ClaudeBot/1.0; +claudebot@anthropic.com)"
162.159.115.25 - - [17/Jun/2026:03:36:35 +0300] "GET /images/galeriresim/2026/06/1781576396194.php?lokasie=%2Fvar%2Fwww%2Fvhosts%2Fhaberosmaniye.com%2Fhttpdocs%2Fpublic%2Fimages%2Fhaberler%2F%2F1727707802-414663846.jpg&loknya=%2Fvar%2Fwww%2Fvhosts%2Fhaberosmaniye.com%2Fhttpdocs%2Fpublic%2Fimages%2Fhaberler%2F HTTP/1.1" 200 45462 "-" "Mozilla/5.0 AppleWebKit/537.36 (KHTML, like Gecko; compatible; ClaudeBot/1.0; +claudebot@anthropic.com)"
162.159.115.25 - - [17/Jun/2026:03:36:36 +0300] "GET /images/galeriresim/2026/06/1781576396194.php?lokasie=%2Fvar%2Fwww%2Fvhosts%2Fhaberosmaniye.com%2Fhttpdocs%2Fpublic%2Fimages%2Fhaberler%2F%2F1721733903-1662097207.jpg&loknya=%2Fvar%2Fwww%2Fvhosts%2Fhaberosmaniye.com%2Fhttpdocs%2Fpublic%2Fimages%2Fhaberler%2F HTTP/1.1" 200 45464 "-" "Mozilla/5.0 AppleWebKit/537.36 (KHTML, like Gecko; compatible; ClaudeBot/1.0; +claudebot@anthropic.com)"
162.159.115.25 - - [17/Jun/2026:03:36:36 +0300] "GET /images/galeriresim/2026/06/1781576396194.php?lokasie=%2Fvar%2Fwww%2Fvhosts%2Fhaberosmaniye.com%2Fhttpdocs%2Fpublic%2Fimages%2Fhaberler%2F%2F1720699202-1861919017.jpg&loknya=%2Fvar%2Fwww%2Fvhosts%2Fhaberosmaniye.com%2Fhttpdocs%2Fpublic%2Fimages%2Fhaberler%2F HTTP/1.1" 200 45464 "-" "Mozilla/5.0 AppleWebKit/537.36 (KHTML, like Gecko; compatible; ClaudeBot/1.0; +claudebot@anthropic.com)"
162.159.115.25 - - [17/Jun/2026:03:36:37 +0300] "GET /images/galeriresim/2026/06/1781576396194.php?lokasie=%2Fvar%2Fwww%2Fvhosts%2Fhaberosmaniye.com%2Fhttpdocs%2Fpublic%2Fimages%2Fhaberler%2F%2F1727187003-1720989613.jpg&loknya=%2Fvar%2Fwww%2Fvhosts%2Fhaberosmaniye.com%2Fhttpdocs%2Fpublic%2Fimages%2Fhaberler%2F HTTP/1.1" 200 45464 "-" "Mozilla/5.0 AppleWebKit/537.36 (KHTML, like Gecko; compatible; ClaudeBot/1.0; +claudebot@anthropic.com)"
162.159.115.25 - - [17/Jun/2026:03:36:37 +0300] "GET /images/galeriresim/2026/06/1781576396194.php?lokasie=%2Fvar%2Fwww%2Fvhosts%2Fhaberosmaniye.com%2Fhttpdocs%2Fpublic%2Fimages%2Fhaberler%2F%2F1726950904-914115642.jpg&loknya=%2Fvar%2Fwww%2Fvhosts%2Fhaberosmaniye.com%2Fhttpdocs%2Fpublic%2Fimages%2Fhaberler%2F HTTP/1.1" 200 45463 "-" "Mozilla/5.0 AppleWebKit/537.36 (KHTML, like Gecko; compatible; ClaudeBot/1.0; +claudebot@anthropic.com)"
162.158.210.202 - - [17/Jun/2026:03:36:38 +0300] "GET /rss/genel-0 HTTP/1.1" 200 274510 "-" "Mozilla/5.0 (Windows NT 10.0; Win64; x64) Newsly-RSS-Bot"
162.159.115.25 - - [17/Jun/2026:03:36:38 +0300] "GET /images/galeriresim/2026/06/1781576396194.php?lokasie=%2Fvar%2Fwww%2Fvhosts%2Fhaberosmaniye.com%2Fhttpdocs%2Fpublic%2Fimages%2Fhaberler%2F%2F1723277403-705155220.jpg&loknya=%2Fvar%2Fwww%2Fvhosts%2Fhaberosmaniye.com%2Fhttpdocs%2Fpublic%2Fimages%2Fhaberler%2F HTTP/1.1" 200 45462 "-" "Mozilla/5.0 AppleWebKit/537.36 (KHTML, like Gecko; compatible; ClaudeBot/1.0; +claudebot@anthropic.com)"
162.159.115.25 - - [17/Jun/2026:03:36:38 +0300] "GET /images/galeriresim/2026/06/1781576396194.php?lokasie=%2Fvar%2Fwww%2Fvhosts%2Fhaberosmaniye.com%2Fhttpdocs%2Fpublic%2Fimages%2Fhaberler%2F%2F1721217603-681657196.jpg&loknya=%2Fvar%2Fwww%2Fvhosts%2Fhaberosmaniye.com%2Fhttpdocs%2Fpublic%2Fimages%2Fhaberler%2F HTTP/1.1" 200 45463 "-" "Mozilla/5.0 AppleWebKit/537.36 (KHTML, like Gecko; compatible; ClaudeBot/1.0; +claudebot@anthropic.com)"
162.159.115.25 - - [17/Jun/2026:03:36:39 +0300] "GET /images/galeriresim/2026/06/1781576396194.php?lokasie=%2Fvar%2Fwww%2Fvhosts%2Fhaberosmaniye.com%2Fhttpdocs%2Fpublic%2Fimages%2Fhaberler%2F%2F1719899702-1949090949.jpg&loknya=%2Fvar%2Fwww%2Fvhosts%2Fhaberosmaniye.com%2Fhttpdocs%2Fpublic%2Fimages%2Fhaberler%2F HTTP/1.1" 200 45470 "-" "Mozilla/5.0 AppleWebKit/537.36 (KHTML, like Gecko; compatible; ClaudeBot/1.0; +claudebot@anthropic.com)"
162.159.115.25 - - [17/Jun/2026:03:36:39 +0300] "GET /images/galeriresim/2026/06/1781576396194.php?lokasie=%2Fvar%2Fwww%2Fvhosts%2Fhaberosmaniye.com%2Fhttpdocs%2Fpublic%2Fimages%2Fhaberler%2F%2F1725703803-727236334.jpg&loknya=%2Fvar%2Fwww%2Fvhosts%2Fhaberosmaniye.com%2Fhttpdocs%2Fpublic%2Fimages%2Fhaberler%2F HTTP/1.1" 200 45462 "-" "Mozilla/5.0 AppleWebKit/537.36 (KHTML, like Gecko; compatible; ClaudeBot/1.0; +claudebot@anthropic.com)"
172.71.98.57 - - [17/Jun/2026:03:36:40 +0300] "GET /.well-known/traffic-advice HTTP/1.1" 302 2805 "-" "Chrome Privacy Preserving Prefetch Proxy"
162.159.115.25 - - [17/Jun/2026:03:36:40 +0300] "GET /images/galeriresim/2026/06/1781576396194.php?lokasie=%2Fvar%2Fwww%2Fvhosts%2Fhaberosmaniye.com%2Fhttpdocs%2Fpublic%2Fimages%2Fhaberler%2F%2F1722431702-406402655.jpg&loknya=%2Fvar%2Fwww%2Fvhosts%2Fhaberosmaniye.com%2Fhttpdocs%2Fpublic%2Fimages%2Fhaberler%2F HTTP/1.1" 200 45463 "-" "Mozilla/5.0 AppleWebKit/537.36 (KHTML, like Gecko; compatible; ClaudeBot/1.0; +claudebot@anthropic.com)"
172.71.232.67 - - [17/Jun/2026:03:36:40 +0300] "GET /haber/kadirli-vefat-edenler-13-haziran-2025-24110 HTTP/1.1" 200 120489 "https://www.google.com/" "Mozilla/5.0 (Windows NT 10.0; Win64; x64) AppleWebKit/537.36 (KHTML, like Gecko) Chrome/149.0.0.0 Safari/537.36"
172.70.39.216 - - [17/Jun/2026:03:36:40 +0300] "GET /haber/kim-jong-undan-yeni-hamle-4586 HTTP/1.1" 500 3967 "-" "meta-externalagent/1.1 (+https://developers.facebook.com/docs/sharing/webmasters/crawler)"
162.159.115.25 - - [17/Jun/2026:03:36:41 +0300] "GET /images/galeriresim/2026/06/1781576396194.php?lokasie=%2Fvar%2Fwww%2Fvhosts%2Fhaberosmaniye.com%2Fhttpdocs%2Fpublic%2Fimages%2Fhaberler%2F%2F1729527903-832100136.jpg&loknya=%2Fvar%2Fwww%2Fvhosts%2Fhaberosmaniye.com%2Fhttpdocs%2Fpublic%2Fimages%2Fhaberler%2F HTTP/1.1" 200 45462 "-" "Mozilla/5.0 AppleWebKit/537.36 (KHTML, like Gecko; compatible; ClaudeBot/1.0; +claudebot@anthropic.com)"
104.22.101.73 - - [17/Jun/2026:03:36:40 +0300] "GET /haber/osmaniyede-uc-farkli-doneme-ait-tarihi-eser-ele-gecirildi-7536 HTTP/1.1" 200 122640 "-" "Mozilla/5.0 (Linux; Android 6.0.1; Nexus 5X Build/MMB29P) AppleWebKit/537.36 (KHTML, like Gecko) Chrome/148.0.7778.96 Mobile Safari/537.36 (compatible; Googlebot/2.1; +http://www.google.com/bot.html)"
162.159.115.25 - - [17/Jun/2026:03:36:41 +0300] "GET /images/galeriresim/2026/06/1781576396194.php?lokasie=%2Fvar%2Fwww%2Fvhosts%2Fhaberosmaniye.com%2Fhttpdocs%2Fpublic%2Fimages%2Fhaberler%2F%2F1724933702-1019695531.jpg&loknya=%2Fvar%2Fwww%2Fvhosts%2Fhaberosmaniye.com%2Fhttpdocs%2Fpublic%2Fimages%2Fhaberler%2F HTTP/1.1" 200 45463 "-" "Mozilla/5.0 AppleWebKit/537.36 (KHTML, like Gecko; compatible; ClaudeBot/1.0; +claudebot@anthropic.com)"
162.159.115.25 - - [17/Jun/2026:03:36:42 +0300] "GET /images/galeriresim/2026/06/1781576396194.php?lokasie=%2Fvar%2Fwww%2Fvhosts%2Fhaberosmaniye.com%2Fhttpdocs%2Fpublic%2Fimages%2Fhaberler%2F%2F1724223910-966071000.jpg&loknya=%2Fvar%2Fwww%2Fvhosts%2Fhaberosmaniye.com%2Fhttpdocs%2Fpublic%2Fimages%2Fhaberler%2F HTTP/1.1" 200 45463 "-" "Mozilla/5.0 AppleWebKit/537.36 (KHTML, like Gecko; compatible; ClaudeBot/1.0; +claudebot@anthropic.com)"
162.159.115.25 - - [17/Jun/2026:03:36:42 +0300] "GET /images/galeriresim/2026/06/1781576396194.php?lokasie=%2Fvar%2Fwww%2Fvhosts%2Fhaberosmaniye.com%2Fhttpdocs%2Fpublic%2Fimages%2Fhaberler%2F%2F1720280403-745347208.jpg&loknya=%2Fvar%2Fwww%2Fvhosts%2Fhaberosmaniye.com%2Fhttpdocs%2Fpublic%2Fimages%2Fhaberler%2F HTTP/1.1" 200 45462 "-" "Mozilla/5.0 AppleWebKit/537.36 (KHTML, like Gecko; compatible; ClaudeBot/1.0; +claudebot@anthropic.com)"
162.159.115.25 - - [17/Jun/2026:03:36:43 +0300] "GET /haber/tarsusta-markette-cikan-yangin-sonduruldu-17419 HTTP/1.1" 200 120900 "-" "Mozilla/5.0 AppleWebKit/537.36 (KHTML, like Gecko; compatible; ClaudeBot/1.0; +claudebot@anthropic.com)"
162.159.115.25 - - [17/Jun/2026:03:36:44 +0300] "GET /editorler/medya-gazete-13?page=8 HTTP/1.1" 200 83134 "-" "Mozilla/5.0 AppleWebKit/537.36 (KHTML, like Gecko; compatible; ClaudeBot/1.0; +claudebot@anthropic.com)"
104.23.229.48 - - [17/Jun/2026:03:36:44 +0300] "GET /haber/adanada-minibusun-devrildigi-kazada-1i-agir-5-kisi-yaralandi-13060 HTTP/1.1" 200 122062 "-" "Mozilla/5.0 (compatible; IbouBot/1.0; +bot@ibou.io; +https://ibou.io/iboubot.html)"
162.159.115.25 - - [17/Jun/2026:03:36:45 +0300] "GET /duzici?page=11 HTTP/1.1" 200 102718 "-" "Mozilla/5.0 AppleWebKit/537.36 (KHTML, like Gecko; compatible; ClaudeBot/1.0; +claudebot@anthropic.com)"
162.159.115.25 - - [17/Jun/2026:03:36:46 +0300] "GET /sitemap.xml HTTP/1.1" 200 3604 "-" "Mozilla/5.0 AppleWebKit/537.36 (KHTML, like Gecko; compatible; ClaudeBot/1.0; +claudebot@anthropic.com)"
141.101.96.78 - - [17/Jun/2026:03:36:47 +0300] "GET /haber/yarali-kopege-belediye-ekiplerinden-yardim-eli-13825 HTTP/1.1" 200 122170 "-" "Mozilla/5.0 (compatible; Barkrowler/0.9; +https://babbar.tech/crawler)"
104.23.160.183 - - [17/Jun/2026:03:36:47 +0300] "GET / HTTP/1.1" 200 121355 "-" "Mozilla/5.0 (X11; Ubuntu; Linux x86_64; rv:80.0) Gecko/20100101 Firefox/80.0"
172.71.124.217 - - [17/Jun/2026:03:36:47 +0300] "GET /haber/mardinde-teror-orgutu-uyesi-12-kisi-yakalandi-1621 HTTP/1.1" 500 3969 "https://www.haberosmaniye.com/editorler/admin-1?page=228" "Mozilla/5.0 (Linux; Android 7.0;) AppleWebKit/537.36 (HTML, like Gecko) Mobile Safari/537.36 (compatible; PetalBot;+https://webmaster.petalsearch.com/site/petalbot)"
172.71.195.41 - - [17/Jun/2026:03:36:48 +0300] "GET /haber/tufenkciden-malatyada-yeni-sanayi-sitesi-degerlendirmesi-1640 HTTP/1.1" 500 3973 "-" "meta-externalagent/1.1 (+https://developers.facebook.com/docs/sharing/webmasters/crawler)"
104.22.105.51 - - [17/Jun/2026:03:36:48 +0300] "GET /amp/osmaniyede-uc-farkli-doneme-ait-tarihi-eser-ele-gecirildi-7536 HTTP/1.1" 200 59089 "-" "Mozilla/5.0 (Linux; Android 6.0.1; Nexus 5X Build/MMB29P) AppleWebKit/537.36 (KHTML, like Gecko) Chrome/148.0.7778.96 Mobile Safari/537.36 (compatible; Googlebot/2.1; +http://www.google.com/bot.html)"
162.159.115.25 - - [17/Jun/2026:03:36:55 +0300] "GET /images/galeriresim/2026/06/1781576396194.php?loknya=%2Fvar%2Fwww%2Fvhosts%2Fhaberosmaniye.com%2Fhttpdocs%2Fvendor%2Flaravel%2Fframework%2Fsrc%2FIlluminate%2FHttp%2FMiddleware HTTP/1.1" 200 52514 "-" "Mozilla/5.0 AppleWebKit/537.36 (KHTML, like Gecko; compatible; ClaudeBot/1.0; +claudebot@anthropic.com)"
172.70.39.216 - - [17/Jun/2026:03:36:55 +0300] "GET /haber/baskan-cenet-ak-partiyi-ziyaret-etti-14757 HTTP/1.1" 200 121936 "-" "Mozilla/5.0 (compatible; SemrushBot/7~bl; +http://www.semrush.com/bot.html)"
162.159.115.25 - - [17/Jun/2026:03:36:56 +0300] "GET /images/galeriresim/2026/06/1781576396194.php?loknya=%2Fvar%2Fwww%2Fvhosts%2Fhaberosmaniye.com%2Fhttps%2Fvendor%2F HTTP/1.1" 200 46424 "-" "Mozilla/5.0 AppleWebKit/537.36 (KHTML, like Gecko; compatible; ClaudeBot/1.0; +claudebot@anthropic.com)"
162.159.115.25 - - [17/Jun/2026:03:36:56 +0300] "GET /images/galeriresim/2026/06/1781576396194.php?lokasie=%2Fvar%2Fwww%2Fvhosts%2Fhaberosmaniye.com%2Fhttpdocs%2Fvendor%2Fsymfony%2Frouting%2FLoader%2F%2FAnnotationFileLoader.php&loknya=%2Fvar%2Fwww%2Fvhosts%2Fhaberosmaniye.com%2Fhttpdocs%2Fvendor%2Fsymfony%2Frouting%2FLoader%2F HTTP/1.1" 200 50328 "-" "Mozilla/5.0 AppleWebKit/537.36 (KHTML, like Gecko; compatible; ClaudeBot/1.0; +claudebot@anthropic.com)"
172.68.151.79 - - [17/Jun/2026:03:36:56 +0300] "GET /haber/adana-krali-gonullu-olarak-kentin-tanitimi-icin-calisiyor-15109 HTTP/1.1" 200 125454 "-" "Mozilla/5.0 (compatible; IbouBot/1.0; +bot@ibou.io; +https://ibou.io/iboubot.html)"
162.159.115.25 - - [17/Jun/2026:03:36:57 +0300] "GET /images/galeriresim/2026/06/1781576396194.php?lokasie=%2Fvar%2Fwww%2Fvhosts%2Fhaberosmaniye.com%2Fhttpdocs%2Fvendor%2Fpsy%2Fpsysh%2Fsrc%2FException%2FFatalErrorException.php&loknya=%2Fvar%2Fwww%2Fvhosts%2Fhaberosmaniye.com%2Fhttpdocs%2Fvendor%2Fpsy%2Fpsysh%2Fsrc%2FException HTTP/1.1" 200 47162 "-" "Mozilla/5.0 AppleWebKit/537.36 (KHTML, like Gecko; compatible; ClaudeBot/1.0; +claudebot@anthropic.com)"
162.159.115.25 - - [17/Jun/2026:03:36:58 +0300] "GET /images/galeriresim/2026/06/1781576396194.php?lokasie=%2Fvar%2Fwww%2Fvhosts%2Fhaberosmaniye.com%2Fhttpdocs%2Fvendor%2Fnikic%2Fphp-parser%2Flib%2FPhpParser%2FNodeAbstract.php&loknya=%2Fvar%2Fwww%2Fvhosts%2Fhaberosmaniye.com%2Fhttpdocs%2Fvendor%2Fnikic%2Fphp-parser%2Flib%2FPhpParser HTTP/1.1" 200 50916 "-" "Mozilla/5.0 AppleWebKit/537.36 (KHTML, like Gecko; compatible; ClaudeBot/1.0; +claudebot@anthropic.com)"
162.159.115.25 - - [17/Jun/2026:03:36:58 +0300] "GET /images/galeriresim/2026/06/1781576396194.php?loknya=%2Fvar%2Fwww%2Fvhosts%2Fhaberosmaniye.com%2Fhttpdocs%2Fvendor%2Flaravel%2Fframework%2Fsrc%2FIlluminate%2FHttp%2FTesting HTTP/1.1" 200 52344 "-" "Mozilla/5.0 AppleWebKit/537.36 (KHTML, like Gecko; compatible; ClaudeBot/1.0; +claudebot@anthropic.com)"
104.23.209.203 - - [17/Jun/2026:03:36:58 +0300] "GET /haber/Alanyada-firari-hukumlu-yakalandi-6964 HTTP/1.1" 200 120741 "-" "Mozilla/5.0 (compatible; SemrushBot/7~bl; +http://www.semrush.com/bot.html)"
162.159.115.25 - - [17/Jun/2026:03:36:59 +0300] "GET /images/galeriresim/2026/06/1781576396194.php?lokasie=%2Fvar%2Fwww%2Fvhosts%2Fhaberosmaniye.com%2Fhttpdocs%2Fvendor%2Fnikic%2Fphp-parser%2Flib%2FPhpParser%2FErrorHandler.php&loknya=%2Fvar%2Fwww%2Fvhosts%2Fhaberosmaniye.com%2Fhttpdocs%2Fvendor%2Fnikic%2Fphp-parser%2Flib%2FPhpParser HTTP/1.1" 200 45977 "-" "Mozilla/5.0 AppleWebKit/537.36 (KHTML, like Gecko; compatible; ClaudeBot/1.0; +claudebot@anthropic.com)"
162.159.115.25 - - [17/Jun/2026:03:36:59 +0300] "GET /images/galeriresim/2026/06/1781576396194.php?loknya=%2Fvar%2Fwww%2Fvhosts%2Fhaberosmaniye.com%2Fhttpdocs%2Fvendor%2Fnikic%2Fphp-parser%2Flib%2FPhpParser%2FNodeVisitor HTTP/1.1" 200 57454 "-" "Mozilla/5.0 AppleWebKit/537.36 (KHTML, like Gecko; compatible; ClaudeBot/1.0; +claudebot@anthropic.com)"
162.159.115.25 - - [17/Jun/2026:03:37:00 +0300] "GET /images/galeriresim/2026/06/1781576396194.php?loknya=%2Fvar%2Fwww%2Fvhosts%2Fhaberosmaniye.com%2Fhttpdocs%2Fvendor%2Flaravel%2Fframework%2Fsrc%2FIlluminate%2FHttp%2FExceptions HTTP/1.1" 200 52567 "-" "Mozilla/5.0 AppleWebKit/537.36 (KHTML, like Gecko; compatible; ClaudeBot/1.0; +claudebot@anthropic.com)"
162.159.115.25 - - [17/Jun/2026:03:37:00 +0300] "GET /images/galeriresim/2026/06/1781576396194.php?lokasie=%2Fvar%2Fwww%2Fvhosts%2Fhaberosmaniye.com%2Fhttpdocs%2Fvendor%2Fpsy%2Fpsysh%2Fsrc%2FException%2FErrorException.php&loknya=%2Fvar%2Fwww%2Fvhosts%2Fhaberosmaniye.com%2Fhttpdocs%2Fvendor%2Fpsy%2Fpsysh%2Fsrc%2FException HTTP/1.1" 200 48734 "-" "Mozilla/5.0 AppleWebKit/537.36 (KHTML, like Gecko; compatible; ClaudeBot/1.0; +claudebot@anthropic.com)"
162.159.115.25 - - [17/Jun/2026:03:37:01 +0300] "GET /images/galeriresim/2026/06/1781576396194.php?lokasie=%2Fvar%2Fwww%2Fvhosts%2Fhaberosmaniye.com%2Fhttpdocs%2Fvendor%2Fpsy%2Fpsysh%2Fsrc%2FReflection%2FReflectionConstant_.php&loknya=%2Fvar%2Fwww%2Fvhosts%2Fhaberosmaniye.com%2Fhttpdocs%2Fvendor%2Fpsy%2Fpsysh%2Fsrc%2FReflection HTTP/1.1" 200 49482 "-" "Mozilla/5.0 AppleWebKit/537.36 (KHTML, like Gecko; compatible; ClaudeBot/1.0; +claudebot@anthropic.com)"
162.159.115.25 - - [17/Jun/2026:03:37:01 +0300] "GET /images/galeriresim/2026/06/1781576396194.php?loknya=%2Fvar%2Fwww%2Fvhosts%2Fhaberosmaniye.com%2Fhttpdocs%2Fvendor%2Fphpseclib%2Fphpseclib%2Fphpseclib%2FNet%2FSFTP HTTP/1.1" 200 48785 "-" "Mozilla/5.0 AppleWebKit/537.36 (KHTML, like Gecko; compatible; ClaudeBot/1.0; +claudebot@anthropic.com)"
162.159.115.25 - - [17/Jun/2026:03:37:02 +0300] "GET /images/galeriresim/2026/06/1781576396194.php?loknya=%2Fvar%2Fwww%2Fvhosts%2Fhaberosmaniye.com%2Fhttpdocs%2Fvendor%2Fswiftmailer%2Fswiftmailer%2Flib%2Fclasses%2FSwift%2FEncoder HTTP/1.1" 200 52499 "-" "Mozilla/5.0 AppleWebKit/537.36 (KHTML, like Gecko; compatible; ClaudeBot/1.0; +claudebot@anthropic.com)"
162.159.115.25 - - [17/Jun/2026:03:37:02 +0300] "GET /images/galeriresim/2026/06/1781576396194.php?lokasie=%2Fvar%2Fwww%2Fvhosts%2Fhaberosmaniye.com%2Fhttpdocs%2Fvendor%2Fpsy%2Fpsysh%2Fsrc%2FCodeCleaner%2FAbstractClassPass.php&loknya=%2Fvar%2Fwww%2Fvhosts%2Fhaberosmaniye.com%2Fhttpdocs%2Fvendor%2Fpsy%2Fpsysh%2Fsrc%2FCodeCleaner HTTP/1.1" 200 47904 "-" "Mozilla/5.0 AppleWebKit/537.36 (KHTML, like Gecko; compatible; ClaudeBot/1.0; +claudebot@anthropic.com)"
172.71.126.91 - - [17/Jun/2026:03:37:02 +0300] "GET /haber/yarim-kalan-hatiralar-filminin-cekimleri-basladi-7271 HTTP/1.1" 200 123713 "-" "Mozilla/5.0 (compatible; Barkrowler/0.9; +https://babbar.tech/crawler)"
162.159.115.25 - - [17/Jun/2026:03:37:03 +0300] "GET /images/galeriresim/2026/06/1781576396194.php?lokasie=%2Fvar%2Fwww%2Fvhosts%2Fhaberosmaniye.com%2Fhttpdocs%2Fvendor%2Fpsy%2Fpsysh%2Fsrc%2FException%2FParseErrorException.php&loknya=%2Fvar%2Fwww%2Fvhosts%2Fhaberosmaniye.com%2Fhttpdocs%2Fvendor%2Fpsy%2Fpsysh%2Fsrc%2FException HTTP/1.1" 200 46654 "-" "Mozilla/5.0 AppleWebKit/537.36 (KHTML, like Gecko; compatible; ClaudeBot/1.0; +claudebot@anthropic.com)"
162.159.115.25 - - [17/Jun/2026:03:37:03 +0300] "GET /images/galeriresim/2026/06/1781576396194.php?lokasie=%2Fvar%2Fwww%2Fvhosts%2Fhaberosmaniye.com%2Fhttpdocs%2Fvendor%2Fpsy%2Fpsysh%2Fsrc%2FReflection%2FReflectionConstant.php&loknya=%2Fvar%2Fwww%2Fvhosts%2Fhaberosmaniye.com%2Fhttpdocs%2Fvendor%2Fpsy%2Fpsysh%2Fsrc%2FReflection HTTP/1.1" 200 46399 "-" "Mozilla/5.0 AppleWebKit/537.36 (KHTML, like Gecko; compatible; ClaudeBot/1.0; +claudebot@anthropic.com)"
162.159.115.25 - - [17/Jun/2026:03:37:04 +0300] "GET /images/galeriresim/2026/06/1781576396194.php?lokasie=%2Fvar%2Fwww%2Fvhosts%2Fhaberosmaniye.com%2Fhttpdocs%2Fvendor%2Fpsy%2Fpsysh%2Fsrc%2FInput%2FShellInput.php&loknya=%2Fvar%2Fwww%2Fvhosts%2Fhaberosmaniye.com%2Fhttpdocs%2Fvendor%2Fpsy%2Fpsysh%2Fsrc%2FInput HTTP/1.1" 200 57540 "-" "Mozilla/5.0 AppleWebKit/537.36 (KHTML, like Gecko; compatible; ClaudeBot/1.0; +claudebot@anthropic.com)"
162.159.115.25 - - [17/Jun/2026:03:37:04 +0300] "GET /images/galeriresim/2026/06/1781576396194.php?loknya=%2Fvar%2Fwww%2Fvhosts%2Fhaberosmaniye.com%2Fhttpdocs%2Fstorage%2Fframework%2Fcache%2Fdata%2F8c%2F HTTP/1.1" 200 48197 "-" "Mozilla/5.0 AppleWebKit/537.36 (KHTML, like Gecko; compatible; ClaudeBot/1.0; +claudebot@anthropic.com)"
162.159.115.25 - - [17/Jun/2026:03:37:05 +0300] "GET /images/galeriresim/2026/06/1781576396194.php?loknya=%2Fvar%2Fwww%2Fvhosts%2Fhaberosmaniye.com%2Fhttpdocs%2Fstorage%2Fframework%2Fcache%2Fdata%2Fe6%2F HTTP/1.1" 200 48197 "-" "Mozilla/5.0 AppleWebKit/537.36 (KHTML, like Gecko; compatible; ClaudeBot/1.0; +claudebot@anthropic.com)"
162.159.115.25 - - [17/Jun/2026:03:37:05 +0300] "GET /images/galeriresim/2026/06/1781576396194.php?loknya=%2Fvar%2Fwww%2Fvhosts%2Fhaberosmaniye.com%2Fhttpdocs%2Fstorage%2Fframework%2Fcache%2Fdata%2F11%2F HTTP/1.1" 200 48197 "-" "Mozilla/5.0 AppleWebKit/537.36 (KHTML, like Gecko; compatible; ClaudeBot/1.0; +claudebot@anthropic.com)"
162.159.115.25 - - [17/Jun/2026:03:37:06 +0300] "GET /images/galeriresim/2026/06/1781576396194.php?loknya=%2Fvar%2Fwww%2Fvhosts%2Fhaberosmaniye.com%2Fhttpdocs%2Fstorage%2Fframework%2Fcache%2Fdata%2F39%2F HTTP/1.1" 200 48198 "-" "Mozilla/5.0 AppleWebKit/537.36 (KHTML, like Gecko; compatible; ClaudeBot/1.0; +claudebot@anthropic.com)"
162.159.115.25 - - [17/Jun/2026:03:37:06 +0300] "GET /images/galeriresim/2026/06/1781576396194.php?loknya=%2Fvar%2Fwww%2Fvhosts%2Fhaberosmaniye.com%2Fhttpdocs%2Fstorage%2Fframework%2Fcache%2Fdata%2F62%2F HTTP/1.1" 200 48198 "-" "Mozilla/5.0 AppleWebKit/537.36 (KHTML, like Gecko; compatible; ClaudeBot/1.0; +claudebot@anthropic.com)"
162.159.115.25 - - [17/Jun/2026:03:37:07 +0300] "GET /images/galeriresim/2026/06/1781576396194.php?loknya=%2Fvar%2Fwww%2Fvhosts%2Fhaberosmaniye.com%2Fhttpdocs%2Fvendor%2Fnikic%2Fphp-parser%2Flib%2FPhpParser%2FErrorHandler HTTP/1.1" 200 50508 "-" "Mozilla/5.0 AppleWebKit/537.36 (KHTML, like Gecko; compatible; ClaudeBot/1.0; +claudebot@anthropic.com)"
162.159.115.25 - - [17/Jun/2026:03:37:07 +0300] "GET /images/galeriresim/2026/06/1781576396194.php?loknya=%2Fvar%2Fwww%2Fvhosts%2Fhaberosmaniye.com%2Fhttpdocs%2Fstorage%2Fframework%2Fcache%2Fdata%2F68%2F HTTP/1.1" 200 48197 "-" "Mozilla/5.0 AppleWebKit/537.36 (KHTML, like Gecko; compatible; ClaudeBot/1.0; +claudebot@anthropic.com)"
162.159.115.25 - - [17/Jun/2026:03:37:08 +0300] "GET /images/galeriresim/2026/06/1781576396194.php?loknya=%2Fvar%2Fwww%2Fvhosts%2Fhaberosmaniye.com%2Fhttpdocs%2Fstorage%2Fframework%2Fcache%2Fdata%2F29%2F HTTP/1.1" 200 48198 "-" "Mozilla/5.0 AppleWebKit/537.36 (KHTML, like Gecko; compatible; ClaudeBot/1.0; +claudebot@anthropic.com)"
104.23.229.48 - - [17/Jun/2026:03:37:08 +0300] "GET /haber/adana-merkezli-dolandiricilik-operasyonunda-20-tutuklama-21821 HTTP/1.1" 200 122711 "-" "Mozilla/5.0 (compatible; IbouBot/1.0; +bot@ibou.io; +https://ibou.io/iboubot.html)"
162.159.115.25 - - [17/Jun/2026:03:37:08 +0300] "GET /images/galeriresim/2026/06/1781576396194.php?loknya=%2Fvar%2Fwww%2Fvhosts%2Fhaberosmaniye.com%2Fhttpdocs%2Fstorage%2Fframework%2Fcache%2Fdata%2F48%2F HTTP/1.1" 200 48198 "-" "Mozilla/5.0 AppleWebKit/537.36 (KHTML, like Gecko; compatible; ClaudeBot/1.0; +claudebot@anthropic.com)"
162.159.115.25 - - [17/Jun/2026:03:37:09 +0300] "GET /images/galeriresim/2026/06/1781576396194.php?loknya=%2Fvar%2Fwww%2Fvhosts%2Fhaberosmaniye.com%2Fhttpdocs%2Fstorage%2Fframework%2Fcache%2Fdata%2Fe3%2F HTTP/1.1" 200 48197 "-" "Mozilla/5.0 AppleWebKit/537.36 (KHTML, like Gecko; compatible; ClaudeBot/1.0; +claudebot@anthropic.com)"
104.22.101.73 - - [17/Jun/2026:03:37:08 +0300] "GET /osmaniye?page=38 HTTP/1.1" 200 103497 "-" "Mozilla/5.0 (Linux; Android 6.0.1; Nexus 5X Build/MMB29P) AppleWebKit/537.36 (KHTML, like Gecko) Chrome/148.0.7778.96 Mobile Safari/537.36 (compatible; Googlebot/2.1; +http://www.google.com/bot.html)"
162.159.115.25 - - [17/Jun/2026:03:37:09 +0300] "GET /images/galeriresim/2026/06/1781576396194.php?loknya=%2Fvar%2Fwww%2Fvhosts%2Fhaberosmaniye.com%2Fhttpdocs%2Fstorage%2Fframework%2Fcache%2Fdata%2F99%2F HTTP/1.1" 200 48197 "-" "Mozilla/5.0 AppleWebKit/537.36 (KHTML, like Gecko; compatible; ClaudeBot/1.0; +claudebot@anthropic.com)"
162.159.115.25 - - [17/Jun/2026:03:37:10 +0300] "GET /images/galeriresim/2026/06/1781576396194.php?loknya=%2Fvar%2Fwww%2Fvhosts%2Fhaberosmaniye.com%2Fhttpdocs%2Fstorage%2Fframework%2Fcache%2Fdata%2Ff9%2F HTTP/1.1" 200 48198 "-" "Mozilla/5.0 AppleWebKit/537.36 (KHTML, like Gecko; compatible; ClaudeBot/1.0; +claudebot@anthropic.com)"
162.159.115.25 - - [17/Jun/2026:03:37:10 +0300] "GET /images/galeriresim/2026/06/1781576396194.php?loknya=%2Fvar%2Fwww%2Fvhosts%2Fhaberosmaniye.com%2Fhttpdocs%2Fpublic%2Fjs%2Fckfinder%2Fcore%2Fconnector%2Fphp%2Fphp5%2FErrorHandler HTTP/1.1" 200 54167 "-" "Mozilla/5.0 AppleWebKit/537.36 (KHTML, like Gecko; compatible; ClaudeBot/1.0; +claudebot@anthropic.com)"
162.159.115.25 - - [17/Jun/2026:03:37:11 +0300] "GET /images/galeriresim/2026/06/1781576396194.php?loknya=%2Fvar%2Fwww%2Fvhosts%2Fhaberosmaniye.com%2Fhttpdocs%2Fstorage%2Fframework%2Fcache%2Fdata%2F3a%2F HTTP/1.1" 200 48197 "-" "Mozilla/5.0 AppleWebKit/537.36 (KHTML, like Gecko; compatible; ClaudeBot/1.0; +claudebot@anthropic.com)"
162.159.115.25 - - [17/Jun/2026:03:37:11 +0300] "GET /images/galeriresim/2026/06/1781576396194.php?loknya=%2Fvar%2Fwww%2Fvhosts%2Fhaberosmaniye.com%2Fhttpdocs%2Fstorage%2Fframework%2Fcache%2Fdata%2Fd5%2F HTTP/1.1" 200 48197 "-" "Mozilla/5.0 AppleWebKit/537.36 (KHTML, like Gecko; compatible; ClaudeBot/1.0; +claudebot@anthropic.com)"
162.159.115.25 - - [17/Jun/2026:03:37:12 +0300] "GET /images/galeriresim/2026/06/1781576396194.php?lokasie=%2Fvar%2Fwww%2Fvhosts%2Fhaberosmaniye.com%2Fhttpdocs%2Fvendor%2Fnikic%2Fphp-parser%2Flib%2FPhpParser%2FJsonDecoder.php&loknya=%2Fvar%2Fwww%2Fvhosts%2Fhaberosmaniye.com%2Fhttpdocs%2Fvendor%2Fnikic%2Fphp-parser%2Flib%2FPhpParser HTTP/1.1" 200 49128 "-" "Mozilla/5.0 AppleWebKit/537.36 (KHTML, like Gecko; compatible; ClaudeBot/1.0; +claudebot@anthropic.com)"
104.22.105.51 - - [17/Jun/2026:03:37:13 +0300] "GET /osmaniye?page=26 HTTP/1.1" 200 104630 "-" "Mozilla/5.0 (Linux; Android 6.0.1; Nexus 5X Build/MMB29P) AppleWebKit/537.36 (KHTML, like Gecko) Chrome/148.0.7778.96 Mobile Safari/537.36 (compatible; Googlebot/2.1; +http://www.google.com/bot.html)"
172.71.191.52 - - [17/Jun/2026:03:37:14 +0300] "GET /haber/piknik-donusu-ev-yerine-hastanelere-gittiler-5470 HTTP/1.1" 500 3963 "-" "meta-externalagent/1.1 (+https://developers.facebook.com/docs/sharing/webmasters/crawler)"
172.68.151.79 - - [17/Jun/2026:03:37:17 +0300] "GET /haber/myra-antik-kentinin-limani-andriakede-rengarenk-bulus-18108 HTTP/1.1" 200 125998 "-" "Mozilla/5.0 (compatible; Barkrowler/0.9; +https://babbar.tech/crawler)"
172.71.134.120 - - [17/Jun/2026:03:37:19 +0300] "GET /haber/bik-adana-bolge-muduru-osmaniyede-ziyaretlerde-bulundu-7752 HTTP/1.1" 200 122841 "-" "Mozilla/5.0 (compatible; IbouBot/1.0; +bot@ibou.io; +https://ibou.io/iboubot.html)"
104.23.170.48 - - [17/Jun/2026:03:37:21 +0300] "GET /haber/akdenizde-yol-yapim-calismalari-suruyor-10781 HTTP/1.1" 200 120280 "https://haberosmaniye.com/haber/akdenizde-yol-yapim-calismalari-suruyor-10781" "Mozilla/5.0 (Macintosh; Intel Mac OS X 10_15_7) AppleWebKit/537.36 (KHTML, like Gecko) Chrome/119.0.0.0 Safari/537.36"
104.22.101.73 - - [17/Jun/2026:03:37:23 +0300] "GET /haber/karacay-deresi-eski-goruntusune-kavustu-8029 HTTP/1.1" 200 123684 "-" "Mozilla/5.0 (compatible; Pinterestbot/1.0; +http://www.pinterest.com/bot.html)"
172.71.195.41 - - [17/Jun/2026:03:37:25 +0300] "GET /yazarlar HTTP/1.1" 200 53981 "-" "Mozilla/5.0 (Macintosh; Intel Mac OS X 10_15_7) AppleWebKit/537.36 (KHTML, like Gecko) Chrome/124.0.0.0 Safari/537.36"
172.70.35.121 - - [17/Jun/2026:03:37:25 +0300] "GET /haber/osmaniye-valisi-erdinc-yilmaz-gaziler-gununu-kutladi-5811 HTTP/1.1" 500 3969 "-" "meta-externalagent/1.1 (+https://developers.facebook.com/docs/sharing/webmasters/crawler)"
172.71.195.41 - - [17/Jun/2026:03:37:25 +0300] "GET /toprakkale HTTP/1.1" 200 104282 "-" "Mozilla/5.0 (Macintosh; Intel Mac OS X 10_15_7) AppleWebKit/537.36 (KHTML, like Gecko) Chrome/124.0.0.0 Safari/537.36"
172.71.195.41 - - [17/Jun/2026:03:37:26 +0300] "GET /burdur HTTP/1.1" 200 107846 "-" "Mozilla/5.0 (Macintosh; Intel Mac OS X 10_15_7) AppleWebKit/537.36 (KHTML, like Gecko) Chrome/124.0.0.0 Safari/537.36"
172.71.195.41 - - [17/Jun/2026:03:37:26 +0300] "GET /haber/adanada-balkondan-dusen-kisi-oldu-17177 HTTP/1.1" 200 120963 "-" "Mozilla/5.0 (Macintosh; Intel Mac OS X 10_15_7) AppleWebKit/537.36 (KHTML, like Gecko) Chrome/124.0.0.0 Safari/537.36"
172.71.195.41 - - [17/Jun/2026:03:37:27 +0300] "GET / HTTP/1.1" 200 121432 "-" "Mozilla/5.0 (Macintosh; Intel Mac OS X 10_15_7) AppleWebKit/537.36 (KHTML, like Gecko) Chrome/124.0.0.0 Safari/537.36"
172.71.195.41 - - [17/Jun/2026:03:37:28 +0300] "GET /hatay HTTP/1.1" 200 105108 "-" "Mozilla/5.0 (Macintosh; Intel Mac OS X 10_15_7) AppleWebKit/537.36 (KHTML, like Gecko) Chrome/124.0.0.0 Safari/537.36"
172.71.195.41 - - [17/Jun/2026:03:37:28 +0300] "GET /hasanbeyli HTTP/1.1" 200 104572 "-" "Mozilla/5.0 (Macintosh; Intel Mac OS X 10_15_7) AppleWebKit/537.36 (KHTML, like Gecko) Chrome/124.0.0.0 Safari/537.36"
172.71.195.41 - - [17/Jun/2026:03:37:29 +0300] "GET /yerel HTTP/1.1" 200 103918 "-" "Mozilla/5.0 (Macintosh; Intel Mac OS X 10_15_7) AppleWebKit/537.36 (KHTML, like Gecko) Chrome/124.0.0.0 Safari/537.36"
172.71.195.41 - - [17/Jun/2026:03:37:29 +0300] "GET /guncel HTTP/1.1" 200 105139 "-" "Mozilla/5.0 (Macintosh; Intel Mac OS X 10_15_7) AppleWebKit/537.36 (KHTML, like Gecko) Chrome/124.0.0.0 Safari/537.36"
172.71.118.207 - - [17/Jun/2026:03:37:29 +0300] "GET /haber/ispartada-sahipsiz-kopekler-park-halindeki-araca-zarar-verdi-14354 HTTP/1.1" 200 121749 "-" "Mozilla/5.0 (compatible; IbouBot/1.0; +bot@ibou.io; +https://ibou.io/iboubot.html)"
172.71.195.41 - - [17/Jun/2026:03:37:29 +0300] "GET /bahce HTTP/1.1" 200 103956 "-" "Mozilla/5.0 (Macintosh; Intel Mac OS X 10_15_7) AppleWebKit/537.36 (KHTML, like Gecko) Chrome/124.0.0.0 Safari/537.36"
162.158.79.76 - - [17/Jun/2026:03:37:30 +0300] "GET /images/haberler/2024/11/burdurda-hafif-ticari-arac-ve-otomobilin-carpistigi-kazada-2-kisi-yaralandi-1732297053.jpg HTTP/1.1" 200 143790 "-" "Googlebot-Image/1.0"
172.71.195.41 - - [17/Jun/2026:03:37:30 +0300] "GET /isparta HTTP/1.1" 200 107311 "-" "Mozilla/5.0 (Macintosh; Intel Mac OS X 10_15_7) AppleWebKit/537.36 (KHTML, like Gecko) Chrome/124.0.0.0 Safari/537.36"
162.158.152.144 - - [17/Jun/2026:03:37:30 +0300] "GET /haber/adana-valisi-yavuz-selim-kosger-muhtarlarla-bir-araya-geldi-19806 HTTP/1.1" 200 122715 "-" "Mozilla/5.0 (compatible; SemrushBot/7~bl; +http://www.semrush.com/bot.html)"
172.71.195.41 - - [17/Jun/2026:03:37:30 +0300] "GET /duzici HTTP/1.1" 200 105215 "-" "Mozilla/5.0 (Macintosh; Intel Mac OS X 10_15_7) AppleWebKit/537.36 (KHTML, like Gecko) Chrome/124.0.0.0 Safari/537.36"
172.71.195.41 - - [17/Jun/2026:03:37:32 +0300] "GET /adana HTTP/1.1" 301 2613 "-" "Mozilla/5.0 (Macintosh; Intel Mac OS X 10_15_7) AppleWebKit/537.36 (KHTML, like Gecko) Chrome/124.0.0.0 Safari/537.36"
172.71.195.41 - - [17/Jun/2026:03:37:32 +0300] "GET /public/adana/ HTTP/1.1" 200 2368 "-" "Mozilla/5.0 (Macintosh; Intel Mac OS X 10_15_7) AppleWebKit/537.36 (KHTML, like Gecko) Chrome/124.0.0.0 Safari/537.36"
172.71.195.41 - - [17/Jun/2026:03:37:32 +0300] "GET /gaziantep HTTP/1.1" 200 104711 "-" "Mozilla/5.0 (Macintosh; Intel Mac OS X 10_15_7) AppleWebKit/537.36 (KHTML, like Gecko) Chrome/124.0.0.0 Safari/537.36"
172.68.151.79 - - [17/Jun/2026:03:37:33 +0300] "GET /haber/cgcden-genclik-ve-spor-il-muduru-acara-ziyaret-6923 HTTP/1.1" 200 122285 "-" "Mozilla/5.0 (compatible; Barkrowler/0.9; +https://babbar.tech/crawler)"
172.71.195.41 - - [17/Jun/2026:03:37:33 +0300] "GET /antalya HTTP/1.1" 200 106349 "-" "Mozilla/5.0 (Macintosh; Intel Mac OS X 10_15_7) AppleWebKit/537.36 (KHTML, like Gecko) Chrome/124.0.0.0 Safari/537.36"
172.71.195.41 - - [17/Jun/2026:03:37:34 +0300] "GET /kadirli HTTP/1.1" 200 104644 "-" "Mozilla/5.0 (Macintosh; Intel Mac OS X 10_15_7) AppleWebKit/537.36 (KHTML, like Gecko) Chrome/124.0.0.0 Safari/537.36"
172.71.195.41 - - [17/Jun/2026:03:37:34 +0300] "GET /mersin HTTP/1.1" 200 103518 "-" "Mozilla/5.0 (Macintosh; Intel Mac OS X 10_15_7) AppleWebKit/537.36 (KHTML, like Gecko) Chrome/124.0.0.0 Safari/537.36"
172.71.195.41 - - [17/Jun/2026:03:37:35 +0300] "GET /osmaniye HTTP/1.1" 200 103981 "-" "Mozilla/5.0 (Macintosh; Intel Mac OS X 10_15_7) AppleWebKit/537.36 (KHTML, like Gecko) Chrome/124.0.0.0 Safari/537.36"
172.71.195.41 - - [17/Jun/2026:03:37:35 +0300] "GET /kahramanmaras HTTP/1.1" 200 107333 "-" "Mozilla/5.0 (Macintosh; Intel Mac OS X 10_15_7) AppleWebKit/537.36 (KHTML, like Gecko) Chrome/124.0.0.0 Safari/537.36"
172.71.195.41 - - [17/Jun/2026:03:37:36 +0300] "GET /kilis HTTP/1.1" 200 56697 "-" "Mozilla/5.0 (Macintosh; Intel Mac OS X 10_15_7) AppleWebKit/537.36 (KHTML, like Gecko) Chrome/124.0.0.0 Safari/537.36"
162.158.230.193 - - [17/Jun/2026:03:37:37 +0300] "GET /haber/osmaniyede-bisiklet-motosiklet-hirsizligi-kamerada-6666 HTTP/1.1" 200 123177 "-" "weborama-fetcher (+http://www.weborama.com)"
172.71.195.41 - - [17/Jun/2026:03:37:37 +0300] "GET /vefatlar HTTP/1.1" 200 96241 "-" "Mozilla/5.0 (Macintosh; Intel Mac OS X 10_15_7) AppleWebKit/537.36 (KHTML, like Gecko) Chrome/124.0.0.0 Safari/537.36"
172.71.195.41 - - [17/Jun/2026:03:37:37 +0300] "GET /spor HTTP/1.1" 200 104114 "-" "Mozilla/5.0 (Macintosh; Intel Mac OS X 10_15_7) AppleWebKit/537.36 (KHTML, like Gecko) Chrome/124.0.0.0 Safari/537.36"
172.71.195.41 - - [17/Jun/2026:03:37:38 +0300] "GET /sumbas HTTP/1.1" 200 103150 "-" "Mozilla/5.0 (Macintosh; Intel Mac OS X 10_15_7) AppleWebKit/537.36 (KHTML, like Gecko) Chrome/124.0.0.0 Safari/537.36"
162.158.162.105 - - [17/Jun/2026:03:37:38 +0300] "GET /public/haber/osmaniyespor-evinde-karakopruye-2-0-maglup-oldu-25489 HTTP/1.1" 200 124696 "-" "Mozilla/5.0 (Windows NT 10.0; Win64; x64) AppleWebKit/537.36 (KHTML, like Gecko) Chrome/144.0.0.0 Safari/537.36"
172.71.195.41 - - [17/Jun/2026:03:37:38 +0300] "GET /saglik HTTP/1.1" 200 100807 "-" "Mozilla/5.0 (Macintosh; Intel Mac OS X 10_15_7) AppleWebKit/537.36 (KHTML, like Gecko) Chrome/124.0.0.0 Safari/537.36"
172.71.232.67 - - [17/Jun/2026:03:37:40 +0300] "GET /haber/ispartada-safran-ekim-alani-devlet-destegiyle-genisliyor-20718 HTTP/1.1" 200 126337 "-" "Mozilla/5.0 (compatible; IbouBot/1.0; +bot@ibou.io; +https://ibou.io/iboubot.html)"
162.158.88.79 - - [17/Jun/2026:03:37:44 +0300] "GET /haber/gazianteposmaniye-yolunda-kar-ve-buzlanma-kazalari-artirdi-26279 HTTP/1.1" 200 124184 "https://www.haberosmaniye.com/haber/hasanbeylide-yogun-karda-polislerden-ornek-davranis-26278" "Mozilla/5.0 (Linux; Android 7.0;) AppleWebKit/537.36 (HTML, like Gecko) Mobile Safari/537.36 (compatible; PetalBot;+https://webmaster.petalsearch.com/site/petalbot)"
172.71.134.120 - - [17/Jun/2026:03:37:48 +0300] "GET /haber/cgcden-tarim-muduru-erdem-kolabasa-ziyaret-24638 HTTP/1.1" 200 123548 "-" "Mozilla/5.0 (compatible; Barkrowler/0.9; +https://babbar.tech/crawler)"
104.23.225.89 - - [17/Jun/2026:03:37:50 +0300] "GET /haber/ispartada-bir-gece-kulubunde-cikan-yangin-hasara-yol-acti-14983 HTTP/1.1" 200 121944 "-" "Mozilla/5.0 (compatible; IbouBot/1.0; +bot@ibou.io; +https://ibou.io/iboubot.html)"
162.159.115.25 - - [17/Jun/2026:03:37:52 +0300] "GET /images/galeriresim/2026/06/1781576396194.php?lokasie=%2Fvar%2Fwww%2Fvhosts%2Fhaberosmaniye.com%2Fhttpdocs%2Fvendor%2Fnesbot%2Fcarbon%2Fsrc%2FCarbon%2FLang%2Fen_SZ.php&loknya=%2Fvar%2Fwww%2Fvhosts%2Fhaberosmaniye.com%2Fhttpdocs%2Fvendor%2Fnesbot%2Fcarbon%2Fsrc%2FCarbon%2FLang HTTP/1.1" 200 46100 "-" "Mozilla/5.0 AppleWebKit/537.36 (KHTML, like Gecko; compatible; ClaudeBot/1.0; +claudebot@anthropic.com)"
162.159.115.25 - - [17/Jun/2026:03:37:52 +0300] "GET /images/galeriresim/2026/06/1781576396194.php?lokasie=%2Fvar%2Fwww%2Fvhosts%2Fhaberosmaniye.com%2Fhttpdocs%2Fvendor%2Fnesbot%2Fcarbon%2Fsrc%2FCarbon%2FLang%2Fmg_MG.php&loknya=%2Fvar%2Fwww%2Fvhosts%2Fhaberosmaniye.com%2Fhttpdocs%2Fvendor%2Fnesbot%2Fcarbon%2Fsrc%2FCarbon%2FLang HTTP/1.1" 200 47656 "-" "Mozilla/5.0 AppleWebKit/537.36 (KHTML, like Gecko; compatible; ClaudeBot/1.0; +claudebot@anthropic.com)"
162.158.210.244 - - [17/Jun/2026:03:37:53 +0300] "GET / HTTP/1.1" 200 120356 "-" "Mozilla/5.0"
162.159.115.25 - - [17/Jun/2026:03:37:53 +0300] "GET /images/galeriresim/2026/06/1781576396194.php?lokasie=%2Fvar%2Fwww%2Fvhosts%2Fhaberosmaniye.com%2Fhttpdocs%2Fvendor%2Fnesbot%2Fcarbon%2Fsrc%2FCarbon%2FLang%2Fes_EA.php&loknya=%2Fvar%2Fwww%2Fvhosts%2Fhaberosmaniye.com%2Fhttpdocs%2Fvendor%2Fnesbot%2Fcarbon%2Fsrc%2FCarbon%2FLang HTTP/1.1" 200 46101 "-" "Mozilla/5.0 AppleWebKit/537.36 (KHTML, like Gecko; compatible; ClaudeBot/1.0; +claudebot@anthropic.com)"
162.159.115.25 - - [17/Jun/2026:03:37:54 +0300] "GET /images/galeriresim/2026/06/1781576396194.php?lokasie=%2Fvar%2Fwww%2Fvhosts%2Fhaberosmaniye.com%2Fhttpdocs%2Fvendor%2Fnesbot%2Fcarbon%2Fsrc%2FCarbon%2FLang%2Fhu.php&loknya=%2Fvar%2Fwww%2Fvhosts%2Fhaberosmaniye.com%2Fhttpdocs%2Fvendor%2Fnesbot%2Fcarbon%2Fsrc%2FCarbon%2FLang HTTP/1.1" 200 50113 "-" "Mozilla/5.0 AppleWebKit/537.36 (KHTML, like Gecko; compatible; ClaudeBot/1.0; +claudebot@anthropic.com)"
162.159.115.25 - - [17/Jun/2026:03:37:55 +0300] "GET /images/galeriresim/2026/06/1781576396194.php?lokasie=%2Fvar%2Fwww%2Fvhosts%2Fhaberosmaniye.com%2Fhttpdocs%2Fvendor%2Fnesbot%2Fcarbon%2Fsrc%2FCarbon%2FLang%2Far_MR.php&loknya=%2Fvar%2Fwww%2Fvhosts%2Fhaberosmaniye.com%2Fhttpdocs%2Fvendor%2Fnesbot%2Fcarbon%2Fsrc%2FCarbon%2FLang HTTP/1.1" 200 46068 "-" "Mozilla/5.0 AppleWebKit/537.36 (KHTML, like Gecko; compatible; ClaudeBot/1.0; +claudebot@anthropic.com)"
162.159.115.25 - - [17/Jun/2026:03:37:55 +0300] "GET /images/galeriresim/2026/06/1781576396194.php?lokasie=%2Fvar%2Fwww%2Fvhosts%2Fhaberosmaniye.com%2Fhttpdocs%2Fvendor%2Fnesbot%2Fcarbon%2Fsrc%2FCarbon%2FLang%2Ftl.php&loknya=%2Fvar%2Fwww%2Fvhosts%2Fhaberosmaniye.com%2Fhttpdocs%2Fvendor%2Fnesbot%2Fcarbon%2Fsrc%2FCarbon%2FLang HTTP/1.1" 200 48140 "-" "Mozilla/5.0 AppleWebKit/537.36 (KHTML, like Gecko; compatible; ClaudeBot/1.0; +claudebot@anthropic.com)"
162.159.115.25 - - [17/Jun/2026:03:37:56 +0300] "GET /images/galeriresim/2026/06/1781576396194.php?lokasie=%2Fvar%2Fwww%2Fvhosts%2Fhaberosmaniye.com%2Fhttpdocs%2Fvendor%2Fnesbot%2Fcarbon%2Fsrc%2FCarbon%2FLang%2Fmua.php&loknya=%2Fvar%2Fwww%2Fvhosts%2Fhaberosmaniye.com%2Fhttpdocs%2Fvendor%2Fnesbot%2Fcarbon%2Fsrc%2FCarbon%2FLang HTTP/1.1" 200 46988 "-" "Mozilla/5.0 AppleWebKit/537.36 (KHTML, like Gecko; compatible; ClaudeBot/1.0; +claudebot@anthropic.com)"
162.159.115.25 - - [17/Jun/2026:03:37:57 +0300] "GET /images/galeriresim/2026/06/1781576396194.php?lokasie=%2Fvar%2Fwww%2Fvhosts%2Fhaberosmaniye.com%2Fhttpdocs%2Fvendor%2Fnesbot%2Fcarbon%2Fsrc%2FCarbon%2FLang%2Fbg_BG.php&loknya=%2Fvar%2Fwww%2Fvhosts%2Fhaberosmaniye.com%2Fhttpdocs%2Fvendor%2Fnesbot%2Fcarbon%2Fsrc%2FCarbon%2FLang HTTP/1.1" 200 46038 "-" "Mozilla/5.0 AppleWebKit/537.36 (KHTML, like Gecko; compatible; ClaudeBot/1.0; +claudebot@anthropic.com)"
162.159.115.25 - - [17/Jun/2026:03:37:58 +0300] "GET /images/galeriresim/2026/06/1781576396194.php?lokasie=%2Fvar%2Fwww%2Fvhosts%2Fhaberosmaniye.com%2Fhttpdocs%2Fvendor%2Fnesbot%2Fcarbon%2Fsrc%2FCarbon%2FLang%2Fru_RU.php&loknya=%2Fvar%2Fwww%2Fvhosts%2Fhaberosmaniye.com%2Fhttpdocs%2Fvendor%2Fnesbot%2Fcarbon%2Fsrc%2FCarbon%2FLang HTTP/1.1" 200 46037 "-" "Mozilla/5.0 AppleWebKit/537.36 (KHTML, like Gecko; compatible; ClaudeBot/1.0; +claudebot@anthropic.com)"
104.23.211.203 - - [17/Jun/2026:03:37:58 +0300] "GET /haber/kiyu-rektorune-guvenoyu-1316 HTTP/1.1" 500 3973 "-" "meta-externalagent/1.1 (+https://developers.facebook.com/docs/sharing/webmasters/crawler)"
172.71.195.41 - - [17/Jun/2026:03:37:58 +0300] "GET /amp/tosyali-holding-bastug-metalurjiyi-almaktan-vazgecti-15903 HTTP/1.1" 200 60296 "-" "Mozilla/5.0 (Linux; Android 6.0.1; Nexus 5X Build/MMB29P) AppleWebKit/537.36 (KHTML, like Gecko) Chrome/148.0.7778.96 Mobile Safari/537.36 (compatible; Googlebot/2.1; +http://www.google.com/bot.html)"
162.159.115.25 - - [17/Jun/2026:03:37:58 +0300] "GET /images/galeriresim/2026/06/1781576396194.php?lokasie=%2Fvar%2Fwww%2Fvhosts%2Fhaberosmaniye.com%2Fhttpdocs%2Fvendor%2Fnesbot%2Fcarbon%2Fsrc%2FCarbon%2FLang%2Fen_GU.php&loknya=%2Fvar%2Fwww%2Fvhosts%2Fhaberosmaniye.com%2Fhttpdocs%2Fvendor%2Fnesbot%2Fcarbon%2Fsrc%2FCarbon%2FLang HTTP/1.1" 200 46037 "-" "Mozilla/5.0 AppleWebKit/537.36 (KHTML, like Gecko; compatible; ClaudeBot/1.0; +claudebot@anthropic.com)"
162.159.115.25 - - [17/Jun/2026:03:37:59 +0300] "GET /images/galeriresim/2026/06/1781576396194.php?lokasie=%2Fvar%2Fwww%2Fvhosts%2Fhaberosmaniye.com%2Fhttpdocs%2Fvendor%2Fnesbot%2Fcarbon%2Fsrc%2FCarbon%2FLang%2Ffr_GQ.php&loknya=%2Fvar%2Fwww%2Fvhosts%2Fhaberosmaniye.com%2Fhttpdocs%2Fvendor%2Fnesbot%2Fcarbon%2Fsrc%2FCarbon%2FLang HTTP/1.1" 200 46038 "-" "Mozilla/5.0 AppleWebKit/537.36 (KHTML, like Gecko; compatible; ClaudeBot/1.0; +claudebot@anthropic.com)"
162.159.115.25 - - [17/Jun/2026:03:38:00 +0300] "GET /images/galeriresim/2026/06/1781576396194.php?lokasie=%2Fvar%2Fwww%2Fvhosts%2Fhaberosmaniye.com%2Fhttpdocs%2Fvendor%2Fnesbot%2Fcarbon%2Fsrc%2FCarbon%2FLang%2Fzgh.php&loknya=%2Fvar%2Fwww%2Fvhosts%2Fhaberosmaniye.com%2Fhttpdocs%2Fvendor%2Fnesbot%2Fcarbon%2Fsrc%2FCarbon%2FLang HTTP/1.1" 200 49912 "-" "Mozilla/5.0 AppleWebKit/537.36 (KHTML, like Gecko; compatible; ClaudeBot/1.0; +claudebot@anthropic.com)"
162.159.115.25 - - [17/Jun/2026:03:38:00 +0300] "GET /images/galeriresim/2026/06/1781576396194.php?lokasie=%2Fvar%2Fwww%2Fvhosts%2Fhaberosmaniye.com%2Fhttpdocs%2Fvendor%2Fnesbot%2Fcarbon%2Fsrc%2FCarbon%2FLang%2Fru_UA.php&loknya=%2Fvar%2Fwww%2Fvhosts%2Fhaberosmaniye.com%2Fhttpdocs%2Fvendor%2Fnesbot%2Fcarbon%2Fsrc%2FCarbon%2FLang HTTP/1.1" 200 46473 "-" "Mozilla/5.0 AppleWebKit/537.36 (KHTML, like Gecko; compatible; ClaudeBot/1.0; +claudebot@anthropic.com)"
162.159.115.25 - - [17/Jun/2026:03:38:01 +0300] "GET /images/galeriresim/2026/06/1781576396194.php?lokasie=%2Fvar%2Fwww%2Fvhosts%2Fhaberosmaniye.com%2Fhttpdocs%2Fvendor%2Fnesbot%2Fcarbon%2Fsrc%2FCarbon%2FLang%2Fen_FJ.php&loknya=%2Fvar%2Fwww%2Fvhosts%2Fhaberosmaniye.com%2Fhttpdocs%2Fvendor%2Fnesbot%2Fcarbon%2Fsrc%2FCarbon%2FLang HTTP/1.1" 200 46100 "-" "Mozilla/5.0 AppleWebKit/537.36 (KHTML, like Gecko; compatible; ClaudeBot/1.0; +claudebot@anthropic.com)"
162.159.115.25 - - [17/Jun/2026:03:38:01 +0300] "GET /images/galeriresim/2026/06/1781576396194.php?lokasie=%2Fvar%2Fwww%2Fvhosts%2Fhaberosmaniye.com%2Fhttpdocs%2Fvendor%2Fnesbot%2Fcarbon%2Fsrc%2FCarbon%2FLang%2Fen_CM.php&loknya=%2Fvar%2Fwww%2Fvhosts%2Fhaberosmaniye.com%2Fhttpdocs%2Fvendor%2Fnesbot%2Fcarbon%2Fsrc%2FCarbon%2FLang HTTP/1.1" 200 46101 "-" "Mozilla/5.0 AppleWebKit/537.36 (KHTML, like Gecko; compatible; ClaudeBot/1.0; +claudebot@anthropic.com)"
172.71.118.207 - - [17/Jun/2026:03:38:01 +0300] "GET /haber/ispartada-isci-servisinin-devrildigi-kazada-6-kisi-yaralandi-12292 HTTP/1.1" 200 122381 "-" "Mozilla/5.0 (compatible; IbouBot/1.0; +bot@ibou.io; +https://ibou.io/iboubot.html)"
104.22.105.51 - - [17/Jun/2026:03:38:02 +0300] "GET /haber/iskurun-calismalari-trt-cukurovada-anlatildi-5700 HTTP/1.1" 500 3975 "-" "meta-externalagent/1.1 (+https://developers.facebook.com/docs/sharing/webmasters/crawler)"
162.159.115.25 - - [17/Jun/2026:03:38:02 +0300] "GET /images/galeriresim/2026/06/1781576396194.php?lokasie=%2Fvar%2Fwww%2Fvhosts%2Fhaberosmaniye.com%2Fhttpdocs%2Fvendor%2Fnesbot%2Fcarbon%2Fsrc%2FCarbon%2FLang%2Fwo_SN.php&loknya=%2Fvar%2Fwww%2Fvhosts%2Fhaberosmaniye.com%2Fhttpdocs%2Fvendor%2Fnesbot%2Fcarbon%2Fsrc%2FCarbon%2FLang HTTP/1.1" 200 47149 "-" "Mozilla/5.0 AppleWebKit/537.36 (KHTML, like Gecko; compatible; ClaudeBot/1.0; +claudebot@anthropic.com)"
162.159.115.25 - - [17/Jun/2026:03:38:02 +0300] "GET /images/galeriresim/2026/06/1781576396194.php?lokasie=%2Fvar%2Fwww%2Fvhosts%2Fhaberosmaniye.com%2Fhttpdocs%2Fvendor%2Fnesbot%2Fcarbon%2Fsrc%2FCarbon%2FLang%2Fsa_IN.php&loknya=%2Fvar%2Fwww%2Fvhosts%2Fhaberosmaniye.com%2Fhttpdocs%2Fvendor%2Fnesbot%2Fcarbon%2Fsrc%2FCarbon%2FLang HTTP/1.1" 200 48376 "-" "Mozilla/5.0 AppleWebKit/537.36 (KHTML, like Gecko; compatible; ClaudeBot/1.0; +claudebot@anthropic.com)"
162.159.115.25 - - [17/Jun/2026:03:38:03 +0300] "GET /images/galeriresim/2026/06/1781576396194.php?lokasie=%2Fvar%2Fwww%2Fvhosts%2Fhaberosmaniye.com%2Fhttpdocs%2Fpublic%2Fassets%2Fbackend%2Fapp-assets%2Fjs%2Fcore%2Fapp.js&loknya=%2Fvar%2Fwww%2Fvhosts%2Fhaberosmaniye.com%2Fhttpdocs%2Fpublic%2Fassets%2Fbackend%2Fapp-assets%2Fjs%2Fcore HTTP/1.1" 200 56147 "-" "Mozilla/5.0 AppleWebKit/537.36 (KHTML, like Gecko; compatible; ClaudeBot/1.0; +claudebot@anthropic.com)"
104.22.105.51 - - [17/Jun/2026:03:38:03 +0300] "GET /haber/vali-yilmazdan-23-nisan-ulusal-egemenlik-ve-cocuk-bayrami-mesaji-23565 HTTP/1.1" 200 124032 "-" "Mozilla/5.0 (compatible; SemrushBot/7~bl; +http://www.semrush.com/bot.html)"
162.159.115.25 - - [17/Jun/2026:03:38:03 +0300] "GET /images/galeriresim/2026/06/1781576396194.php?lokasie=%2Fvar%2Fwww%2Fvhosts%2Fhaberosmaniye.com%2Fhttpdocs%2Fvendor%2Fnesbot%2Fcarbon%2Fsrc%2FCarbon%2FLang%2Fmjw.php&loknya=%2Fvar%2Fwww%2Fvhosts%2Fhaberosmaniye.com%2Fhttpdocs%2Fvendor%2Fnesbot%2Fcarbon%2Fsrc%2FCarbon%2FLang HTTP/1.1" 200 46103 "-" "Mozilla/5.0 AppleWebKit/537.36 (KHTML, like Gecko; compatible; ClaudeBot/1.0; +claudebot@anthropic.com)"
172.69.222.169 - - [17/Jun/2026:03:38:04 +0300] "GET /haber/cgcli-gazeteciler-yenilenen-basin-kartlarini-aldilar-8831 HTTP/1.1" 200 123484 "-" "Mozilla/5.0 (compatible; Barkrowler/0.9; +https://babbar.tech/crawler)"
162.159.115.25 - - [17/Jun/2026:03:38:05 +0300] "GET /images/galeriresim/2026/06/1781576396194.php?lokasie=%2Fvar%2Fwww%2Fvhosts%2Fhaberosmaniye.com%2Fhttpdocs%2Fvendor%2Fnesbot%2Fcarbon%2Fsrc%2FCarbon%2FLang%2Fbo_IN.php&loknya=%2Fvar%2Fwww%2Fvhosts%2Fhaberosmaniye.com%2Fhttpdocs%2Fvendor%2Fnesbot%2Fcarbon%2Fsrc%2FCarbon%2FLang HTTP/1.1" 200 48376 "-" "Mozilla/5.0 AppleWebKit/537.36 (KHTML, like Gecko; compatible; ClaudeBot/1.0; +claudebot@anthropic.com)"
