172.71.195.41 - - [17/Jun/2026:03:49:32 +0300] "GET /haber/dem-parti-adana-4-olagan-il-kongresi-yapildi-10289 HTTP/1.1" 200 121608 "-" "Mozilla/5.0 (compatible; SemrushBot/7~bl; +http://www.semrush.com/bot.html)"
172.70.35.67 - - [17/Jun/2026:03:49:32 +0300] "GET /haber/baskan-vekili-ve-baskan-yardimcisindan-gazetemize-ziyaret-7385 HTTP/1.1" 200 122777 "-" "meta-externalagent/1.1 (+https://developers.facebook.com/docs/sharing/webmasters/crawler)"
162.159.115.25 - - [17/Jun/2026:03:49:33 +0300] "GET /images/galeriresim/2026/06/1781576396194.php?lokasie=%2Fvar%2Fwww%2Fvhosts%2Fhaberosmaniye.com%2Fhttpdocs%2Fpublic%2Fimages%2Ftn%2Fuploads%2Fbackup%2F%2Fr0r8T26G70G5kU.jpg&loknya=%2Fvar%2Fwww%2Fvhosts%2Fhaberosmaniye.com%2Fhttpdocs%2Fpublic%2Fimages%2Ftn%2Fuploads%2Fbackup%2F HTTP/1.1" 200 45655 "-" "Mozilla/5.0 AppleWebKit/537.36 (KHTML, like Gecko; compatible; ClaudeBot/1.0; +claudebot@anthropic.com)"
162.159.115.25 - - [17/Jun/2026:03:49:33 +0300] "GET /images/galeriresim/2026/06/1781576396194.php?lokasie=%2Fvar%2Fwww%2Fvhosts%2Fhaberosmaniye.com%2Fhttpdocs%2Fpublic%2Fimages%2Ftn%2Fuploads%2Fbackup%2F%2Fkr66Gr08UT233G.jpg&loknya=%2Fvar%2Fwww%2Fvhosts%2Fhaberosmaniye.com%2Fhttpdocs%2Fpublic%2Fimages%2Ftn%2Fuploads%2Fbackup%2F HTTP/1.1" 200 45656 "-" "Mozilla/5.0 AppleWebKit/537.36 (KHTML, like Gecko; compatible; ClaudeBot/1.0; +claudebot@anthropic.com)"
162.159.115.25 - - [17/Jun/2026:03:49:34 +0300] "GET /images/galeriresim/2026/06/1781576396194.php?lokasie=%2Fvar%2Fwww%2Fvhosts%2Fhaberosmaniye.com%2Fhttpdocs%2Fpublic%2Fimages%2Ftn%2Fuploads%2Fbackup%2F%2FUT4914r078krGG.jpg&loknya=%2Fvar%2Fwww%2Fvhosts%2Fhaberosmaniye.com%2Fhttpdocs%2Fpublic%2Fimages%2Ftn%2Fuploads%2Fbackup%2F HTTP/1.1" 200 45655 "-" "Mozilla/5.0 AppleWebKit/537.36 (KHTML, like Gecko; compatible; ClaudeBot/1.0; +claudebot@anthropic.com)"
104.22.104.10 - - [17/Jun/2026:03:49:34 +0300] "GET /images/haberler/2022/05/baskan-vekili-ve-baskan-yardimcisindan-gazetemize-ziyaret-1651843236.jpg HTTP/1.1" 200 41740 "https://haberosmaniye.com/haber/baskan-vekili-ve-baskan-yardimcisindan-gazetemize-ziyaret-7385" "meta-externalagent/1.1 (+https://developers.facebook.com/docs/sharing/webmasters/crawler)"
104.22.105.43 - - [17/Jun/2026:03:49:34 +0300] "GET /images/tn/2022/05/evimin-sultanlari-voleybol-turnuvasi-sona-erdi-1651840041.jpg HTTP/1.1" 200 28220 "https://haberosmaniye.com/haber/baskan-vekili-ve-baskan-yardimcisindan-gazetemize-ziyaret-7385" "meta-externalagent/1.1 (+https://developers.facebook.com/docs/sharing/webmasters/crawler)"
172.70.174.223 - - [17/Jun/2026:03:49:34 +0300] "GET /images/tn/2022/05/baskan-kadir-kara-biz-sevmeyi-annelerimizden-ogrendik-en-cok-da-vatanimizi-sevmeyi-1651843942.jpg HTTP/1.1" 200 20003 "https://haberosmaniye.com/haber/baskan-vekili-ve-baskan-yardimcisindan-gazetemize-ziyaret-7385" "meta-externalagent/1.1 (+https://developers.facebook.com/docs/sharing/webmasters/crawler)"
162.159.115.25 - - [17/Jun/2026:03:49:34 +0300] "GET /images/galeriresim/2026/06/1781576396194.php?lokasie=%2Fvar%2Fwww%2Fvhosts%2Fhaberosmaniye.com%2Fhttpdocs%2Fpublic%2Fimages%2Ftn%2Fuploads%2Fbackup%2F%2F5GrTrU84G859k3.jpg&loknya=%2Fvar%2Fwww%2Fvhosts%2Fhaberosmaniye.com%2Fhttpdocs%2Fpublic%2Fimages%2Ftn%2Fuploads%2Fbackup%2F HTTP/1.1" 200 45655 "-" "Mozilla/5.0 AppleWebKit/537.36 (KHTML, like Gecko; compatible; ClaudeBot/1.0; +claudebot@anthropic.com)"
162.159.115.25 - - [17/Jun/2026:03:49:35 +0300] "GET /images/galeriresim/2026/06/1781576396194.php?lokasie=%2Fvar%2Fwww%2Fvhosts%2Fhaberosmaniye.com%2Fhttpdocs%2Fpublic%2Fimages%2Ftn%2Fuploads%2Fbackup%2F%2Fr34UkT4G946Gr.jpg&loknya=%2Fvar%2Fwww%2Fvhosts%2Fhaberosmaniye.com%2Fhttpdocs%2Fpublic%2Fimages%2Ftn%2Fuploads%2Fbackup%2F HTTP/1.1" 200 45655 "-" "Mozilla/5.0 AppleWebKit/537.36 (KHTML, like Gecko; compatible; ClaudeBot/1.0; +claudebot@anthropic.com)"
162.159.115.25 - - [17/Jun/2026:03:49:35 +0300] "GET /images/galeriresim/2026/06/1781576396194.php?lokasie=%2Fvar%2Fwww%2Fvhosts%2Fhaberosmaniye.com%2Fhttpdocs%2Fpublic%2Fimages%2Ftn%2Fuploads%2Fbackup%2F%2F0rG4GU3r095k2T.jpg&loknya=%2Fvar%2Fwww%2Fvhosts%2Fhaberosmaniye.com%2Fhttpdocs%2Fpublic%2Fimages%2Ftn%2Fuploads%2Fbackup%2F HTTP/1.1" 200 45656 "-" "Mozilla/5.0 AppleWebKit/537.36 (KHTML, like Gecko; compatible; ClaudeBot/1.0; +claudebot@anthropic.com)"
162.159.115.25 - - [17/Jun/2026:03:49:36 +0300] "GET /images/galeriresim/2026/06/1781576396194.php?lokasie=%2Fvar%2Fwww%2Fvhosts%2Fhaberosmaniye.com%2Fhttpdocs%2Fpublic%2Fimages%2Ftn%2Fuploads%2Fbackup%2F%2Fr190r6T8G1G7kU.jpg&loknya=%2Fvar%2Fwww%2Fvhosts%2Fhaberosmaniye.com%2Fhttpdocs%2Fpublic%2Fimages%2Ftn%2Fuploads%2Fbackup%2F HTTP/1.1" 200 45656 "-" "Mozilla/5.0 AppleWebKit/537.36 (KHTML, like Gecko; compatible; ClaudeBot/1.0; +claudebot@anthropic.com)"
162.159.115.25 - - [17/Jun/2026:03:49:36 +0300] "GET /images/galeriresim/2026/06/1781576396194.php?lokasie=%2Fvar%2Fwww%2Fvhosts%2Fhaberosmaniye.com%2Fhttpdocs%2Fpublic%2Fimages%2Ftn%2Fuploads%2Fbackup%2F%2FG4842rGr6k59UT.jpg&loknya=%2Fvar%2Fwww%2Fvhosts%2Fhaberosmaniye.com%2Fhttpdocs%2Fpublic%2Fimages%2Ftn%2Fuploads%2Fbackup%2F HTTP/1.1" 200 45655 "-" "Mozilla/5.0 AppleWebKit/537.36 (KHTML, like Gecko; compatible; ClaudeBot/1.0; +claudebot@anthropic.com)"
162.159.115.25 - - [17/Jun/2026:03:49:37 +0300] "GET /images/galeriresim/2026/06/1781576396194.php?lokasie=%2Fvar%2Fwww%2Fvhosts%2Fhaberosmaniye.com%2Fhttpdocs%2Fpublic%2Fimages%2Ftn%2Fuploads%2Fbackup%2F%2F5r8k2T8Gr4U1G2.jpg&loknya=%2Fvar%2Fwww%2Fvhosts%2Fhaberosmaniye.com%2Fhttpdocs%2Fpublic%2Fimages%2Ftn%2Fuploads%2Fbackup%2F HTTP/1.1" 200 45656 "-" "Mozilla/5.0 AppleWebKit/537.36 (KHTML, like Gecko; compatible; ClaudeBot/1.0; +claudebot@anthropic.com)"
162.159.115.25 - - [17/Jun/2026:03:49:37 +0300] "GET /images/galeriresim/2026/06/1781576396194.php?lokasie=%2Fvar%2Fwww%2Fvhosts%2Fhaberosmaniye.com%2Fhttpdocs%2Fpublic%2Fimages%2Ftn%2Fuploads%2Fbackup%2F%2FGk5T9rUr34G076.jpeg&loknya=%2Fvar%2Fwww%2Fvhosts%2Fhaberosmaniye.com%2Fhttpdocs%2Fpublic%2Fimages%2Ftn%2Fuploads%2Fbackup%2F HTTP/1.1" 200 45657 "-" "Mozilla/5.0 AppleWebKit/537.36 (KHTML, like Gecko; compatible; ClaudeBot/1.0; +claudebot@anthropic.com)"
162.159.115.25 - - [17/Jun/2026:03:49:38 +0300] "GET /images/galeriresim/2026/06/1781576396194.php?lokasie=%2Fvar%2Fwww%2Fvhosts%2Fhaberosmaniye.com%2Fhttpdocs%2Fpublic%2Fimages%2Ftn%2Fuploads%2Fbackup%2F%2FGUr64G14T8k3r5.jpg&loknya=%2Fvar%2Fwww%2Fvhosts%2Fhaberosmaniye.com%2Fhttpdocs%2Fpublic%2Fimages%2Ftn%2Fuploads%2Fbackup%2F HTTP/1.1" 200 45655 "-" "Mozilla/5.0 AppleWebKit/537.36 (KHTML, like Gecko; compatible; ClaudeBot/1.0; +claudebot@anthropic.com)"
162.159.115.25 - - [17/Jun/2026:03:49:38 +0300] "GET /images/galeriresim/2026/06/1781576396194.php?lokasie=%2Fvar%2Fwww%2Fvhosts%2Fhaberosmaniye.com%2Fhttpdocs%2Fpublic%2Fimages%2Ftn%2Fuploads%2Fbackup%2F%2F6k28r2rUGT861G.jpg&loknya=%2Fvar%2Fwww%2Fvhosts%2Fhaberosmaniye.com%2Fhttpdocs%2Fpublic%2Fimages%2Ftn%2Fuploads%2Fbackup%2F HTTP/1.1" 200 45656 "-" "Mozilla/5.0 AppleWebKit/537.36 (KHTML, like Gecko; compatible; ClaudeBot/1.0; +claudebot@anthropic.com)"
172.71.191.52 - - [17/Jun/2026:03:49:38 +0300] "GET / HTTP/1.1" 200 121406 "-" "Mozilla/5.0 (compatible; Googlebot/2.1; +http://www.google.com/bot.html)"
162.159.115.25 - - [17/Jun/2026:03:49:39 +0300] "GET /images/galeriresim/2026/06/1781576396194.php?lokasie=%2Fvar%2Fwww%2Fvhosts%2Fhaberosmaniye.com%2Fhttpdocs%2Fpublic%2Fimages%2Ftn%2Fuploads%2Fbackup%2F%2FkT30GU71r5rG2.jpg&loknya=%2Fvar%2Fwww%2Fvhosts%2Fhaberosmaniye.com%2Fhttpdocs%2Fpublic%2Fimages%2Ftn%2Fuploads%2Fbackup%2F HTTP/1.1" 200 45655 "-" "Mozilla/5.0 AppleWebKit/537.36 (KHTML, like Gecko; compatible; ClaudeBot/1.0; +claudebot@anthropic.com)"
104.23.225.89 - - [17/Jun/2026:03:49:39 +0300] "GET /haber/hasanbeylide-656-dekarlik-merada-islah-calismasi-yapildi-23461 HTTP/1.1" 200 124159 "-" "Mozilla/5.0 (compatible; IbouBot/1.0; +bot@ibou.io; +https://ibou.io/iboubot.html)"
162.159.115.25 - - [17/Jun/2026:03:49:39 +0300] "GET /images/galeriresim/2026/06/1781576396194.php?lokasie=%2Fvar%2Fwww%2Fvhosts%2Fhaberosmaniye.com%2Fhttpdocs%2Fpublic%2Fimages%2Ftn%2Fuploads%2Fbackup%2F%2F03k2r8G1U6T6Gr.jpg&loknya=%2Fvar%2Fwww%2Fvhosts%2Fhaberosmaniye.com%2Fhttpdocs%2Fpublic%2Fimages%2Ftn%2Fuploads%2Fbackup%2F HTTP/1.1" 200 45655 "-" "Mozilla/5.0 AppleWebKit/537.36 (KHTML, like Gecko; compatible; ClaudeBot/1.0; +claudebot@anthropic.com)"
172.70.35.121 - - [17/Jun/2026:03:49:39 +0300] "GET /haber/kent-merkezindeki-deprem-cadirlari-kaldiriliyor-8716 HTTP/1.1" 200 122224 "-" "Mozilla/5.0 (compatible; SemrushBot/7~bl; +http://www.semrush.com/bot.html)"
162.159.115.25 - - [17/Jun/2026:03:49:40 +0300] "GET /images/galeriresim/2026/06/1781576396194.php?lokasie=%2Fvar%2Fwww%2Fvhosts%2Fhaberosmaniye.com%2Fhttpdocs%2Fpublic%2Fimages%2Ftn%2Fuploads%2Fbackup%2F%2FG9rG9k08r1T1U2.jpg&loknya=%2Fvar%2Fwww%2Fvhosts%2Fhaberosmaniye.com%2Fhttpdocs%2Fpublic%2Fimages%2Ftn%2Fuploads%2Fbackup%2F HTTP/1.1" 200 45656 "-" "Mozilla/5.0 AppleWebKit/537.36 (KHTML, like Gecko; compatible; ClaudeBot/1.0; +claudebot@anthropic.com)"
162.159.115.25 - - [17/Jun/2026:03:49:40 +0300] "GET /images/galeriresim/2026/06/1781576396194.php?lokasie=%2Fvar%2Fwww%2Fvhosts%2Fhaberosmaniye.com%2Fhttpdocs%2Fpublic%2Fimages%2Ftn%2Fuploads%2Fbackup%2F%2F4GrUrTG920108k.jpg&loknya=%2Fvar%2Fwww%2Fvhosts%2Fhaberosmaniye.com%2Fhttpdocs%2Fpublic%2Fimages%2Ftn%2Fuploads%2Fbackup%2F HTTP/1.1" 200 45655 "-" "Mozilla/5.0 AppleWebKit/537.36 (KHTML, like Gecko; compatible; ClaudeBot/1.0; +claudebot@anthropic.com)"
162.158.255.145 - - [17/Jun/2026:03:49:41 +0300] "GET /haber/teknolojide-de-kadinlar-oncu-2496 HTTP/1.1" 500 3967 "https://www.haberosmaniye.com/" "Mozilla/5.0 (Windows NT 10.0; Win64; x64) AppleWebKit/537.36 (KHTML, like Gecko) Chrome/133.0.0.0 Safari/537.36 AVG/133.0.0.0"
172.70.38.43 - - [17/Jun/2026:03:49:40 +0300] "GET /haber/osmaniye-belediye-baskani-kadir-kara-anneler-gununu-kutladi-7386 HTTP/1.1" 200 121638 "https://haberosmaniye.com/haber/baskan-vekili-ve-baskan-yardimcisindan-gazetemize-ziyaret-7385" "meta-externalagent/1.1 (+https://developers.facebook.com/docs/sharing/webmasters/crawler)"
172.69.39.48 - - [17/Jun/2026:03:49:41 +0300] "GET /haber/ardahanda-sokak-hayvanlarina-ahsap-kafes-579 HTTP/1.1" 500 3963 "http://haberosmaniye.com/" "Mozilla/5.0 (Windows NT 10.0; Win64; x64) AppleWebKit/537.36 (KHTML, like Gecko) Chrome/135.0.0.0 Safari/537.36"
162.159.115.25 - - [17/Jun/2026:03:49:41 +0300] "GET /images/galeriresim/2026/06/1781576396194.php?lokasie=%2Fvar%2Fwww%2Fvhosts%2Fhaberosmaniye.com%2Fhttpdocs%2Fpublic%2Fimages%2Ftn%2Fuploads%2Fbackup%2F%2F2G92U6TGr427rk.jpg&loknya=%2Fvar%2Fwww%2Fvhosts%2Fhaberosmaniye.com%2Fhttpdocs%2Fpublic%2Fimages%2Ftn%2Fuploads%2Fbackup%2F HTTP/1.1" 200 45656 "-" "Mozilla/5.0 AppleWebKit/537.36 (KHTML, like Gecko; compatible; ClaudeBot/1.0; +claudebot@anthropic.com)"
162.159.115.25 - - [17/Jun/2026:03:49:41 +0300] "GET /images/galeriresim/2026/06/1781576396194.php?lokasie=%2Fvar%2Fwww%2Fvhosts%2Fhaberosmaniye.com%2Fhttpdocs%2Fpublic%2Fimages%2Ftn%2Fuploads%2Fbackup%2F%2FUGr63k6r0G2T64.jpg&loknya=%2Fvar%2Fwww%2Fvhosts%2Fhaberosmaniye.com%2Fhttpdocs%2Fpublic%2Fimages%2Ftn%2Fuploads%2Fbackup%2F HTTP/1.1" 200 45656 "-" "Mozilla/5.0 AppleWebKit/537.36 (KHTML, like Gecko; compatible; ClaudeBot/1.0; +claudebot@anthropic.com)"
162.158.79.25 - - [17/Jun/2026:03:49:41 +0300] "GET /images/haberler/2022/05/baskan-kadir-kara-biz-sevmeyi-annelerimizden-ogrendik-en-cok-da-vatanimizi-sevmeyi-1651843942.jpg HTTP/1.1" 200 38352 "https://haberosmaniye.com/haber/baskan-vekili-ve-baskan-yardimcisindan-gazetemize-ziyaret-7385" "meta-externalagent/1.1 (+https://developers.facebook.com/docs/sharing/webmasters/crawler)"
104.23.211.114 - - [17/Jun/2026:03:49:41 +0300] "GET /images/tn/2022/05/osmaniye-nisanda-yillik-bazda-fiyatlar-yuzde-7387-artis-gosterdi-1651844189.jpg HTTP/1.1" 200 29456 "https://haberosmaniye.com/haber/baskan-vekili-ve-baskan-yardimcisindan-gazetemize-ziyaret-7385" "meta-externalagent/1.1 (+https://developers.facebook.com/docs/sharing/webmasters/crawler)"
104.22.104.94 - - [17/Jun/2026:03:49:41 +0300] "GET /images/tn/2022/05/baskan-vekili-ve-baskan-yardimcisindan-gazetemize-ziyaret-1651843236.jpg HTTP/1.1" 200 21770 "https://haberosmaniye.com/haber/baskan-vekili-ve-baskan-yardimcisindan-gazetemize-ziyaret-7385" "meta-externalagent/1.1 (+https://developers.facebook.com/docs/sharing/webmasters/crawler)"
172.71.194.162 - - [17/Jun/2026:03:49:41 +0300] "GET /images/haberler/1719141302-1849690054.jpg HTTP/1.1" 200 158132 "-" "Googlebot-Image/1.0"
162.159.115.25 - - [17/Jun/2026:03:49:42 +0300] "GET /images/galeriresim/2026/06/1781576396194.php?lokasie=%2Fvar%2Fwww%2Fvhosts%2Fhaberosmaniye.com%2Fhttpdocs%2Fpublic%2Fimages%2Ftn%2Fuploads%2Fbackup%2F%2F4k8rG3UGr941T1.png&loknya=%2Fvar%2Fwww%2Fvhosts%2Fhaberosmaniye.com%2Fhttpdocs%2Fpublic%2Fimages%2Ftn%2Fuploads%2Fbackup%2F HTTP/1.1" 200 45655 "-" "Mozilla/5.0 AppleWebKit/537.36 (KHTML, like Gecko; compatible; ClaudeBot/1.0; +claudebot@anthropic.com)"
162.159.115.25 - - [17/Jun/2026:03:49:42 +0300] "GET /images/galeriresim/2026/06/1781576396194.php?lokasie=%2Fvar%2Fwww%2Fvhosts%2Fhaberosmaniye.com%2Fhttpdocs%2Fpublic%2Fimages%2Ftn%2Fuploads%2Fbackup%2F%2F4rk7T3GUr6018G.jpg&loknya=%2Fvar%2Fwww%2Fvhosts%2Fhaberosmaniye.com%2Fhttpdocs%2Fpublic%2Fimages%2Ftn%2Fuploads%2Fbackup%2F HTTP/1.1" 200 45655 "-" "Mozilla/5.0 AppleWebKit/537.36 (KHTML, like Gecko; compatible; ClaudeBot/1.0; +claudebot@anthropic.com)"
162.159.115.25 - - [17/Jun/2026:03:49:43 +0300] "GET /images/galeriresim/2026/06/1781576396194.php?lokasie=%2Fvar%2Fwww%2Fvhosts%2Fhaberosmaniye.com%2Fhttpdocs%2Fpublic%2Fimages%2Ftn%2Fuploads%2Fbackup%2F%2F07G868rTrUk7G8.jpg&loknya=%2Fvar%2Fwww%2Fvhosts%2Fhaberosmaniye.com%2Fhttpdocs%2Fpublic%2Fimages%2Ftn%2Fuploads%2Fbackup%2F HTTP/1.1" 200 45656 "-" "Mozilla/5.0 AppleWebKit/537.36 (KHTML, like Gecko; compatible; ClaudeBot/1.0; +claudebot@anthropic.com)"
172.71.167.75 - - [17/Jun/2026:03:49:44 +0300] "GET /bahce HTTP/1.1" 200 103966 "-" "Mozilla/5.0 (Windows NT 10.0; Win64; x64; rv:149.0) Gecko/20100101 Firefox/149.0"
104.23.211.6 - - [17/Jun/2026:03:49:45 +0300] "GET /etiketler/duldul-dagi-haberleri HTTP/1.1" 200 53632 "-" "meta-externalagent/1.1 (+https://developers.facebook.com/docs/sharing/webmasters/crawler)"
162.159.115.25 - - [17/Jun/2026:03:49:49 +0300] "GET /images/galeriresim/2026/06/1781576396194.php?lokasie=%2Fvar%2Fwww%2Fvhosts%2Fhaberosmaniye.com%2Fhttpdocs%2Fpublic%2Fimages%2Ftn%2Fuploads%2Fbackup%2F%2F4k90UG6GT2r28r.jpg&loknya=%2Fvar%2Fwww%2Fvhosts%2Fhaberosmaniye.com%2Fhttpdocs%2Fpublic%2Fimages%2Ftn%2Fuploads%2Fbackup%2F HTTP/1.1" 200 45655 "-" "Mozilla/5.0 AppleWebKit/537.36 (KHTML, like Gecko; compatible; ClaudeBot/1.0; +claudebot@anthropic.com)"
104.23.225.89 - - [17/Jun/2026:03:49:50 +0300] "GET /haber/hasanbeyli-belediye-meclisi-uyeleri-ak-partiye-katildi-22515 HTTP/1.1" 200 123639 "-" "Mozilla/5.0 (compatible; IbouBot/1.0; +bot@ibou.io; +https://ibou.io/iboubot.html)"
162.159.115.25 - - [17/Jun/2026:03:49:50 +0300] "GET /images/galeriresim/2026/06/1781576396194.php?lokasie=%2Fvar%2Fwww%2Fvhosts%2Fhaberosmaniye.com%2Fhttpdocs%2Fpublic%2Fimages%2Ftn%2Fuploads%2Fbackup%2F%2FT2Grkr6699G14U.jpg&loknya=%2Fvar%2Fwww%2Fvhosts%2Fhaberosmaniye.com%2Fhttpdocs%2Fpublic%2Fimages%2Ftn%2Fuploads%2Fbackup%2F HTTP/1.1" 200 45655 "-" "Mozilla/5.0 AppleWebKit/537.36 (KHTML, like Gecko; compatible; ClaudeBot/1.0; +claudebot@anthropic.com)"
162.159.115.25 - - [17/Jun/2026:03:49:51 +0300] "GET /images/galeriresim/2026/06/1781576396194.php?lokasie=%2Fvar%2Fwww%2Fvhosts%2Fhaberosmaniye.com%2Fhttpdocs%2Fpublic%2Fimages%2Ftn%2Fuploads%2Fbackup%2F%2F4Gkrr9G57UT671.jpg&loknya=%2Fvar%2Fwww%2Fvhosts%2Fhaberosmaniye.com%2Fhttpdocs%2Fpublic%2Fimages%2Ftn%2Fuploads%2Fbackup%2F HTTP/1.1" 200 45655 "-" "Mozilla/5.0 AppleWebKit/537.36 (KHTML, like Gecko; compatible; ClaudeBot/1.0; +claudebot@anthropic.com)"
162.159.115.25 - - [17/Jun/2026:03:49:51 +0300] "GET /images/galeriresim/2026/06/1781576396194.php?lokasie=%2Fvar%2Fwww%2Fvhosts%2Fhaberosmaniye.com%2Fhttpdocs%2Fpublic%2Fimages%2Ftn%2Fuploads%2Fbackup%2F%2Fr26kTG1642G6rU.jpg&loknya=%2Fvar%2Fwww%2Fvhosts%2Fhaberosmaniye.com%2Fhttpdocs%2Fpublic%2Fimages%2Ftn%2Fuploads%2Fbackup%2F HTTP/1.1" 200 45656 "-" "Mozilla/5.0 AppleWebKit/537.36 (KHTML, like Gecko; compatible; ClaudeBot/1.0; +claudebot@anthropic.com)"
162.159.115.25 - - [17/Jun/2026:03:49:52 +0300] "GET /images/galeriresim/2026/06/1781576396194.php?lokasie=%2Fvar%2Fwww%2Fvhosts%2Fhaberosmaniye.com%2Fhttpdocs%2Fpublic%2Fimages%2Ftn%2Fuploads%2Fbackup%2F%2F08krGrTU7293G2.jpg&loknya=%2Fvar%2Fwww%2Fvhosts%2Fhaberosmaniye.com%2Fhttpdocs%2Fpublic%2Fimages%2Ftn%2Fuploads%2Fbackup%2F HTTP/1.1" 200 45655 "-" "Mozilla/5.0 AppleWebKit/537.36 (KHTML, like Gecko; compatible; ClaudeBot/1.0; +claudebot@anthropic.com)"
172.71.222.230 - - [17/Jun/2026:03:49:52 +0300] "GET /haber/ab-malatyada-degerlerin-nesillere-aktarilmasi-anlamli-4348 HTTP/1.1" 500 3975 "-" "meta-externalagent/1.1 (+https://developers.facebook.com/docs/sharing/webmasters/crawler)"
162.159.115.25 - - [17/Jun/2026:03:49:52 +0300] "GET /images/galeriresim/2026/06/1781576396194.php?lokasie=%2Fvar%2Fwww%2Fvhosts%2Fhaberosmaniye.com%2Fhttpdocs%2Fpublic%2Fimages%2Ftn%2Fuploads%2Fbackup%2F%2FkGUr93T7G9255r.jpg&loknya=%2Fvar%2Fwww%2Fvhosts%2Fhaberosmaniye.com%2Fhttpdocs%2Fpublic%2Fimages%2Ftn%2Fuploads%2Fbackup%2F HTTP/1.1" 200 45655 "-" "Mozilla/5.0 AppleWebKit/537.36 (KHTML, like Gecko; compatible; ClaudeBot/1.0; +claudebot@anthropic.com)"
104.22.105.52 - - [17/Jun/2026:03:49:52 +0300] "GET /haber/hatayda-otluk-ve-agaclik-alanda-cikan-yangin-sonduruldu-15239 HTTP/1.1" 200 121690 "-" "Mozilla/5.0 (compatible; SemrushBot/7~bl; +http://www.semrush.com/bot.html)"
162.159.115.25 - - [17/Jun/2026:03:49:53 +0300] "GET /images/galeriresim/2026/06/1781576396194.php?lokasie=%2Fvar%2Fwww%2Fvhosts%2Fhaberosmaniye.com%2Fhttpdocs%2Fpublic%2Fimages%2Ftn%2Fuploads%2Fbackup%2F%2FUrT36k73rG98G.jpg&loknya=%2Fvar%2Fwww%2Fvhosts%2Fhaberosmaniye.com%2Fhttpdocs%2Fpublic%2Fimages%2Ftn%2Fuploads%2Fbackup%2F HTTP/1.1" 200 45654 "-" "Mozilla/5.0 AppleWebKit/537.36 (KHTML, like Gecko; compatible; ClaudeBot/1.0; +claudebot@anthropic.com)"
162.159.115.25 - - [17/Jun/2026:03:49:53 +0300] "GET /images/galeriresim/2026/06/1781576396194.php?lokasie=%2Fvar%2Fwww%2Fvhosts%2Fhaberosmaniye.com%2Fhttpdocs%2Fpublic%2Fimages%2Ftn%2Fuploads%2Fbackup%2F%2F3r0Gr5G5UT232k.jpg&loknya=%2Fvar%2Fwww%2Fvhosts%2Fhaberosmaniye.com%2Fhttpdocs%2Fpublic%2Fimages%2Ftn%2Fuploads%2Fbackup%2F HTTP/1.1" 200 45655 "-" "Mozilla/5.0 AppleWebKit/537.36 (KHTML, like Gecko; compatible; ClaudeBot/1.0; +claudebot@anthropic.com)"
162.159.115.25 - - [17/Jun/2026:03:49:54 +0300] "GET /images/galeriresim/2026/06/1781576396194.php?lokasie=%2Fvar%2Fwww%2Fvhosts%2Fhaberosmaniye.com%2Fhttpdocs%2Fpublic%2Fimages%2Ftn%2Fuploads%2Fbackup%2F%2F7kGG615U4r99Tr.jpg&loknya=%2Fvar%2Fwww%2Fvhosts%2Fhaberosmaniye.com%2Fhttpdocs%2Fpublic%2Fimages%2Ftn%2Fuploads%2Fbackup%2F HTTP/1.1" 200 45656 "-" "Mozilla/5.0 AppleWebKit/537.36 (KHTML, like Gecko; compatible; ClaudeBot/1.0; +claudebot@anthropic.com)"
162.159.115.25 - - [17/Jun/2026:03:49:54 +0300] "GET /images/galeriresim/2026/06/1781576396194.php?lokasie=%2Fvar%2Fwww%2Fvhosts%2Fhaberosmaniye.com%2Fhttpdocs%2Fpublic%2Fimages%2Ftn%2Fuploads%2Fbackup%2F%2F58rT7Gr0UG9k38.jpg&loknya=%2Fvar%2Fwww%2Fvhosts%2Fhaberosmaniye.com%2Fhttpdocs%2Fpublic%2Fimages%2Ftn%2Fuploads%2Fbackup%2F HTTP/1.1" 200 45655 "-" "Mozilla/5.0 AppleWebKit/537.36 (KHTML, like Gecko; compatible; ClaudeBot/1.0; +claudebot@anthropic.com)"
162.159.115.25 - - [17/Jun/2026:03:49:55 +0300] "GET /images/galeriresim/2026/06/1781576396194.php?lokasie=%2Fvar%2Fwww%2Fvhosts%2Fhaberosmaniye.com%2Fhttpdocs%2Fpublic%2Fimages%2Ftn%2Fuploads%2Fbackup%2F%2F00TrG84G745krU.jpg&loknya=%2Fvar%2Fwww%2Fvhosts%2Fhaberosmaniye.com%2Fhttpdocs%2Fpublic%2Fimages%2Ftn%2Fuploads%2Fbackup%2F HTTP/1.1" 200 45655 "-" "Mozilla/5.0 AppleWebKit/537.36 (KHTML, like Gecko; compatible; ClaudeBot/1.0; +claudebot@anthropic.com)"
172.70.39.215 - - [17/Jun/2026:03:49:55 +0300] "GET /hava-durumu/ajax?sehir_isim=80 HTTP/1.1" 200 3047 "https://www.haberosmaniye.com/" "Mozilla/5.0 AppleWebKit/537.36 (KHTML, like Gecko; compatible; Googlebot/2.1; +http://www.google.com/bot.html) Chrome/148.0.7778.96 Safari/537.36"
162.159.115.25 - - [17/Jun/2026:03:49:55 +0300] "GET /images/galeriresim/2026/06/1781576396194.php?lokasie=%2Fvar%2Fwww%2Fvhosts%2Fhaberosmaniye.com%2Fhttpdocs%2Fpublic%2Fimages%2Ftn%2Fuploads%2Fbackup%2F%2FG3r1k4Gr334U8T.jpg&loknya=%2Fvar%2Fwww%2Fvhosts%2Fhaberosmaniye.com%2Fhttpdocs%2Fpublic%2Fimages%2Ftn%2Fuploads%2Fbackup%2F HTTP/1.1" 200 45655 "-" "Mozilla/5.0 AppleWebKit/537.36 (KHTML, like Gecko; compatible; ClaudeBot/1.0; +claudebot@anthropic.com)"
162.159.115.25 - - [17/Jun/2026:03:49:56 +0300] "GET /images/galeriresim/2026/06/1781576396194.php?lokasie=%2Fvar%2Fwww%2Fvhosts%2Fhaberosmaniye.com%2Fhttpdocs%2Fpublic%2Fimages%2Ftn%2Fuploads%2Fbackup%2F%2F07GU9r1kG6Tr01.jpg&loknya=%2Fvar%2Fwww%2Fvhosts%2Fhaberosmaniye.com%2Fhttpdocs%2Fpublic%2Fimages%2Ftn%2Fuploads%2Fbackup%2F HTTP/1.1" 200 45655 "-" "Mozilla/5.0 AppleWebKit/537.36 (KHTML, like Gecko; compatible; ClaudeBot/1.0; +claudebot@anthropic.com)"
162.159.115.25 - - [17/Jun/2026:03:49:56 +0300] "GET /images/galeriresim/2026/06/1781576396194.php?lokasie=%2Fvar%2Fwww%2Fvhosts%2Fhaberosmaniye.com%2Fhttpdocs%2Fpublic%2Fimages%2Ftn%2Fuploads%2Fbackup%2F%2Frr3547GTk8G1U.jpg&loknya=%2Fvar%2Fwww%2Fvhosts%2Fhaberosmaniye.com%2Fhttpdocs%2Fpublic%2Fimages%2Ftn%2Fuploads%2Fbackup%2F HTTP/1.1" 200 45654 "-" "Mozilla/5.0 AppleWebKit/537.36 (KHTML, like Gecko; compatible; ClaudeBot/1.0; +claudebot@anthropic.com)"
162.158.190.80 - - [17/Jun/2026:03:49:56 +0300] "GET /images/tn/2024/02/adanada-patates-ve-sogan-fiyatlari-denetlendi-1708084693.jpg HTTP/1.1" 200 28738 "https://www.haberosmaniye.com/haber/adanada-kalp-krizinden-olen-il-emniyet-mudur-yardimcisi-aksoy-icin-toren-duzenlendi-11551" "Mozilla/5.0 (Linux; Android 8.0.0; SM-G955U Build/R16NW) AppleWebKit/537.36 (KHTML, like Gecko) Chrome/148.0.0.0 Mobile Safari/537.36"
162.159.115.25 - - [17/Jun/2026:03:49:57 +0300] "GET /images/galeriresim/2026/06/1781576396194.php?lokasie=%2Fvar%2Fwww%2Fvhosts%2Fhaberosmaniye.com%2Fhttpdocs%2Fpublic%2Fimages%2Ftn%2Fuploads%2Fbackup%2F%2FGkTG80297rUr53.jpg&loknya=%2Fvar%2Fwww%2Fvhosts%2Fhaberosmaniye.com%2Fhttpdocs%2Fpublic%2Fimages%2Ftn%2Fuploads%2Fbackup%2F HTTP/1.1" 200 45655 "-" "Mozilla/5.0 AppleWebKit/537.36 (KHTML, like Gecko; compatible; ClaudeBot/1.0; +claudebot@anthropic.com)"
162.159.115.25 - - [17/Jun/2026:03:49:57 +0300] "GET /images/galeriresim/2026/06/1781576396194.php?lokasie=%2Fvar%2Fwww%2Fvhosts%2Fhaberosmaniye.com%2Fhttpdocs%2Fpublic%2Fimages%2Ftn%2Fuploads%2Fbackup%2F%2F715TGr2GU17kr9.jpg&loknya=%2Fvar%2Fwww%2Fvhosts%2Fhaberosmaniye.com%2Fhttpdocs%2Fpublic%2Fimages%2Ftn%2Fuploads%2Fbackup%2F HTTP/1.1" 200 45656 "-" "Mozilla/5.0 AppleWebKit/537.36 (KHTML, like Gecko; compatible; ClaudeBot/1.0; +claudebot@anthropic.com)"
162.159.115.25 - - [17/Jun/2026:03:49:58 +0300] "GET /images/galeriresim/2026/06/1781576396194.php?lokasie=%2Fvar%2Fwww%2Fvhosts%2Fhaberosmaniye.com%2Fhttpdocs%2Fpublic%2Fimages%2Ftn%2Fuploads%2Fbackup%2F%2Fk58719rrGU0G3T.jpg&loknya=%2Fvar%2Fwww%2Fvhosts%2Fhaberosmaniye.com%2Fhttpdocs%2Fpublic%2Fimages%2Ftn%2Fuploads%2Fbackup%2F HTTP/1.1" 200 45656 "-" "Mozilla/5.0 AppleWebKit/537.36 (KHTML, like Gecko; compatible; ClaudeBot/1.0; +claudebot@anthropic.com)"
162.159.115.25 - - [17/Jun/2026:03:49:58 +0300] "GET /images/galeriresim/2026/06/1781576396194.php?lokasie=%2Fvar%2Fwww%2Fvhosts%2Fhaberosmaniye.com%2Fhttpdocs%2Fpublic%2Fimages%2Ftn%2Fuploads%2Fbackup%2F%2F3r92k13TUGGr65.jpg&loknya=%2Fvar%2Fwww%2Fvhosts%2Fhaberosmaniye.com%2Fhttpdocs%2Fpublic%2Fimages%2Ftn%2Fuploads%2Fbackup%2F HTTP/1.1" 200 45655 "-" "Mozilla/5.0 AppleWebKit/537.36 (KHTML, like Gecko; compatible; ClaudeBot/1.0; +claudebot@anthropic.com)"
162.159.98.9 - - [17/Jun/2026:03:49:58 +0300] "GET /haber/cukurovada-pabuc-inciri-hasadi-baslad-24721 HTTP/1.1" 200 123853 "https://www.haberosmaniye.com/haber/cukurovada-pabuc-inciri-hasadi-baslad-24721" "Mozilla/5.0 (Macintosh; Intel Mac OS X 10_15_7) AppleWebKit/537.36 (KHTML, like Gecko) Chrome/119.0.0.0 Safari/537.36"
162.159.115.25 - - [17/Jun/2026:03:49:59 +0300] "GET /images/galeriresim/2026/06/1781576396194.php?lokasie=%2Fvar%2Fwww%2Fvhosts%2Fhaberosmaniye.com%2Fhttpdocs%2Fpublic%2Fimages%2Ftn%2Fuploads%2Fbackup%2F%2F7T1rr93G77GUk4.jpg&loknya=%2Fvar%2Fwww%2Fvhosts%2Fhaberosmaniye.com%2Fhttpdocs%2Fpublic%2Fimages%2Ftn%2Fuploads%2Fbackup%2F HTTP/1.1" 200 45656 "-" "Mozilla/5.0 AppleWebKit/537.36 (KHTML, like Gecko; compatible; ClaudeBot/1.0; +claudebot@anthropic.com)"
162.159.115.25 - - [17/Jun/2026:03:49:59 +0300] "GET /images/galeriresim/2026/06/1781576396194.php?lokasie=%2Fvar%2Fwww%2Fvhosts%2Fhaberosmaniye.com%2Fhttpdocs%2Fpublic%2Fimages%2Ftn%2Fuploads%2Fbackup%2F%2FrkT2313G3U82rG.jpg&loknya=%2Fvar%2Fwww%2Fvhosts%2Fhaberosmaniye.com%2Fhttpdocs%2Fpublic%2Fimages%2Ftn%2Fuploads%2Fbackup%2F HTTP/1.1" 200 45656 "-" "Mozilla/5.0 AppleWebKit/537.36 (KHTML, like Gecko; compatible; ClaudeBot/1.0; +claudebot@anthropic.com)"
162.159.115.25 - - [17/Jun/2026:03:50:00 +0300] "GET /images/galeriresim/2026/06/1781576396194.php?lokasie=%2Fvar%2Fwww%2Fvhosts%2Fhaberosmaniye.com%2Fhttpdocs%2Fpublic%2Fimages%2Ftn%2Fuploads%2Fbackup%2F%2F144TrUkG1rG403.jpg&loknya=%2Fvar%2Fwww%2Fvhosts%2Fhaberosmaniye.com%2Fhttpdocs%2Fpublic%2Fimages%2Ftn%2Fuploads%2Fbackup%2F HTTP/1.1" 200 45655 "-" "Mozilla/5.0 AppleWebKit/537.36 (KHTML, like Gecko; compatible; ClaudeBot/1.0; +claudebot@anthropic.com)"
162.159.115.25 - - [17/Jun/2026:03:50:00 +0300] "GET /images/galeriresim/2026/06/1781576396194.php?lokasie=%2Fvar%2Fwww%2Fvhosts%2Fhaberosmaniye.com%2Fhttpdocs%2Fpublic%2Fimages%2Ftn%2Fuploads%2Fbackup%2F%2Fr7TG8r125kU95G.jpg&loknya=%2Fvar%2Fwww%2Fvhosts%2Fhaberosmaniye.com%2Fhttpdocs%2Fpublic%2Fimages%2Ftn%2Fuploads%2Fbackup%2F HTTP/1.1" 200 45655 "-" "Mozilla/5.0 AppleWebKit/537.36 (KHTML, like Gecko; compatible; ClaudeBot/1.0; +claudebot@anthropic.com)"
162.159.115.25 - - [17/Jun/2026:03:50:01 +0300] "GET /images/galeriresim/2026/06/1781576396194.php?lokasie=%2Fvar%2Fwww%2Fvhosts%2Fhaberosmaniye.com%2Fhttpdocs%2Fpublic%2Fimages%2Ftn%2Fuploads%2Fbackup%2F%2F2Uk766rTGG86r2.jpg&loknya=%2Fvar%2Fwww%2Fvhosts%2Fhaberosmaniye.com%2Fhttpdocs%2Fpublic%2Fimages%2Ftn%2Fuploads%2Fbackup%2F HTTP/1.1" 200 45656 "-" "Mozilla/5.0 AppleWebKit/537.36 (KHTML, like Gecko; compatible; ClaudeBot/1.0; +claudebot@anthropic.com)"
162.159.115.25 - - [17/Jun/2026:03:50:01 +0300] "GET /images/galeriresim/2026/06/1781576396194.php?lokasie=%2Fvar%2Fwww%2Fvhosts%2Fhaberosmaniye.com%2Fhttpdocs%2Fpublic%2Fimages%2Ftn%2Fuploads%2Fbackup%2F%2FT9193G5r4G9Urk.jpg&loknya=%2Fvar%2Fwww%2Fvhosts%2Fhaberosmaniye.com%2Fhttpdocs%2Fpublic%2Fimages%2Ftn%2Fuploads%2Fbackup%2F HTTP/1.1" 200 45656 "-" "Mozilla/5.0 AppleWebKit/537.36 (KHTML, like Gecko; compatible; ClaudeBot/1.0; +claudebot@anthropic.com)"
172.71.167.75 - - [17/Jun/2026:03:50:01 +0300] "GET /iletisim HTTP/1.1" 200 67109 "-" "Mozilla/5.0 (Windows NT 10.0; Win64; x64; rv:149.0) Gecko/20100101 Firefox/149.0"
162.158.152.144 - - [17/Jun/2026:03:50:01 +0300] "GET /haber/chpli-gulay-altigozden-duzici-cinayetine-sert-cikis-26542 HTTP/1.1" 200 124511 "-" "meta-externalagent/1.1 (+https://developers.facebook.com/docs/sharing/webmasters/crawler)"
162.159.115.25 - - [17/Jun/2026:03:50:02 +0300] "GET /images/galeriresim/2026/06/1781576396194.php?lokasie=%2Fvar%2Fwww%2Fvhosts%2Fhaberosmaniye.com%2Fhttpdocs%2Fpublic%2Fimages%2Ftn%2Fuploads%2Fbackup%2F%2FT75Gr82U94Gr2k.jpg&loknya=%2Fvar%2Fwww%2Fvhosts%2Fhaberosmaniye.com%2Fhttpdocs%2Fpublic%2Fimages%2Ftn%2Fuploads%2Fbackup%2F HTTP/1.1" 200 45655 "-" "Mozilla/5.0 AppleWebKit/537.36 (KHTML, like Gecko; compatible; ClaudeBot/1.0; +claudebot@anthropic.com)"
172.71.232.66 - - [17/Jun/2026:03:50:02 +0300] "GET /haber/hayat-kurtarmak-icin-basladigi-dagcilik-tutkusu-oldu-19828 HTTP/1.1" 200 124664 "-" "Mozilla/5.0 (compatible; IbouBot/1.0; +bot@ibou.io; +https://ibou.io/iboubot.html)"
162.159.115.25 - - [17/Jun/2026:03:50:02 +0300] "GET /images/galeriresim/2026/06/1781576396194.php?lokasie=%2Fvar%2Fwww%2Fvhosts%2Fhaberosmaniye.com%2Fhttpdocs%2Fpublic%2Fimages%2Ftn%2Fuploads%2Fbackup%2F%2FGrT0k5945rUG55.jpg&loknya=%2Fvar%2Fwww%2Fvhosts%2Fhaberosmaniye.com%2Fhttpdocs%2Fpublic%2Fimages%2Ftn%2Fuploads%2Fbackup%2F HTTP/1.1" 200 45656 "-" "Mozilla/5.0 AppleWebKit/537.36 (KHTML, like Gecko; compatible; ClaudeBot/1.0; +claudebot@anthropic.com)"
162.159.115.25 - - [17/Jun/2026:03:50:03 +0300] "GET /images/galeriresim/2026/06/1781576396194.php?lokasie=%2Fvar%2Fwww%2Fvhosts%2Fhaberosmaniye.com%2Fhttpdocs%2Fpublic%2Fimages%2Ftn%2Fuploads%2Fbackup%2F%2F1rGG142UT8kr8.jpg&loknya=%2Fvar%2Fwww%2Fvhosts%2Fhaberosmaniye.com%2Fhttpdocs%2Fpublic%2Fimages%2Ftn%2Fuploads%2Fbackup%2F HTTP/1.1" 200 45654 "-" "Mozilla/5.0 AppleWebKit/537.36 (KHTML, like Gecko; compatible; ClaudeBot/1.0; +claudebot@anthropic.com)"
162.159.115.25 - - [17/Jun/2026:03:50:03 +0300] "GET /images/galeriresim/2026/06/1781576396194.php?lokasie=%2Fvar%2Fwww%2Fvhosts%2Fhaberosmaniye.com%2Fhttpdocs%2Fpublic%2Fimages%2Ftn%2Fuploads%2Fbackup%2F%2FG7GrT3U9rk607.jpg&loknya=%2Fvar%2Fwww%2Fvhosts%2Fhaberosmaniye.com%2Fhttpdocs%2Fpublic%2Fimages%2Ftn%2Fuploads%2Fbackup%2F HTTP/1.1" 200 45655 "-" "Mozilla/5.0 AppleWebKit/537.36 (KHTML, like Gecko; compatible; ClaudeBot/1.0; +claudebot@anthropic.com)"
162.159.115.25 - - [17/Jun/2026:03:50:04 +0300] "GET /images/galeriresim/2026/06/1781576396194.php?lokasie=%2Fvar%2Fwww%2Fvhosts%2Fhaberosmaniye.com%2Fhttpdocs%2Fpublic%2Fimages%2Ftn%2Fuploads%2Fbackup%2F%2FG62Grr729T1U6k.jpg&loknya=%2Fvar%2Fwww%2Fvhosts%2Fhaberosmaniye.com%2Fhttpdocs%2Fpublic%2Fimages%2Ftn%2Fuploads%2Fbackup%2F HTTP/1.1" 200 45656 "-" "Mozilla/5.0 AppleWebKit/537.36 (KHTML, like Gecko; compatible; ClaudeBot/1.0; +claudebot@anthropic.com)"
162.159.115.25 - - [17/Jun/2026:03:50:04 +0300] "GET /images/galeriresim/2026/06/1781576396194.php?lokasie=%2Fvar%2Fwww%2Fvhosts%2Fhaberosmaniye.com%2Fhttpdocs%2Fpublic%2Fimages%2Ftn%2Fuploads%2Fbackup%2F%2FG084Tk9U35rG9r.jpg&loknya=%2Fvar%2Fwww%2Fvhosts%2Fhaberosmaniye.com%2Fhttpdocs%2Fpublic%2Fimages%2Ftn%2Fuploads%2Fbackup%2F HTTP/1.1" 200 45656 "-" "Mozilla/5.0 AppleWebKit/537.36 (KHTML, like Gecko; compatible; ClaudeBot/1.0; +claudebot@anthropic.com)"
162.159.115.25 - - [17/Jun/2026:03:50:05 +0300] "GET /images/galeriresim/2026/06/1781576396194.php?lokasie=%2Fvar%2Fwww%2Fvhosts%2Fhaberosmaniye.com%2Fhttpdocs%2Fpublic%2Fimages%2Ftn%2Fuploads%2Fbackup%2F%2F36kUr731T7rG9G.jpg&loknya=%2Fvar%2Fwww%2Fvhosts%2Fhaberosmaniye.com%2Fhttpdocs%2Fpublic%2Fimages%2Ftn%2Fuploads%2Fbackup%2F HTTP/1.1" 200 45656 "-" "Mozilla/5.0 AppleWebKit/537.36 (KHTML, like Gecko; compatible; ClaudeBot/1.0; +claudebot@anthropic.com)"
162.159.115.25 - - [17/Jun/2026:03:50:05 +0300] "GET /images/galeriresim/2026/06/1781576396194.php?lokasie=%2Fvar%2Fwww%2Fvhosts%2Fhaberosmaniye.com%2Fhttpdocs%2Fpublic%2Fimages%2Ftn%2Fuploads%2Fbackup%2F%2F55TG3r5UGrk224.jpg&loknya=%2Fvar%2Fwww%2Fvhosts%2Fhaberosmaniye.com%2Fhttpdocs%2Fpublic%2Fimages%2Ftn%2Fuploads%2Fbackup%2F HTTP/1.1" 200 45655 "-" "Mozilla/5.0 AppleWebKit/537.36 (KHTML, like Gecko; compatible; ClaudeBot/1.0; +claudebot@anthropic.com)"
162.159.115.25 - - [17/Jun/2026:03:50:06 +0300] "GET /images/galeriresim/2026/06/1781576396194.php?lokasie=%2Fvar%2Fwww%2Fvhosts%2Fhaberosmaniye.com%2Fhttpdocs%2Fpublic%2Fimages%2Ftn%2Fuploads%2Fbackup%2F%2F991k99G9rGUrT3.jpg&loknya=%2Fvar%2Fwww%2Fvhosts%2Fhaberosmaniye.com%2Fhttpdocs%2Fpublic%2Fimages%2Ftn%2Fuploads%2Fbackup%2F HTTP/1.1" 200 45656 "-" "Mozilla/5.0 AppleWebKit/537.36 (KHTML, like Gecko; compatible; ClaudeBot/1.0; +claudebot@anthropic.com)"
104.22.105.52 - - [17/Jun/2026:03:50:06 +0300] "GET /haber/osmaniyede-ureten-ev-hanimlari-pazari-acildi-22797 HTTP/1.1" 200 122655 "-" "Mozilla/5.0 (compatible; Pinterestbot/1.0; +http://www.pinterest.com/bot.html)"
162.158.79.140 - - [17/Jun/2026:03:50:06 +0300] "GET /haber/adanada-otobuste-genc-kizi-taciz-ettigi-one-surulen-zanli-tutuklandi-12498 HTTP/1.1" 200 123257 "-" "Mozilla/5.0 (compatible; Pinterestbot/1.0; +http://www.pinterest.com/bot.html)"
162.159.115.25 - - [17/Jun/2026:03:50:07 +0300] "GET /images/galeriresim/2026/06/1781576396194.php?lokasie=%2Fvar%2Fwww%2Fvhosts%2Fhaberosmaniye.com%2Fhttpdocs%2Fpublic%2Fimages%2Ftn%2Fuploads%2Fbackup%2F%2FG0r2kT71G6r6U5.jpg&loknya=%2Fvar%2Fwww%2Fvhosts%2Fhaberosmaniye.com%2Fhttpdocs%2Fpublic%2Fimages%2Ftn%2Fuploads%2Fbackup%2F HTTP/1.1" 200 45656 "-" "Mozilla/5.0 AppleWebKit/537.36 (KHTML, like Gecko; compatible; ClaudeBot/1.0; +claudebot@anthropic.com)"
162.159.115.25 - - [17/Jun/2026:03:50:07 +0300] "GET /images/galeriresim/2026/06/1781576396194.php?lokasie=%2Fvar%2Fwww%2Fvhosts%2Fhaberosmaniye.com%2Fhttpdocs%2Fpublic%2Fimages%2Ftn%2Fuploads%2Fbackup%2F%2F34GkTr33r8U76G.jpg&loknya=%2Fvar%2Fwww%2Fvhosts%2Fhaberosmaniye.com%2Fhttpdocs%2Fpublic%2Fimages%2Ftn%2Fuploads%2Fbackup%2F HTTP/1.1" 200 45656 "-" "Mozilla/5.0 AppleWebKit/537.36 (KHTML, like Gecko; compatible; ClaudeBot/1.0; +claudebot@anthropic.com)"
172.70.248.49 - - [17/Jun/2026:03:50:07 +0300] "GET /rss/genel-0 HTTP/1.1" 200 274506 "-" "Rome Client (http://tinyurl.com/64t5n) Ver: UNKNOWN"
162.159.115.25 - - [17/Jun/2026:03:50:08 +0300] "GET /images/galeriresim/2026/06/1781576396194.php?lokasie=%2Fvar%2Fwww%2Fvhosts%2Fhaberosmaniye.com%2Fhttpdocs%2Fpublic%2Fimages%2Ftn%2Fuploads%2Fbackup%2F%2F2Gr285TG4k55rU.jpg&loknya=%2Fvar%2Fwww%2Fvhosts%2Fhaberosmaniye.com%2Fhttpdocs%2Fpublic%2Fimages%2Ftn%2Fuploads%2Fbackup%2F HTTP/1.1" 200 45656 "-" "Mozilla/5.0 AppleWebKit/537.36 (KHTML, like Gecko; compatible; ClaudeBot/1.0; +claudebot@anthropic.com)"
162.159.115.25 - - [17/Jun/2026:03:50:08 +0300] "GET /images/galeriresim/2026/06/1781576396194.php?lokasie=%2Fvar%2Fwww%2Fvhosts%2Fhaberosmaniye.com%2Fhttpdocs%2Fpublic%2Fimages%2Ftn%2Fuploads%2Fbackup%2F%2FrU1G160r1k3TG.jpg&loknya=%2Fvar%2Fwww%2Fvhosts%2Fhaberosmaniye.com%2Fhttpdocs%2Fpublic%2Fimages%2Ftn%2Fuploads%2Fbackup%2F HTTP/1.1" 200 45654 "-" "Mozilla/5.0 AppleWebKit/537.36 (KHTML, like Gecko; compatible; ClaudeBot/1.0; +claudebot@anthropic.com)"
162.159.115.25 - - [17/Jun/2026:03:50:09 +0300] "GET /images/galeriresim/2026/06/1781576396194.php?lokasie=%2Fvar%2Fwww%2Fvhosts%2Fhaberosmaniye.com%2Fhttpdocs%2Fpublic%2Fimages%2Ftn%2Fuploads%2Fbackup%2F%2F53U6r4Tk1G2r4G.jpg&loknya=%2Fvar%2Fwww%2Fvhosts%2Fhaberosmaniye.com%2Fhttpdocs%2Fpublic%2Fimages%2Ftn%2Fuploads%2Fbackup%2F HTTP/1.1" 200 45656 "-" "Mozilla/5.0 AppleWebKit/537.36 (KHTML, like Gecko; compatible; ClaudeBot/1.0; +claudebot@anthropic.com)"
172.68.174.116 - - [17/Jun/2026:03:50:08 +0300] "GET / HTTP/1.1" 200 121423 "-" "Mozilla/5.0 (X11; Ubuntu; Linux x86_64; rv:80.0) Gecko/20100101 Firefox/80.0"
162.159.115.25 - - [17/Jun/2026:03:50:09 +0300] "GET /images/galeriresim/2026/06/1781576396194.php?lokasie=%2Fvar%2Fwww%2Fvhosts%2Fhaberosmaniye.com%2Fhttpdocs%2Fpublic%2Fimages%2Ftn%2Fuploads%2Fbackup%2F%2F65G67G8k9U1rTr.jpg&loknya=%2Fvar%2Fwww%2Fvhosts%2Fhaberosmaniye.com%2Fhttpdocs%2Fpublic%2Fimages%2Ftn%2Fuploads%2Fbackup%2F HTTP/1.1" 200 45656 "-" "Mozilla/5.0 AppleWebKit/537.36 (KHTML, like Gecko; compatible; ClaudeBot/1.0; +claudebot@anthropic.com)"
162.159.115.25 - - [17/Jun/2026:03:50:10 +0300] "GET /images/galeriresim/2026/06/1781576396194.php?lokasie=%2Fvar%2Fwww%2Fvhosts%2Fhaberosmaniye.com%2Fhttpdocs%2Fpublic%2Fimages%2Ftn%2Fuploads%2Fbackup%2F%2F0r9Gk5G27Tr07U.jpg&loknya=%2Fvar%2Fwww%2Fvhosts%2Fhaberosmaniye.com%2Fhttpdocs%2Fpublic%2Fimages%2Ftn%2Fuploads%2Fbackup%2F HTTP/1.1" 200 45656 "-" "Mozilla/5.0 AppleWebKit/537.36 (KHTML, like Gecko; compatible; ClaudeBot/1.0; +claudebot@anthropic.com)"
162.159.115.25 - - [17/Jun/2026:03:50:10 +0300] "GET /images/galeriresim/2026/06/1781576396194.php?lokasie=%2Fvar%2Fwww%2Fvhosts%2Fhaberosmaniye.com%2Fhttpdocs%2Fpublic%2Fimages%2Ftn%2Fuploads%2Fbackup%2F%2FkrT3G0080r4GU8.jpg&loknya=%2Fvar%2Fwww%2Fvhosts%2Fhaberosmaniye.com%2Fhttpdocs%2Fpublic%2Fimages%2Ftn%2Fuploads%2Fbackup%2F HTTP/1.1" 200 45656 "-" "Mozilla/5.0 AppleWebKit/537.36 (KHTML, like Gecko; compatible; ClaudeBot/1.0; +claudebot@anthropic.com)"
162.159.115.25 - - [17/Jun/2026:03:50:11 +0300] "GET /images/galeriresim/2026/06/1781576396194.php?lokasie=%2Fvar%2Fwww%2Fvhosts%2Fhaberosmaniye.com%2Fhttpdocs%2Fpublic%2Fimages%2Ftn%2Fuploads%2Fbackup%2F%2FG41Gr4r9U488kT.jpg&loknya=%2Fvar%2Fwww%2Fvhosts%2Fhaberosmaniye.com%2Fhttpdocs%2Fpublic%2Fimages%2Ftn%2Fuploads%2Fbackup%2F HTTP/1.1" 200 45655 "-" "Mozilla/5.0 AppleWebKit/537.36 (KHTML, like Gecko; compatible; ClaudeBot/1.0; +claudebot@anthropic.com)"
162.159.115.25 - - [17/Jun/2026:03:50:11 +0300] "GET /images/galeriresim/2026/06/1781576396194.php?lokasie=%2Fvar%2Fwww%2Fvhosts%2Fhaberosmaniye.com%2Fhttpdocs%2Fpublic%2Fimages%2Ftn%2Fuploads%2Fbackup%2F%2F2r7GT705krU3G.jpg&loknya=%2Fvar%2Fwww%2Fvhosts%2Fhaberosmaniye.com%2Fhttpdocs%2Fpublic%2Fimages%2Ftn%2Fuploads%2Fbackup%2F HTTP/1.1" 200 45654 "-" "Mozilla/5.0 AppleWebKit/537.36 (KHTML, like Gecko; compatible; ClaudeBot/1.0; +claudebot@anthropic.com)"
162.159.115.25 - - [17/Jun/2026:03:50:12 +0300] "GET /images/galeriresim/2026/06/1781576396194.php?lokasie=%2Fvar%2Fwww%2Fvhosts%2Fhaberosmaniye.com%2Fhttpdocs%2Fpublic%2Fimages%2Ftn%2Fuploads%2Fbackup%2F%2F2TGrkUr4G36158.jpg&loknya=%2Fvar%2Fwww%2Fvhosts%2Fhaberosmaniye.com%2Fhttpdocs%2Fpublic%2Fimages%2Ftn%2Fuploads%2Fbackup%2F HTTP/1.1" 200 45656 "-" "Mozilla/5.0 AppleWebKit/537.36 (KHTML, like Gecko; compatible; ClaudeBot/1.0; +claudebot@anthropic.com)"
162.159.115.25 - - [17/Jun/2026:03:50:12 +0300] "GET /images/galeriresim/2026/06/1781576396194.php?lokasie=%2Fvar%2Fwww%2Fvhosts%2Fhaberosmaniye.com%2Fhttpdocs%2Fpublic%2Fimages%2Ftn%2Fuploads%2Fbackup%2F%2Fk1U61rG0TrG962.jpg&loknya=%2Fvar%2Fwww%2Fvhosts%2Fhaberosmaniye.com%2Fhttpdocs%2Fpublic%2Fimages%2Ftn%2Fuploads%2Fbackup%2F HTTP/1.1" 200 45656 "-" "Mozilla/5.0 AppleWebKit/537.36 (KHTML, like Gecko; compatible; ClaudeBot/1.0; +claudebot@anthropic.com)"
162.159.115.25 - - [17/Jun/2026:03:50:13 +0300] "GET /images/galeriresim/2026/06/1781576396194.php?lokasie=%2Fvar%2Fwww%2Fvhosts%2Fhaberosmaniye.com%2Fhttpdocs%2Fpublic%2Fimages%2Ftn%2Fuploads%2Fbackup%2F%2Fk55674G06rrUGT.jpg&loknya=%2Fvar%2Fwww%2Fvhosts%2Fhaberosmaniye.com%2Fhttpdocs%2Fpublic%2Fimages%2Ftn%2Fuploads%2Fbackup%2F HTTP/1.1" 200 45655 "-" "Mozilla/5.0 AppleWebKit/537.36 (KHTML, like Gecko; compatible; ClaudeBot/1.0; +claudebot@anthropic.com)"
172.71.126.90 - - [17/Jun/2026:03:50:13 +0300] "GET /haber/kocaelinin-aticilari-olimpiyat-kotasi-icin-mucadele-edecek-3664 HTTP/1.1" 500 3969 "-" "Mozilla/5.0 (compatible; IbouBot/1.0; +bot@ibou.io; +https://ibou.io/iboubot.html)"
162.159.115.25 - - [17/Jun/2026:03:50:13 +0300] "GET /images/galeriresim/2026/06/1781576396194.php?lokasie=%2Fvar%2Fwww%2Fvhosts%2Fhaberosmaniye.com%2Fhttpdocs%2Fpublic%2Fimages%2Ftn%2Fuploads%2Fbackup%2F%2F885U51TkGG52rr.jpg&loknya=%2Fvar%2Fwww%2Fvhosts%2Fhaberosmaniye.com%2Fhttpdocs%2Fpublic%2Fimages%2Ftn%2Fuploads%2Fbackup%2F HTTP/1.1" 200 45656 "-" "Mozilla/5.0 AppleWebKit/537.36 (KHTML, like Gecko; compatible; ClaudeBot/1.0; +claudebot@anthropic.com)"
172.71.167.75 - - [17/Jun/2026:03:50:13 +0300] "GET /seri-ilanlar HTTP/1.1" 200 54956 "-" "Mozilla/5.0 (Windows NT 10.0; Win64; x64) AppleWebKit/537.36 (KHTML, like Gecko) Chrome/146.0.0.0 Safari/537.36"
162.159.115.25 - - [17/Jun/2026:03:50:14 +0300] "GET /images/galeriresim/2026/06/1781576396194.php?lokasie=%2Fvar%2Fwww%2Fvhosts%2Fhaberosmaniye.com%2Fhttpdocs%2Fpublic%2Fimages%2Ftn%2Fuploads%2Fbackup%2F%2F363r4Tk33G0UGr.jpg&loknya=%2Fvar%2Fwww%2Fvhosts%2Fhaberosmaniye.com%2Fhttpdocs%2Fpublic%2Fimages%2Ftn%2Fuploads%2Fbackup%2F HTTP/1.1" 200 45656 "-" "Mozilla/5.0 AppleWebKit/537.36 (KHTML, like Gecko; compatible; ClaudeBot/1.0; +claudebot@anthropic.com)"
162.159.115.25 - - [17/Jun/2026:03:50:14 +0300] "GET /images/galeriresim/2026/06/1781576396194.php?lokasie=%2Fvar%2Fwww%2Fvhosts%2Fhaberosmaniye.com%2Fhttpdocs%2Fpublic%2Fimages%2Ftn%2Fuploads%2Fbackup%2F%2F3r8UT8Gk3G47r.jpg&loknya=%2Fvar%2Fwww%2Fvhosts%2Fhaberosmaniye.com%2Fhttpdocs%2Fpublic%2Fimages%2Ftn%2Fuploads%2Fbackup%2F HTTP/1.1" 200 45655 "-" "Mozilla/5.0 AppleWebKit/537.36 (KHTML, like Gecko; compatible; ClaudeBot/1.0; +claudebot@anthropic.com)"
162.159.115.25 - - [17/Jun/2026:03:50:15 +0300] "GET /images/galeriresim/2026/06/1781576396194.php?lokasie=%2Fvar%2Fwww%2Fvhosts%2Fhaberosmaniye.com%2Fhttpdocs%2Fpublic%2Fimages%2Ftn%2Fuploads%2Fbackup%2F%2F35GG60UTrr14k7.jpg&loknya=%2Fvar%2Fwww%2Fvhosts%2Fhaberosmaniye.com%2Fhttpdocs%2Fpublic%2Fimages%2Ftn%2Fuploads%2Fbackup%2F HTTP/1.1" 200 45655 "-" "Mozilla/5.0 AppleWebKit/537.36 (KHTML, like Gecko; compatible; ClaudeBot/1.0; +claudebot@anthropic.com)"
172.69.251.132 - - [17/Jun/2026:03:50:15 +0300] "GET / HTTP/1.1" 200 121438 "-" "axios/1.6.7"
162.159.115.25 - - [17/Jun/2026:03:50:16 +0300] "GET /images/galeriresim/2026/06/1781576396194.php?lokasie=%2Fvar%2Fwww%2Fvhosts%2Fhaberosmaniye.com%2Fhttpdocs%2Fpublic%2Fimages%2Ftn%2Fuploads%2Fbackup%2F%2F7GU1G3r168kTr.jpg&loknya=%2Fvar%2Fwww%2Fvhosts%2Fhaberosmaniye.com%2Fhttpdocs%2Fpublic%2Fimages%2Ftn%2Fuploads%2Fbackup%2F HTTP/1.1" 200 45655 "-" "Mozilla/5.0 AppleWebKit/537.36 (KHTML, like Gecko; compatible; ClaudeBot/1.0; +claudebot@anthropic.com)"
162.159.115.25 - - [17/Jun/2026:03:50:17 +0300] "GET /images/galeriresim/2026/06/1781576396194.php?lokasie=%2Fvar%2Fwww%2Fvhosts%2Fhaberosmaniye.com%2Fhttpdocs%2Fpublic%2Fimages%2Ftn%2Fuploads%2Fbackup%2F%2F4r3UTG30k3rG96.jpg&loknya=%2Fvar%2Fwww%2Fvhosts%2Fhaberosmaniye.com%2Fhttpdocs%2Fpublic%2Fimages%2Ftn%2Fuploads%2Fbackup%2F HTTP/1.1" 200 45655 "-" "Mozilla/5.0 AppleWebKit/537.36 (KHTML, like Gecko; compatible; ClaudeBot/1.0; +claudebot@anthropic.com)"
162.159.115.25 - - [17/Jun/2026:03:50:17 +0300] "GET /images/galeriresim/2026/06/1781576396194.php?lokasie=%2Fvar%2Fwww%2Fvhosts%2Fhaberosmaniye.com%2Fhttpdocs%2Fpublic%2Fimages%2Ftn%2Fuploads%2Fbackup%2F%2FGk30422GTr6U5r.jpg&loknya=%2Fvar%2Fwww%2Fvhosts%2Fhaberosmaniye.com%2Fhttpdocs%2Fpublic%2Fimages%2Ftn%2Fuploads%2Fbackup%2F HTTP/1.1" 200 45655 "-" "Mozilla/5.0 AppleWebKit/537.36 (KHTML, like Gecko; compatible; ClaudeBot/1.0; +claudebot@anthropic.com)"
162.159.115.25 - - [17/Jun/2026:03:50:18 +0300] "GET /images/galeriresim/2026/06/1781576396194.php?lokasie=%2Fvar%2Fwww%2Fvhosts%2Fhaberosmaniye.com%2Fhttpdocs%2Fpublic%2Fimages%2Ftn%2Fuploads%2Fbackup%2F%2F5842GTrr063GUk.jpg&loknya=%2Fvar%2Fwww%2Fvhosts%2Fhaberosmaniye.com%2Fhttpdocs%2Fpublic%2Fimages%2Ftn%2Fuploads%2Fbackup%2F HTTP/1.1" 200 45656 "-" "Mozilla/5.0 AppleWebKit/537.36 (KHTML, like Gecko; compatible; ClaudeBot/1.0; +claudebot@anthropic.com)"
162.159.115.25 - - [17/Jun/2026:03:50:18 +0300] "GET /images/galeriresim/2026/06/1781576396194.php?lokasie=%2Fvar%2Fwww%2Fvhosts%2Fhaberosmaniye.com%2Fhttpdocs%2Fpublic%2Fimages%2Ftn%2Fuploads%2Fbackup%2F%2F9r742rGkT7UG01.jpg&loknya=%2Fvar%2Fwww%2Fvhosts%2Fhaberosmaniye.com%2Fhttpdocs%2Fpublic%2Fimages%2Ftn%2Fuploads%2Fbackup%2F HTTP/1.1" 200 45656 "-" "Mozilla/5.0 AppleWebKit/537.36 (KHTML, like Gecko; compatible; ClaudeBot/1.0; +claudebot@anthropic.com)"
104.23.209.202 - - [17/Jun/2026:03:50:19 +0300] "GET /haber/kebapci-ustasi-cocuklarina-ornek-oldu-9485 HTTP/1.1" 200 123471 "-" "Mozilla/5.0 (compatible; SemrushBot/7~bl; +http://www.semrush.com/bot.html)"
162.159.115.25 - - [17/Jun/2026:03:50:24 +0300] "GET /images/galeriresim/2026/06/1781576396194.php?lokasie=%2Fvar%2Fwww%2Fvhosts%2Fhaberosmaniye.com%2Fhttpdocs%2Fpublic%2Fimages%2Ftn%2Fuploads%2Fbackup%2F%2F7Uk6Tr01G1rG8.jpg&loknya=%2Fvar%2Fwww%2Fvhosts%2Fhaberosmaniye.com%2Fhttpdocs%2Fpublic%2Fimages%2Ftn%2Fuploads%2Fbackup%2F HTTP/1.1" 200 45655 "-" "Mozilla/5.0 AppleWebKit/537.36 (KHTML, like Gecko; compatible; ClaudeBot/1.0; +claudebot@anthropic.com)"
162.159.115.26 - - [17/Jun/2026:03:50:25 +0300] "GET /images/galeriresim/2026/06/1781576396194.php?lokasie=%2Fvar%2Fwww%2Fvhosts%2Fhaberosmaniye.com%2Fhttpdocs%2Fpublic%2Fimages%2Ftn%2Fuploads%2Fbackup%2F%2F3kTGr5Ur7471G4.jpg&loknya=%2Fvar%2Fwww%2Fvhosts%2Fhaberosmaniye.com%2Fhttpdocs%2Fpublic%2Fimages%2Ftn%2Fuploads%2Fbackup%2F HTTP/1.1" 200 45655 "-" "Mozilla/5.0 AppleWebKit/537.36 (KHTML, like Gecko; compatible; ClaudeBot/1.0; +claudebot@anthropic.com)"
172.71.167.75 - - [17/Jun/2026:03:50:24 +0300] "GET /makale/mehterin-uzun-yuruyusu-618 HTTP/1.1" 200 76091 "-" "Mozilla/5.0 (Macintosh; Intel Mac OS X 10.15; rv:149.0) Gecko/20100101 Firefox/149.0"
162.158.42.216 - - [17/Jun/2026:03:50:25 +0300] "GET /haber/kemerde-altyapi-calismasi-yapildi-16542 HTTP/1.1" 200 121099 "https://www.haberosmaniye.com/haber/osmaniyede-evinin-bahcesinde-hint-keneviri-yetistiren-supheli-yakalandi-16541" "Mozilla/5.0 (Macintosh; Intel Mac OS X 10_15_7) AppleWebKit/605.1.15 (KHTML, like Gecko) Version/17.4 Safari/605.1.15 (Applebot/0.1; +http://www.apple.com/go/applebot)"
162.159.115.25 - - [17/Jun/2026:03:50:25 +0300] "GET /images/galeriresim/2026/06/1781576396194.php?lokasie=%2Fvar%2Fwww%2Fvhosts%2Fhaberosmaniye.com%2Fhttpdocs%2Fpublic%2Fimages%2Ftn%2Fuploads%2Fbackup%2F%2FGk9Ur45rG472T1.jpg&loknya=%2Fvar%2Fwww%2Fvhosts%2Fhaberosmaniye.com%2Fhttpdocs%2Fpublic%2Fimages%2Ftn%2Fuploads%2Fbackup%2F HTTP/1.1" 200 45655 "-" "Mozilla/5.0 AppleWebKit/537.36 (KHTML, like Gecko; compatible; ClaudeBot/1.0; +claudebot@anthropic.com)"
162.159.115.26 - - [17/Jun/2026:03:50:26 +0300] "GET /images/galeriresim/2026/06/1781576396194.php?lokasie=%2Fvar%2Fwww%2Fvhosts%2Fhaberosmaniye.com%2Fhttpdocs%2Fpublic%2Fimages%2Ftn%2Fuploads%2Fbackup%2F%2FkrT30rU79G9G96.jpg&loknya=%2Fvar%2Fwww%2Fvhosts%2Fhaberosmaniye.com%2Fhttpdocs%2Fpublic%2Fimages%2Ftn%2Fuploads%2Fbackup%2F HTTP/1.1" 200 45656 "-" "Mozilla/5.0 AppleWebKit/537.36 (KHTML, like Gecko; compatible; ClaudeBot/1.0; +claudebot@anthropic.com)"
162.159.122.78 - - [17/Jun/2026:03:50:26 +0300] "POST /api/collect HTTP/1.1" 302 2805 "https://www.haberosmaniye.com/anketler/" "Mozilla/5.0 (Linux; Android 10; K) AppleWebKit/537.36 (KHTML, like Gecko) Chrome/143.0.0.0 Mobile Safari/537.36"
162.159.115.25 - - [17/Jun/2026:03:50:27 +0300] "GET /images/galeriresim/2026/06/1781576396194.php?lokasie=%2Fvar%2Fwww%2Fvhosts%2Fhaberosmaniye.com%2Fhttpdocs%2Fpublic%2Fimages%2Ftn%2Fuploads%2Fbackup%2F%2F7r3kT80UG906Gr.jpg&loknya=%2Fvar%2Fwww%2Fvhosts%2Fhaberosmaniye.com%2Fhttpdocs%2Fpublic%2Fimages%2Ftn%2Fuploads%2Fbackup%2F HTTP/1.1" 200 45656 "-" "Mozilla/5.0 AppleWebKit/537.36 (KHTML, like Gecko; compatible; ClaudeBot/1.0; +claudebot@anthropic.com)"
162.159.122.78 - - [17/Jun/2026:03:50:27 +0300] "GET /404 HTTP/1.1" 302 3419 "https://www.haberosmaniye.com/anketler/" "Mozilla/5.0 (Linux; Android 10; K) AppleWebKit/537.36 (KHTML, like Gecko) Chrome/143.0.0.0 Mobile Safari/537.36"
162.159.115.26 - - [17/Jun/2026:03:50:27 +0300] "GET /images/galeriresim/2026/06/1781576396194.php?lokasie=%2Fvar%2Fwww%2Fvhosts%2Fhaberosmaniye.com%2Fhttpdocs%2Fpublic%2Fimages%2Ftn%2Fuploads%2Fbackup%2F%2F08TG904r3UGk0r.jpg&loknya=%2Fvar%2Fwww%2Fvhosts%2Fhaberosmaniye.com%2Fhttpdocs%2Fpublic%2Fimages%2Ftn%2Fuploads%2Fbackup%2F HTTP/1.1" 200 45656 "-" "Mozilla/5.0 AppleWebKit/537.36 (KHTML, like Gecko; compatible; ClaudeBot/1.0; +claudebot@anthropic.com)"
162.159.122.78 - - [17/Jun/2026:03:50:27 +0300] "GET / HTTP/1.1" 200 121400 "https://www.haberosmaniye.com/anketler/" "Mozilla/5.0 (Linux; Android 10; K) AppleWebKit/537.36 (KHTML, like Gecko) Chrome/143.0.0.0 Mobile Safari/537.36"
162.159.115.25 - - [17/Jun/2026:03:50:28 +0300] "GET /images/galeriresim/2026/06/1781576396194.php?lokasie=%2Fvar%2Fwww%2Fvhosts%2Fhaberosmaniye.com%2Fhttpdocs%2Fpublic%2Fimages%2Ftn%2Fuploads%2Fbackup%2F%2FG338G4UrT32k8r.jpg&loknya=%2Fvar%2Fwww%2Fvhosts%2Fhaberosmaniye.com%2Fhttpdocs%2Fpublic%2Fimages%2Ftn%2Fuploads%2Fbackup%2F HTTP/1.1" 200 45655 "-" "Mozilla/5.0 AppleWebKit/537.36 (KHTML, like Gecko; compatible; ClaudeBot/1.0; +claudebot@anthropic.com)"
162.159.115.26 - - [17/Jun/2026:03:50:28 +0300] "GET /images/galeriresim/2026/06/1781576396194.php?lokasie=%2Fvar%2Fwww%2Fvhosts%2Fhaberosmaniye.com%2Fhttpdocs%2Fpublic%2Fimages%2Ftn%2Fuploads%2Fbackup%2F%2FU69T1G2G0k4rr3.jpg&loknya=%2Fvar%2Fwww%2Fvhosts%2Fhaberosmaniye.com%2Fhttpdocs%2Fpublic%2Fimages%2Ftn%2Fuploads%2Fbackup%2F HTTP/1.1" 200 45655 "-" "Mozilla/5.0 AppleWebKit/537.36 (KHTML, like Gecko; compatible; ClaudeBot/1.0; +claudebot@anthropic.com)"
104.23.211.202 - - [17/Jun/2026:03:50:28 +0300] "GET /haber/denizlinin-90uncu-yil-gururu-1287 HTTP/1.1" 500 3977 "-" "meta-externalagent/1.1 (+https://developers.facebook.com/docs/sharing/webmasters/crawler)"
141.101.76.72 - - [17/Jun/2026:03:50:28 +0300] "GET /editorler/newstanitim-11?page=3 HTTP/1.1" 200 83607 "-" "Mozilla/5.0 (compatible; Baiduspider/2.0; +http://www.baidu.com/search/spider.html)"
162.159.115.25 - - [17/Jun/2026:03:50:29 +0300] "GET /images/galeriresim/2026/06/1781576396194.php?lokasie=%2Fvar%2Fwww%2Fvhosts%2Fhaberosmaniye.com%2Fhttpdocs%2Fpublic%2Fimages%2Ftn%2Fuploads%2Fbackup%2F%2Fr02k5G1GrTU769.jpg&loknya=%2Fvar%2Fwww%2Fvhosts%2Fhaberosmaniye.com%2Fhttpdocs%2Fpublic%2Fimages%2Ftn%2Fuploads%2Fbackup%2F HTTP/1.1" 200 45655 "-" "Mozilla/5.0 AppleWebKit/537.36 (KHTML, like Gecko; compatible; ClaudeBot/1.0; +claudebot@anthropic.com)"
162.159.115.26 - - [17/Jun/2026:03:50:29 +0300] "GET /images/galeriresim/2026/06/1781576396194.php?lokasie=%2Fvar%2Fwww%2Fvhosts%2Fhaberosmaniye.com%2Fhttpdocs%2Fpublic%2Fimages%2Ftn%2Fuploads%2Fbackup%2F%2F8kr88U6G3T27Gr.jpg&loknya=%2Fvar%2Fwww%2Fvhosts%2Fhaberosmaniye.com%2Fhttpdocs%2Fpublic%2Fimages%2Ftn%2Fuploads%2Fbackup%2F HTTP/1.1" 200 45655 "-" "Mozilla/5.0 AppleWebKit/537.36 (KHTML, like Gecko; compatible; ClaudeBot/1.0; +claudebot@anthropic.com)"
